201.8.107.93 - - [19/Aug/2025:23:06:02 +0000] "GET /?channel=5421d8&from=pin.php?id%3D182856-2281%26name%3D%E3%83%8E%E3%83%BC%E3%82%B9%E3%83%95%E3%82%A7%E3%82%A4%E3%82%B9RECCO%E3%82%B7%E3%82%B9%E3%83%86%E3%83%A0%E3%83%80%E3%82%A6%E3%83%B3%E3%82%B8%E3%83%A3%E3%82%B1%E3%83%83%E3%83%88600+%E7%A8%8B%E5%BA%A6%E8%89%AF%E3%80%80L&g=9098218285605 HTTP/1.1" 200 22735 "-" "Mozilla/5.0 (iPhone; CPU iPhone OS 17_3 like Mac OS X) AppleWebKit/605.1.15 (KHTML, like Gecko) AvastSecureBrowser/5.3.1 Mobile/15E148 Version/17.0 Safari/605.1.15"
114.119.130.154 - - [19/Aug/2025:23:06:46 +0000] "GET /?g=79679151807300&channel=d7a262&from=article.php?id%3D1518073-7769%26name%3D%E3%80%90%E4%B8%AD%E5%8F%A4%E3%80%91%2B%E3%83%A8%E3%83%8D%E3%83%83%E3%82%AF%E3%82%B9%2BEZONE%2BRoyal%2BExtra%2BSpec%2B10.5%C2%B0%2B%E3%83%89%E3%83%A9%E3%82%A4%E3%83%90%E3%83%BC%2BDR%2BRoyal%2BEZONE%2BExtra%2BSpec%2B(%E3%83%95%E3%83%AC%E3%83%83%E3%82%AF%E3%82%B9R)%2B%E3%83%A1%E3%83%B3%E3%82%BA%2B%E7%94%B7%E6%80%A7%E7%94%A8%2B%E5%8F%B3%E5%88%A9%E3%81%8D%2B%E5%8F%B3%E7%94%A8%2BC%E3%83%A9%E3%83%B3%E3%82%AF%2B%E3%82%B4%E3%83%AB%E3%83%95%E3%82%AF%E3%83%A9%E3%83%96 HTTP/1.1" 200 22735 "https://ugotechnologies.com/sitemap.xml" "Mozilla/5.0 (Linux; Android 7.0;) AppleWebKit/537.36 (KHTML, like Gecko) Mobile Safari/537.36 (compatible; PetalBot;+https://webmaster.petalsearch.com/site/petalbot)"
114.119.157.43 - - [19/Aug/2025:23:08:11 +0000] "GET /?g=792891785500&channel=c075e1&from=news.php?id%3D17855-2419%26name%3DVELVA/SPORT2%2BIS%2B30%E7%B3%BB%2B%E3%82%A2%E3%83%AB%E3%83%9F%E3%83%9B%E3%82%A4%E3%83%BC%E3%83%AB4%E6%9C%AC%E3%82%BB%E3%83%83%E3%83%88%E3%80%9016%C3%976.5J5-114.3%2BINSET40%2B%E3%83%87%E3%82%A3%E3%83%BC%E3%83%97%E3%83%A1%E3%82%BF%E3%83%AB2%E3%80%910039160%C3%974 HTTP/1.1" 200 22735 "https://ugotechnologies.com/sitemap.xml" "Mozilla/5.0 (Linux; Android 7.0;) AppleWebKit/537.36 (KHTML, like Gecko) Mobile Safari/537.36 (compatible; PetalBot;+https://webmaster.petalsearch.com/site/petalbot)"
114.119.143.233 - - [19/Aug/2025:23:09:35 +0000] "GET /?g=792313499406&channel=72cad8&from=jp.php?id%3D34994-2928%26name%3D215/65R16%2B102H%2BXL%2B%E3%83%80%E3%83%B3%E3%83%AD%E3%83%83%E3%83%97%2B%E3%82%B7%E3%83%B3%E3%82%AF%E3%83%AD%E3%82%A6%E3%82%A7%E3%82%B6%E3%83%BC%2B%E3%82%A8%E3%83%A0%E3%82%A2%E3%82%A4%E3%83%87%E3%82%A3%E3%83%BC%2B%E3%82%AC%E3%83%AB%E3%82%B7%E3%82%A2%2B%E3%83%80%E3%83%A9%E3%82%B96%2B%E3%83%9D%E3%83%AA%E3%83%83%E3%82%B7%E3%83%A5/%E3%83%A9%E3%82%A4%E3%83%B3%E3%82%B0%E3%83%AC%E3%83%BC%2B16-7J%2B%E5%9B%BD%E7%94%A3%E8%BB%8A%E7%94%A8%2B%E3%82%AA%E3%83%BC%E3%83%AB%E3%82%B7%E3%83%BC%E3%82%BA%E3%83%B3%E3%82%BF%E3%82%A4%E3%83%A4%E3%83%9B%E3%82%A4%E3%83%BC%E3%83%AB4%E6%9C%AC%E3%82%BB%E3%83%83%E3%83%88 HTTP/1.1" 200 22735 "https://ugotechnologies.com/sitemap.xml" "Mozilla/5.0 (Linux; Android 7.0;) AppleWebKit/537.36 (KHTML, like Gecko) Mobile Safari/537.36 (compatible; PetalBot;+https://webmaster.petalsearch.com/site/petalbot)"
114.119.153.152 - - [19/Aug/2025:23:10:57 +0000] "GET /?g=79223194049900&channel=5a780b&from=shop.php?id%3D1940499-1577%26name%3DSafarispot%2B1%2B%EF%BC%8F%2B2%2B%E3%83%95%E3%83%BC%E3%83%89%E4%BB%98%E3%81%8DT%E3%82%B7%E3%83%A3%E3%83%84%2B%E6%B0%B4%E8%89%B2%2Bsize HTTP/1.1" 200 22735 "https://ugotechnologies.com/sitemap.xml" "Mozilla/5.0 (Linux; Android 7.0;) AppleWebKit/537.36 (KHTML, like Gecko) Mobile Safari/537.36 (compatible; PetalBot;+https://webmaster.petalsearch.com/site/petalbot)"
114.119.157.43 - - [19/Aug/2025:23:12:21 +0000] "GET /?g=79219180336305&channel=436b8d&from=brands.php?id%3D1803363-1555%26name%3D%E3%83%AB%E3%82%A4%E3%83%B4%E3%82%A3%E3%83%88%E3%83%B3%2B%E3%83%9D%E3%83%BC%E3%83%81 HTTP/1.1" 200 22735 "https://ugotechnologies.com/sitemap.xml" "Mozilla/5.0 (Linux; Android 7.0;) AppleWebKit/537.36 (KHTML, like Gecko) Mobile Safari/537.36 (compatible; PetalBot;+https://webmaster.petalsearch.com/site/petalbot)"
114.119.136.30 - - [19/Aug/2025:23:13:45 +0000] "GET /?g=7918812643801&channel=063b22&from=info.php?id%3D126438-1088%26name%3D%E3%83%80%E3%82%B5%E3%82%A4%E3%82%82%E3%81%A1%2BLB%C3%97DASAI%2BMOCHI%2BHelmet%2BER34 HTTP/1.1" 200 22735 "https://ugotechnologies.com/sitemap.xml" "Mozilla/5.0 (Linux; Android 7.0;) AppleWebKit/537.36 (KHTML, like Gecko) Mobile Safari/537.36 (compatible; PetalBot;+https://webmaster.petalsearch.com/site/petalbot)"
114.119.136.30 - - [19/Aug/2025:23:15:08 +0000] "GET /?g=7910939683700&channel=381ee7&from=product.php?id%3D396837-8566%26name%3D%E3%81%A8%E3%81%A8%E3%81%AE%E3%81%86%E3%81%BF%E3%81%99%E3%81%A8%2B%2B%E3%81%BE%E3%81%A8%E3%82%81%E5%A3%B2%E3%82%8A%EF%BC%81%EF%BC%81 HTTP/1.1" 200 22735 "https://ugotechnologies.com/sitemap.xml" "Mozilla/5.0 (Linux; Android 7.0;) AppleWebKit/537.36 (KHTML, like Gecko) Mobile Safari/537.36 (compatible; PetalBot;+https://webmaster.petalsearch.com/site/petalbot)"
114.119.151.93 - - [19/Aug/2025:23:16:31 +0000] "GET /?g=7902089601702&channel=3f9ff8&from=category-info.php?id%3D896017-11833%26name%3DPP%E6%9F%84%E4%B8%8A%E6%95%B7%2B%E3%83%AB%E3%82%A4%E3%82%B9%2BGR%2B%E6%B1%9F%E6%88%B8%E9%96%938%E5%B8%96%2B81961980 HTTP/1.1" 200 22735 "https://ugotechnologies.com/sitemap.xml" "Mozilla/5.0 (Linux; Android 7.0;) AppleWebKit/537.36 (KHTML, like Gecko) Mobile Safari/537.36 (compatible; PetalBot;+https://webmaster.petalsearch.com/site/petalbot)"
114.119.150.86 - - [19/Aug/2025:23:17:57 +0000] "GET /?g=78878168040701&channel=dc83fd&from=shop.php?id%3D1680407-12134%26name%3D%E3%82%AA%E3%83%AB%E3%82%BF%E3%83%8D%E3%83%BC%E3%82%BF%E3%83%BC%2B%E3%83%80%E3%82%A4%E3%83%8A%E3%83%A2%2B%E3%83%AA%E3%83%93%E3%83%AB%E3%83%88%2B%E3%82%AA%E3%83%BC%E3%83%91%2BZCT15%2B27060-22150%2B%E4%BF%9D%E8%A8%BC%EF%BC%92%E5%B9%B4 HTTP/1.1" 200 22735 "https://ugotechnologies.com/sitemap.xml" "Mozilla/5.0 (Linux; Android 7.0;) AppleWebKit/537.36 (KHTML, like Gecko) Mobile Safari/537.36 (compatible; PetalBot;+https://webmaster.petalsearch.com/site/petalbot)"
114.119.157.43 - - [19/Aug/2025:23:19:19 +0000] "GET /?g=7880640024501&channel=3ba579&from=shop.php?id%3D400245-5225%26name%3D%E3%83%AC%E3%82%AA%E3%83%8B%E3%82%B9RT%2B%E3%83%8F%E3%83%AA%E3%82%A2%E3%83%BC%2B60%E7%B3%BB%2B20%E3%82%A4%E3%83%B3%E3%83%81%2B%E3%82%A2%E3%83%AB%E3%83%9F%E3%83%9B%E3%82%A4%E3%83%BC%E3%83%AB%2B1%E6%9C%AC%2B%E3%83%96%E3%83%A9%E3%83%83%E3%82%AF%E3%83%A1%E3%82%BF%E3%83%AB%E3%82%B3%E3%83%BC%E3%83%88/%E3%83%9F%E3%83%A9%E3%83%BC%E3%82%AB%E3%83%83%E3%83%88%2B0041205%2BWEDS%2BLEONIS%2BRT HTTP/1.1" 200 22735 "https://ugotechnologies.com/sitemap.xml" "Mozilla/5.0 (Linux; Android 7.0;) AppleWebKit/537.36 (KHTML, like Gecko) Mobile Safari/537.36 (compatible; PetalBot;+https://webmaster.petalsearch.com/site/petalbot)"
114.119.153.152 - - [19/Aug/2025:23:20:43 +0000] "GET /?g=78787183545204&channel=d7a262&from=product.php?id%3D1835452-7769%26name%3D%E3%82%AB%E3%82%B9%E3%82%BF%E3%83%A0%E3%82%AF%E3%83%A9%E3%83%96%2B%E3%82%B8%E3%82%B2%E3%83%B3%2B%E3%82%A4%E3%83%BC%E3%83%AB%E3%83%BC%E3%82%AF2%2B%E3%83%89%E3%83%A9%E3%82%A4%E3%83%90%E3%83%BC%2B%E3%83%A0%E3%82%B8%E3%83%BC%E3%82%AF%2B%E3%83%89%E3%82%AC%E3%83%83%E3%83%86%E3%82%A3%E3%82%B8%E3%82%A7%E3%83%8D%E3%83%AC%E3%83%BC%E3%82%B7%E3%83%A7%E3%83%B3%2B%E3%83%99%E3%83%AA%E3%83%AB%3Cbr%3EJIGEN%2BeRook2%2BDriver%2Bmuziik%2BDOGATTI%2BGENERATION%2BBeryl HTTP/1.1" 200 22735 "https://ugotechnologies.com/sitemap.xml" "Mozilla/5.0 (Linux; Android 7.0;) AppleWebKit/537.36 (KHTML, like Gecko) Mobile Safari/537.36 (compatible; PetalBot;+https://webmaster.petalsearch.com/site/petalbot)"
114.119.141.178 - - [19/Aug/2025:23:22:06 +0000] "GET /?g=78777128665001&channel=115014&from=shop.php?id%3D1286650-14057%26name%3D%E3%82%B8%E3%82%A7%E3%83%83%E3%82%AF%E3%82%B9%2B%EF%BC%A1%EF%BC%B1%EF%BC%B5%EF%BC%A1%EF%BC%8D%EF%BC%B5(%E3%82%A2%E3%82%AF%E3%82%A2%E3%83%A6%E3%83%BC)%2B%E3%83%96%E3%83%A9%E3%83%83%E3%82%AF HTTP/1.1" 200 22735 "https://ugotechnologies.com/sitemap.xml" "Mozilla/5.0 (Linux; Android 7.0;) AppleWebKit/537.36 (KHTML, like Gecko) Mobile Safari/537.36 (compatible; PetalBot;+https://webmaster.petalsearch.com/site/petalbot)"
114.119.151.93 - - [19/Aug/2025:23:23:30 +0000] "GET /?g=78748772805&channel=3a13d0&from=article.php?id%3D7728-568%26name%3DNIKE%2B%E3%83%8A%E3%82%A4%E3%82%AD%2B%E3%83%95%E3%83%AC%E3%82%A2%E3%83%8A%E3%82%A4%E3%83%AD%E3%83%B3%E3%83%91%E3%83%B3%E3%83%84%2B%E6%9F%B4%E7%94%B0%E3%81%B2%E3%81%8B%E3%82%8A%2By2k%2B%E3%83%86%E3%83%83%E3%82%AF HTTP/1.1" 200 22735 "https://ugotechnologies.com/sitemap.xml" "Mozilla/5.0 (Linux; Android 7.0;) AppleWebKit/537.36 (KHTML, like Gecko) Mobile Safari/537.36 (compatible; PetalBot;+https://webmaster.petalsearch.com/site/petalbot)"
114.119.157.43 - - [19/Aug/2025:23:24:55 +0000] "GET /?g=7873183476207&channel=501f05&from=goods.php?id%3D834762-296%26name%3D%E2%98%85%E4%BA%8B%E5%89%8D%E5%95%8F%E5%90%88%E3%81%9B%E5%BF%85%E9%A0%88%E2%98%85%2BAD%2BCORE%2B%E3%82%A8%E3%83%BC%E3%83%87%E3%82%A3%2B%E3%82%B3%E3%82%A2%2BCENTRO%2B%E3%82%BB%E3%83%B3%E3%83%88%E3%83%AD%2BAD-872B-150%2B%E3%83%80%E3%82%A4%E3%83%8B%E3%83%B3%E3%82%B0%E3%83%86%E3%83%BC%E3%83%96%E3%83%AB%2B%E4%B8%AD%E5%8F%A4%2B%E7%BE%8E%E5%93%81%2B%E3%82%AC%E3%83%A9%E3%82%B9%E3%83%86%E3%83%BC%E3%83%96%E3%83%AB%2B%E3%82%AC%E3%83%A9%E3%82%B9%E5%A4%A9%E6%9D%BF%2B%E9%A3%9F%E5%8D%93%2B4%E4%BA%BA%E6%8E%9B%E3%81%91%2B%E3%83%AA%E3%83%9A%E3%82%A2%2B%E7%99%BA%E9%80%81%E3%81%BE%E3%81%A73%E9%80%B1%E9%96%93%E5%89%8D%E5%BE%8C%2BR-082302 HTTP/1.1" 200 22735 "https://ugotechnologies.com/sitemap.xml" "Mozilla/5.0 (Linux; Android 7.0;) AppleWebKit/537.36 (KHTML, like Gecko) Mobile Safari/537.36 (compatible; PetalBot;+https://webmaster.petalsearch.com/site/petalbot)"
66.249.79.199 - - [19/Aug/2025:23:25:54 +0000] "GET /?g=62459119716902&channel=52ce27&from=info.php%3Fid%3D1197169-481%26name%3D%E3%82%B3%E3%82%AF%E3%83%A8%E3%80%80%E4%BA%8B%E5%8B%99%E7%94%A8%E3%83%87%E3%82%B9%E3%82%AFSN%E5%9E%8B%E3%80%80%E3%83%87%E3%82%B9%E3%82%AF%E7%94%A8%E8%A3%9C%E5%8A%A9%E6%A3%9A%E3%80%80%EF%BC%A61%E8%89%B2%E3%80%80%E5%B9%85500%C3%97%E5%A5%A5%E8%A1%8C%E3%81%8D300%C3%97%E9%AB%98%E3%81%95615mm%E3%80%90SDA-210CF1%E3%80%91 HTTP/1.1" 200 245157 "-" "Mozilla/5.0 (compatible; Googlebot/2.1; +http://www.google.com/bot.html)"
114.119.136.30 - - [19/Aug/2025:23:26:17 +0000] "GET /?g=7861110918001&channel=0303a0&from=category-info.php?id%3D109180-374%26name%3DLUZeSOMBRA%2BSTRIPE%2BFULL%2BZIP%2BMESH%2BPISTE%2B%E4%B8%8A%E4%B8%8B HTTP/1.1" 200 22735 "https://ugotechnologies.com/sitemap.xml" "Mozilla/5.0 (Linux; Android 7.0;) AppleWebKit/537.36 (KHTML, like Gecko) Mobile Safari/537.36 (compatible; PetalBot;+https://webmaster.petalsearch.com/site/petalbot)"
66.249.79.199 - - [19/Aug/2025:23:26:38 +0000] "GET /?g=77102177325702&channel=ccd425&from=category-info.php%3Fid%3D1773257-613%26name%3D%E9%96%A2%E3%81%AE%E5%88%83%E7%89%A9+%E5%87%BA%E5%88%83%E5%8C%85%E4%B8%81+16.5cm+%28165mm%29+%E5%AF%8C%E5%A3%AB%E8%A7%80+%E3%82%B9%E3%83%86%E3%83%B3%E3%83%AC%E3%82%B9%E8%A4%87%E5%90%88%E6%9D%90+%28SK5+%E8%BB%9F%E9%89%84%29+%E6%9C%B4%E3%81%AE%E6%9C%A8%E3%83%8F%E3%83%B3%E3%83%89%E3%83%AB+%E9%AD%9A%E3%82%84%E9%B3%A5+%E3%82%B9%E3%83%83%E3%83%9D%E3%83%B3%E7%AD%89%E3%82%92%E8%A7%A3%E4%BD%93+%E4%BD%BF%E7%94%A8%E4%B8%AD%E3%81%AB%E5%8A%9B%E3%82%92%E5%85%A5%E3%82%8C%E3%81%A6%E3%82%82%E5%88%83%E5%85%88%E3%81%8C%E3%81%97%E3%81%AA%E3%81%A3%E3%81%9F%E3%82%8A%E6%9B%B2%E3%81%8C%E3%82%89%E3%81%9A%E3%81%AB%E4%BD%BF%E3%81%88%E3%82%8B%E5%88%83%E3%81%8C%E5%8E%9A%E3%81%8F%E9%87%8D%E3%81%84%E7%89%87%E5%88%83%E5%8C%85%E4%B8%81+%E5%8F%B3%E5%88%A9%E3%81%8D%E7%94%A8+%E5%9B%BD%E7%94%A3%E6%97%A5%E6%9C%AC%E8%A3%BD HTTP/1.1" 200 247513 "-" "Mozilla/5.0 (compatible; Googlebot/2.1; +http://www.google.com/bot.html)"
114.119.136.30 - - [19/Aug/2025:23:27:43 +0000] "GET /?g=7838957381506&channel=55393a&from=info.php?id%3D573815-1447%26name%3D%E3%83%9E%E3%82%A4%E3%82%AF%E3%83%AD%E3%83%95%E3%82%A1%E3%82%A4%E3%82%A2%E3%82%A6%E3%82%A9%E3%83%BC%E3%83%AB%E3%82%A2%E3%83%97%E3%83%A9%E3%82%A4%E3%82%A2%E3%83%B3%E3%82%B9%E3%80%81%E3%83%95%E3%82%A1%E3%82%A4%E3%82%A2%E3%82%A6%E3%82%A9%E3%83%BC%E3%83%AB%E3%83%9F%E3%83%8BPC%2BN100(%E6%9C%80%E5%A4%A73.4GHz)%E3%80%81%E3%83%9F%E3%83%8B%E3%83%87%E3%82%B9%E3%82%AF%E3%83%88%E3%83%83%E3%83%97%E3%82%B3%E3%83%B3%E3%83%94%E3%83%A5%E3%83%BC%E3%82%BF%E3%82%AF%E3%82%A2%E3%83%83%E3%83%89 HTTP/1.1" 200 22735 "https://ugotechnologies.com/sitemap.xml" "Mozilla/5.0 (Linux; Android 7.0;) AppleWebKit/537.36 (KHTML, like Gecko) Mobile Safari/537.36 (compatible; PetalBot;+https://webmaster.petalsearch.com/site/petalbot)"
66.249.79.200 - - [19/Aug/2025:23:27:59 +0000] "GET /?g=96212171247904&channel=c24da1&from=news.php%3Fid%3D1712479-27752%26name%3D%E3%82%B7%E3%83%A7%E3%83%BC%E3%83%AF+%E8%80%90%E5%88%87%E5%89%B5%E6%89%8B%E8%A2%8B+XC810+%E3%83%95%E3%82%A9%E3%83%AB%E3%83%86%E3%83%83%E3%82%AF%E3%82%B9%E3%83%8B%E3%83%88%E3%83%AA%E3%83%AB%E3%83%91%E3%83%BC%E3%83%A0%E6%89%8B%E8%A2%8B+L%E3%82%B5%E3%82%A4%E3%82%BA+%281%E5%8F%8C%29+%E5%93%81%E7%95%AA%EF%BC%9AXC810-L+%E4%BD%9C%E6%A5%AD%E6%89%8B%E8%A2%8B+%E8%80%90%E5%88%87%E5%89%B5%E6%89%8B%E8%A2%8B HTTP/1.1" 200 247261 "-" "Mozilla/5.0 (compatible; Googlebot/2.1; +http://www.google.com/bot.html)"
114.119.150.86 - - [19/Aug/2025:23:29:05 +0000] "GET /?g=78140114140504&channel=e155a9&from=form.php?id%3D1141405-597%26name%3DDX%E3%82%AA%E3%83%BC%E3%82%B8%E3%83%A3%E3%82%AB%E3%83%AA%E3%83%90%E3%83%BCZERO%2B%E3%82%AA%E3%82%AA%E3%82%AF%E3%83%AF%E3%82%AC%E3%82%BF%E3%82%AA%E3%83%BC%E3%82%B8%E3%83%A3%E3%83%BC%E3%80%80%E3%83%A9%E3%82%AF%E3%83%AC%E3%82%B9%E3%83%97%E3%83%AC%E3%83%9F%E3%82%A2%E3%83%A0%E3%83%90%E3%83%B3%E3%83%80%E3%82%A4 HTTP/1.1" 200 22735 "https://ugotechnologies.com/sitemap.xml" "Mozilla/5.0 (Linux; Android 7.0;) AppleWebKit/537.36 (KHTML, like Gecko) Mobile Safari/537.36 (compatible; PetalBot;+https://webmaster.petalsearch.com/site/petalbot)"
66.249.68.39 - - [19/Aug/2025:23:29:09 +0000] "GET /?g=9895651606606&channel=f5db4f&from=article.php%3Fid%3D516066-16%26name%3D%E3%80%90noir%E3%80%91%E3%83%A2%E3%83%81%E3%83%BC%E3%83%95%E3%81%8C%E5%A4%96%E3%81%9B%E3%82%8B2way%E3%83%91%E3%83%B3%E3%83%97%E3%82%B9 HTTP/1.1" 200 22735 "-" "Mozilla/5.0 (compatible; Googlebot/2.1; +http://www.google.com/bot.html)"
66.249.79.198 - - [19/Aug/2025:23:30:16 +0000] "GET /?g=5082887900505&channel=ef4a84&from=shop.php%3Fid%3D879005-483%26name%3D%E3%80%90%E9%80%81%E6%96%99%E7%84%A1%E6%96%99%E3%80%91+%E3%83%80%E3%82%A4%E3%83%8B%E3%83%B3%E3%82%B0%E3%83%86%E3%83%BC%E3%83%96%E3%83%AB%E3%82%BB%E3%83%83%E3%83%88+%E3%83%80%E3%82%A4%E3%83%8B%E3%83%B3%E3%82%B0%E3%82%BB%E3%83%83%E3%83%88+4%E4%BA%BA+4%E4%BA%BA%E6%8E%9B%E3%81%91+%E5%8C%97%E6%AC%A7+%E3%81%8A%E3%81%97%E3%82%83%E3%82%8C+%E3%83%80%E3%82%A4%E3%83%8B%E3%83%B3%E3%82%B0%E3%83%86%E3%83%BC%E3%83%96%E3%83%AB+%E5%B9%85140+cm+140cm+5%E7%82%B9%E3%82%BB%E3%83%83%E3%83%88+%E9%A3%9F%E5%8D%93%E3%83%86%E3%83%BC%E3%83%96%E3%83%AB%E3%82%BB%E3%83%83%E3%83%88+%E9%A3%9F%E5%8D%93%E3%83%86%E3%83%BC%E3%83%96%E3%83%AB+%E3%83%80%E3%82%A4%E3%83%8B%E3%83%B3%E3%82%B0+%E3%83%86%E3%83%BC%E3%83%96%E3%83%AB%E3%82%BB%E3%83%83%E3%83%88+%E3%83%99%E3%83%B3%E3%83%81 HTTP/1.1" 200 22735 "-" "Mozilla/5.0 (compatible; Googlebot/2.1; +http://www.google.com/bot.html)"
114.119.141.178 - - [19/Aug/2025:23:30:27 +0000] "GET /?g=78080103193203&channel=ecc2ce&from=brands.php?id%3D1031932-6868%26name%3DLASKEY%2B30H%2B%E3%83%81%E3%83%A5%E3%83%BC%E3%83%90%2B%E3%83%9E%E3%82%A6%E3%82%B9%E3%83%94%E3%83%BC%E3%82%B9 HTTP/1.1" 200 22735 "https://ugotechnologies.com/sitemap.xml" "Mozilla/5.0 (Linux; Android 7.0;) AppleWebKit/537.36 (KHTML, like Gecko) Mobile Safari/537.36 (compatible; PetalBot;+https://webmaster.petalsearch.com/site/petalbot)"
66.249.68.38 - - [19/Aug/2025:23:31:20 +0000] "GET /?g=6972170272405&channel=15b9ec&from=info.php%3Fid%3D702724-2751%26name%3D%E3%80%90%E4%B8%AD%E5%8F%A4%E3%80%91%E3%82%A6%E3%82%A4%E3%83%AB%E3%82%BD%E3%83%B3%E3%80%80Wilson%E3%80%80STAFF+MODEL+%E3%83%A6%E3%83%BC%E3%83%86%E3%82%A3%E3%83%AA%E3%83%86%E3%82%A3+KBS+TOUR+HYBRID+80%E3%80%80%3Cbr%3E%E3%80%9021%E3%80%91%3Cbr%3E%E3%82%B7%E3%83%A3%E3%83%95%E3%83%88%EF%BC%9AKBS+TOUR+HYBRID+80%3Cbr%3EC%E3%83%A9%E3%83%B3%E3%82%AF%E3%80%80%E3%83%95%E3%83%AC%E3%83%83%E3%82%AF%E3%82%B9S%E3%80%80%E7%94%B7%E6%80%A7%E7%94%A8+%E3%83%A1%E3%83%B3%E3%82%BA%E7%94%A8%E3%80%80%E5%8F%B3%E7%94%A8 HTTP/1.1" 200 22735 "-" "Mozilla/5.0 (compatible; Googlebot/2.1; +http://www.google.com/bot.html)"
114.119.157.43 - - [19/Aug/2025:23:31:51 +0000] "GET /?g=78023187843300&channel=e5e890&from=article.php?id%3D1878433-1195%26name%3D%E6%9C%80%E6%96%B0%E7%89%88%2B2018%E5%B9%B4%2B%E5%B9%B3%E6%88%9030%E5%B9%B4%2B2%E6%9C%88%2B%E3%83%A6%E3%83%BC%E3%82%AD%E3%83%A3%E3%83%B3%2B%E6%95%B4%E7%90%86%E5%8F%8E%E7%B4%8D%E3%82%A2%E3%83%89%E3%83%90%E3%82%A4%E3%82%B6%E3%83%BC1%E7%B4%9A2%E7%B4%9A HTTP/1.1" 200 22735 "https://ugotechnologies.com/sitemap.xml" "Mozilla/5.0 (Linux; Android 7.0;) AppleWebKit/537.36 (KHTML, like Gecko) Mobile Safari/537.36 (compatible; PetalBot;+https://webmaster.petalsearch.com/site/petalbot)"
66.249.68.38 - - [19/Aug/2025:23:31:53 +0000] "GET /?avnoknmyip555802 HTTP/1.1" 200 300127 "-" "Mozilla/5.0 (Linux; Android 6.0.1; Nexus 5X Build/MMB29P) AppleWebKit/537.36 (KHTML, like Gecko) Chrome/138.0.7204.183 Mobile Safari/537.36 (compatible; Googlebot/2.1; +http://www.google.com/bot.html)"
66.249.79.200 - - [19/Aug/2025:23:32:36 +0000] "GET /?g=22374181613500&channel=d38791&from=form.php%3Fid%3D1816135-8048%26name%3D%E6%9D%B1%E4%BA%AC%E7%A1%9D%E5%AD%90%E5%99%A8%E6%A2%B0+%E3%82%B7%E3%82%A7%E3%83%AB%E3%83%95++L760%C3%97L1830%C3%975+115-58-37-51+1%E7%82%B9%EF%BC%88%E6%9D%B1%E4%BA%AC%E7%A1%9D%E5%AD%90%E5%99%A8%E6%A2%B0+TGK+%E6%A3%9A%E6%9D%BF+BS760+536X758+115-58-30-81+1%E6%9E%9A+191-4271%EF%BC%88%E7%9B%B4%E9%80%81%E5%93%81%EF%BC%89+%E5%8F%8E%E7%B4%8D%E6%A3%9A%E3%83%BB%E5%8F%8E%E7%B4%8D%E3%83%A9%E3%83%83%E3%82%AF%EF%BC%88%E5%AE%9F%E9%A8%93%E7%94%A8%EF%BC%89%EF%BC%89 HTTP/1.1" 200 299273 "-" "Mozilla/5.0 (Linux; Android 6.0.1; Nexus 5X Build/MMB29P) AppleWebKit/537.36 (KHTML, like Gecko) Chrome/138.0.7204.183 Mobile Safari/537.36 (compatible; Googlebot/2.1; +http://www.google.com/bot.html)"
114.119.153.152 - - [19/Aug/2025:23:33:15 +0000] "GET /?g=78017139194401&channel=5141ad&from=form.php?id%3D1391944-12872%26name%3DCKD%2B%E9%9B%BB%E5%8B%95%E3%82%A2%E3%82%AF%E3%83%81%E3%83%A5%E3%82%A8%E3%83%BC%E3%82%BF%2B%E3%82%B9%E3%83%A9%E3%82%A4%E3%83%80%E3%82%BF%E3%82%A4%E3%83%97%2BEBS-05MR-200600BAN-CN00%2B1%E7%82%B9 HTTP/1.1" 200 22735 "https://ugotechnologies.com/sitemap.xml" "Mozilla/5.0 (Linux; Android 7.0;) AppleWebKit/537.36 (KHTML, like Gecko) Mobile Safari/537.36 (compatible; PetalBot;+https://webmaster.petalsearch.com/site/petalbot)"
66.249.79.198 - - [19/Aug/2025:23:33:18 +0000] "GET /?g=9214216027105&channel=febb6e&from=product.php%3Fid%3D160271-5654%26name%3DMotorama+1%2F24+Alfa+Brera+%E3%82%A2%E3%83%AB%E3%83%95%E3%82%A1+%E3%83%96%E3%83%AC%E3%83%A9+%E3%82%A2%E3%83%AB%E3%83%95%E3%82%A1%E3%83%AD%E3%83%A1%E3%82%AA+ROMEO+%E5%AE%8C%E6%88%90%E5%93%81+%E3%83%9F%E3%83%8B%E3%82%AB%E3%83%BC+%E3%83%A2%E3%83%87%E3%83%AB%E3%82%AB%E3%83%BC HTTP/1.1" 200 22735 "-" "Mozilla/5.0 (compatible; Googlebot/2.1; +http://www.google.com/bot.html)"
66.249.68.39 - - [19/Aug/2025:23:34:03 +0000] "GET /?g=72929155216315&channel=52bda3&from=jp.php%3Fid%3D1552163-2602%26name%3D%E3%80%90%E3%83%A1%E3%83%BC%E3%83%AB%E4%BE%BF%2830%29%E3%80%91+SUKENO+%E5%AF%8C%E5%B1%B1%E7%94%9F%E3%81%BE%E3%82%8C%E3%81%AE%E3%80%8C%E5%B1%A5%E3%81%8F%E3%81%8A%E5%AF%BF%E5%8F%B8%E3%80%8D+%E5%AF%BF%E5%8F%B8%E3%81%9D%E3%81%A3%E3%81%8F%E3%81%99+%E3%83%95%E3%83%AA%E3%83%BC%E3%82%B5%E3%82%A4%E3%82%BA+%E3%82%BD%E3%83%83%E3%82%AF%E3%82%B9+%E9%9D%B4%E4%B8%8B+%E3%83%AC%E3%83%87%E3%82%A3%E3%83%BC%E3%82%B9+%E3%83%A1%E3%83%B3%E3%82%BA+%E7%94%B7%E5%A5%B3%E5%85%BC%E7%94%A8+%E5%85%A88%E8%89%B2 HTTP/1.1" 200 22735 "-" "Mozilla/5.0 (Linux; Android 6.0.1; Nexus 5X Build/MMB29P) AppleWebKit/537.36 (KHTML, like Gecko) Chrome/138.0.7204.183 Mobile Safari/537.36 (compatible; Googlebot/2.1; +http://www.google.com/bot.html)"
114.119.151.93 - - [19/Aug/2025:23:34:39 +0000] "GET /?g=7785711679800&channel=18f5b2&from=news.php?id%3D116798-6144%26name%3DY-studio/%E3%83%AF%E3%82%A4%E3%82%B9%E3%82%BF%E3%82%B8%E3%82%AA%2B%E3%82%B0%E3%83%A9%E3%83%9E%E3%83%BC%E3%83%AD%E3%83%BC%E3%83%A9%E3%83%BC%E3%83%9C%E3%83%BC%E3%83%AB%2B%E3%83%9E%E3%83%AB%E3%82%B5%E3%83%A9%2BYS-STAT-55 HTTP/1.1" 200 22735 "https://ugotechnologies.com/sitemap.xml" "Mozilla/5.0 (Linux; Android 7.0;) AppleWebKit/537.36 (KHTML, like Gecko) Mobile Safari/537.36 (compatible; PetalBot;+https://webmaster.petalsearch.com/site/petalbot)"
66.249.79.199 - - [19/Aug/2025:23:34:50 +0000] "GET /?g=3158840597406&channel=a0bf16&from=pin.php%3Fid%3D405974-3110%26name%3D%E3%80%90%E5%9B%BD%E5%86%85%E6%AD%A3%E8%A6%8F%E5%93%81%E3%80%91+%E3%82%A8%E3%82%AF%E3%82%B9%E3%83%9A%E3%83%89+%E3%82%BF%E3%82%A4%E3%83%95%E3%83%BC%E3%83%B3+15+BACKPACKS+EXPED+Typhoon+15BACKPACKS HTTP/1.1" 200 22735 "-" "Mozilla/5.0 (Linux; Android 6.0.1; Nexus 5X Build/MMB29P) AppleWebKit/537.36 (KHTML, like Gecko) Chrome/138.0.7204.183 Mobile Safari/537.36 (compatible; Googlebot/2.1; +http://www.google.com/bot.html)"
66.249.79.199 - - [19/Aug/2025:23:35:36 +0000] "GET /?g=48122124911102&channel=fbdfdd&from=brands.php%3Fid%3D1249111-1165%26name%3D%E3%80%90gureito%E6%A7%98%E5%B0%82%E7%94%A8%E3%80%91%E3%82%B8%E3%83%A7%E3%83%B3%E3%82%B9%E3%83%88%E3%83%B3%E3%82%BA+%E3%82%AB%E3%82%B7%E3%83%9F%E3%82%A2+%E5%A4%A7%E5%88%A4+%E3%82%B9%E3%83%88%E3%83%BC%E3%83%AB+%E3%83%96%E3%83%A9%E3%83%83%E3%82%AF HTTP/1.1" 200 300329 "-" "Mozilla/5.0 (Linux; Android 6.0.1; Nexus 5X Build/MMB29P) AppleWebKit/537.36 (KHTML, like Gecko) Chrome/138.0.7204.183 Mobile Safari/537.36 (compatible; Googlebot/2.1; +http://www.google.com/bot.html)"
114.119.150.86 - - [19/Aug/2025:23:36:02 +0000] "GET /?g=7779468598003&channel=28e48a&from=product.php?id%3D685980-12141%26name%3D%E3%82%A8%E3%83%B3%E3%83%9A%E3%83%83%E3%82%AF%E3%82%B9%E6%B0%97%E8%B1%A1%E8%A8%88%2BBW-5221%2B%E3%82%A6%E3%82%A7%E3%82%B6%E3%83%BC%E3%83%91%E3%83%ABII%E6%B0%97%E8%B1%A1%E5%8F%B0%2BBW5221 HTTP/1.1" 200 22735 "https://ugotechnologies.com/sitemap.xml" "Mozilla/5.0 (Linux; Android 7.0;) AppleWebKit/537.36 (KHTML, like Gecko) Mobile Safari/537.36 (compatible; PetalBot;+https://webmaster.petalsearch.com/site/petalbot)"
45.61.95.113 - - [19/Aug/2025:23:36:03 +0000] "GET /?e=498771380 HTTP/1.1" 200 22735 "-" "Mozilla/5.0 (Windows NT 10.0; Win64; x64) AppleWebKit/537.36 (KHTML, like Gecko) Chrome/134.0.0.0 Safari/537.36 Edg/134.0.0.0"
66.249.68.37 - - [19/Aug/2025:23:36:20 +0000] "GET /?g=12821181435707&channel=920247&from=news.php%3Fid%3D1814357-12581%26name%3D%E6%96%B0%E5%93%81+%E3%83%97%E3%83%AC%E3%83%9F%E3%82%A2%E3%83%A0+%E3%82%B9%E3%83%86%E3%83%B3%E3%83%AC%E3%82%B9+%E3%82%B9%E3%83%BC%E3%83%97%E3%82%B8%E3%83%A3%E3%83%BC+1000ml+1200ml+24%E6%99%82%E9%96%93%E4%BF%9D%E6%B8%A9+%E4%BF%9D%E5%86%B748%E6%99%82%E9%96%93+%E7%9C%9F%E7%A9%BA%E6%96%AD%E7%86%B1%E6%8A%80%E8%A1%93+%E3%83%A9%E3%83%B3%E3%83%81+%E4%BB%8B%E8%AD%B7%E9%A3%9F+%E6%8C%81%E3%81%A1%E6%89%8B%E4%BB%98%E3%81%8D+%E6%B4%97%E3%81%84%E3%82%84%E3%81%99%E3%81%84%E8%A8%AD%E8%A8%88+kkk HTTP/1.1" 200 22735 "-" "Mozilla/5.0 (Linux; Android 6.0.1; Nexus 5X Build/MMB29P) AppleWebKit/537.36 (KHTML, like Gecko) Chrome/138.0.7204.183 Mobile Safari/537.36 (compatible; Googlebot/2.1; +http://www.google.com/bot.html)"
187.189.41.31 - - [19/Aug/2025:23:37:12 +0000] "GET /?g=5901839038404&channel=b14cd9&from=article.php%3Fid%3D390384-5764%26name%3DTOTO+%E6%B4%97%E9%9D%A2%E5%8F%B0+LU658D HTTP/1.1" 200 22735 "https://www.google.com/" "Mozilla/5.0 (iPhone; CPU iPhone OS 18_5 like Mac OS X) AppleWebKit/605.1.15 (KHTML, like Gecko) Version/18.5 Mobile/15E148 Safari/604.1"
187.189.41.31 - - [19/Aug/2025:23:37:12 +0000] "GET /?g=5901839038404&channel=b14cd9&from=article.php%3Fid%3D390384-5764%26name%3DTOTO+%E6%B4%97%E9%9D%A2%E5%8F%B0+LU658D HTTP/1.1" 200 8192 "https://www.google.com/" "Mozilla/5.0 (iPhone; CPU iPhone OS 18_5 like Mac OS X) AppleWebKit/605.1.15 (KHTML, like Gecko) Version/18.5 Mobile/15E148 Safari/604.1"
187.189.41.31 - - [19/Aug/2025:23:37:14 +0000] "GET /?g=5901839038404&channel=b14cd9&from=article.php%3Fid%3D390384-5764%26name%3DTOTO+%E6%B4%97%E9%9D%A2%E5%8F%B0+LU658D HTTP/1.1" 200 22735 "https://www.google.com/" "Mozilla/5.0 (iPhone; CPU iPhone OS 18_5 like Mac OS X) AppleWebKit/605.1.15 (KHTML, like Gecko) Version/18.5 Mobile/15E148 Safari/604.1"
187.189.41.31 - - [19/Aug/2025:23:37:16 +0000] "GET /css/animate.css HTTP/1.1" 200 73008 "https://ugotechnologies.com/?g=5901839038404&channel=b14cd9&from=article.php%3Fid%3D390384-5764%26name%3DTOTO+%E6%B4%97%E9%9D%A2%E5%8F%B0+LU658D" "Mozilla/5.0 (iPhone; CPU iPhone OS 18_5 like Mac OS X) AppleWebKit/605.1.15 (KHTML, like Gecko) Version/18.5 Mobile/15E148 Safari/604.1"
187.189.41.31 - - [19/Aug/2025:23:37:16 +0000] "GET /css/owl.carousel.min.css HTTP/1.1" 200 3630 "https://ugotechnologies.com/?g=5901839038404&channel=b14cd9&from=article.php%3Fid%3D390384-5764%26name%3DTOTO+%E6%B4%97%E9%9D%A2%E5%8F%B0+LU658D" "Mozilla/5.0 (iPhone; CPU iPhone OS 18_5 like Mac OS X) AppleWebKit/605.1.15 (KHTML, like Gecko) Version/18.5 Mobile/15E148 Safari/604.1"
187.189.41.31 - - [19/Aug/2025:23:37:17 +0000] "GET /css/owl.theme.default.min.css HTTP/1.1" 200 1055 "https://ugotechnologies.com/?g=5901839038404&channel=b14cd9&from=article.php%3Fid%3D390384-5764%26name%3DTOTO+%E6%B4%97%E9%9D%A2%E5%8F%B0+LU658D" "Mozilla/5.0 (iPhone; CPU iPhone OS 18_5 like Mac OS X) AppleWebKit/605.1.15 (KHTML, like Gecko) Version/18.5 Mobile/15E148 Safari/604.1"
187.189.41.31 - - [19/Aug/2025:23:37:17 +0000] "GET /css/themify-icons.css HTTP/1.1" 200 16519 "https://ugotechnologies.com/?g=5901839038404&channel=b14cd9&from=article.php%3Fid%3D390384-5764%26name%3DTOTO+%E6%B4%97%E9%9D%A2%E5%8F%B0+LU658D" "Mozilla/5.0 (iPhone; CPU iPhone OS 18_5 like Mac OS X) AppleWebKit/605.1.15 (KHTML, like Gecko) Version/18.5 Mobile/15E148 Safari/604.1"
187.189.41.31 - - [19/Aug/2025:23:37:17 +0000] "GET /css/icomoon.css HTTP/1.1" 200 25225 "https://ugotechnologies.com/?g=5901839038404&channel=b14cd9&from=article.php%3Fid%3D390384-5764%26name%3DTOTO+%E6%B4%97%E9%9D%A2%E5%8F%B0+LU658D" "Mozilla/5.0 (iPhone; CPU iPhone OS 18_5 like Mac OS X) AppleWebKit/605.1.15 (KHTML, like Gecko) Version/18.5 Mobile/15E148 Safari/604.1"
187.189.41.31 - - [19/Aug/2025:23:37:17 +0000] "GET /css/magnific-popup.css HTTP/1.1" 200 7781 "https://ugotechnologies.com/?g=5901839038404&channel=b14cd9&from=article.php%3Fid%3D390384-5764%26name%3DTOTO+%E6%B4%97%E9%9D%A2%E5%8F%B0+LU658D" "Mozilla/5.0 (iPhone; CPU iPhone OS 18_5 like Mac OS X) AppleWebKit/605.1.15 (KHTML, like Gecko) Version/18.5 Mobile/15E148 Safari/604.1"
187.189.41.31 - - [19/Aug/2025:23:37:17 +0000] "GET /css/flexslider.css HTTP/1.1" 200 6864 "https://ugotechnologies.com/?g=5901839038404&channel=b14cd9&from=article.php%3Fid%3D390384-5764%26name%3DTOTO+%E6%B4%97%E9%9D%A2%E5%8F%B0+LU658D" "Mozilla/5.0 (iPhone; CPU iPhone OS 18_5 like Mac OS X) AppleWebKit/605.1.15 (KHTML, like Gecko) Version/18.5 Mobile/15E148 Safari/604.1"
187.189.41.31 - - [19/Aug/2025:23:37:17 +0000] "GET /css/style.css HTTP/1.1" 200 44250 "https://ugotechnologies.com/?g=5901839038404&channel=b14cd9&from=article.php%3Fid%3D390384-5764%26name%3DTOTO+%E6%B4%97%E9%9D%A2%E5%8F%B0+LU658D" "Mozilla/5.0 (iPhone; CPU iPhone OS 18_5 like Mac OS X) AppleWebKit/605.1.15 (KHTML, like Gecko) Version/18.5 Mobile/15E148 Safari/604.1"
187.189.41.31 - - [19/Aug/2025:23:37:17 +0000] "GET /js/modernizr-2.6.2.min.js HTTP/1.1" 200 15413 "https://ugotechnologies.com/?g=5901839038404&channel=b14cd9&from=article.php%3Fid%3D390384-5764%26name%3DTOTO+%E6%B4%97%E9%9D%A2%E5%8F%B0+LU658D" "Mozilla/5.0 (iPhone; CPU iPhone OS 18_5 like Mac OS X) AppleWebKit/605.1.15 (KHTML, like Gecko) Version/18.5 Mobile/15E148 Safari/604.1"
187.189.41.31 - - [19/Aug/2025:23:37:17 +0000] "GET /css/bootstrap.css HTTP/1.1" 200 134656 "https://ugotechnologies.com/?g=5901839038404&channel=b14cd9&from=article.php%3Fid%3D390384-5764%26name%3DTOTO+%E6%B4%97%E9%9D%A2%E5%8F%B0+LU658D" "Mozilla/5.0 (iPhone; CPU iPhone OS 18_5 like Mac OS X) AppleWebKit/605.1.15 (KHTML, like Gecko) Version/18.5 Mobile/15E148 Safari/604.1"
187.189.41.31 - - [19/Aug/2025:23:37:17 +0000] "GET /js/main.js HTTP/1.1" 200 9147 "https://ugotechnologies.com/?g=5901839038404&channel=b14cd9&from=article.php%3Fid%3D390384-5764%26name%3DTOTO+%E6%B4%97%E9%9D%A2%E5%8F%B0+LU658D" "Mozilla/5.0 (iPhone; CPU iPhone OS 18_5 like Mac OS X) AppleWebKit/605.1.15 (KHTML, like Gecko) Version/18.5 Mobile/15E148 Safari/604.1"
187.189.41.31 - - [19/Aug/2025:23:37:17 +0000] "GET /js/jquery.min.js HTTP/1.1" 200 84380 "https://ugotechnologies.com/?g=5901839038404&channel=b14cd9&from=article.php%3Fid%3D390384-5764%26name%3DTOTO+%E6%B4%97%E9%9D%A2%E5%8F%B0+LU658D" "Mozilla/5.0 (iPhone; CPU iPhone OS 18_5 like Mac OS X) AppleWebKit/605.1.15 (KHTML, like Gecko) Version/18.5 Mobile/15E148 Safari/604.1"
187.189.41.31 - - [19/Aug/2025:23:37:18 +0000] "GET /js/jquery.easing.1.3.js HTTP/1.1" 200 8111 "https://ugotechnologies.com/?g=5901839038404&channel=b14cd9&from=article.php%3Fid%3D390384-5764%26name%3DTOTO+%E6%B4%97%E9%9D%A2%E5%8F%B0+LU658D" "Mozilla/5.0 (iPhone; CPU iPhone OS 18_5 like Mac OS X) AppleWebKit/605.1.15 (KHTML, like Gecko) Version/18.5 Mobile/15E148 Safari/604.1"
187.189.41.31 - - [19/Aug/2025:23:37:18 +0000] "GET /js/bootstrap.min.js HTTP/1.1" 200 36816 "https://ugotechnologies.com/?g=5901839038404&channel=b14cd9&from=article.php%3Fid%3D390384-5764%26name%3DTOTO+%E6%B4%97%E9%9D%A2%E5%8F%B0+LU658D" "Mozilla/5.0 (iPhone; CPU iPhone OS 18_5 like Mac OS X) AppleWebKit/605.1.15 (KHTML, like Gecko) Version/18.5 Mobile/15E148 Safari/604.1"
187.189.41.31 - - [19/Aug/2025:23:37:18 +0000] "GET /js/jquery.waypoints.min.js HTTP/1.1" 200 8835 "https://ugotechnologies.com/?g=5901839038404&channel=b14cd9&from=article.php%3Fid%3D390384-5764%26name%3DTOTO+%E6%B4%97%E9%9D%A2%E5%8F%B0+LU658D" "Mozilla/5.0 (iPhone; CPU iPhone OS 18_5 like Mac OS X) AppleWebKit/605.1.15 (KHTML, like Gecko) Version/18.5 Mobile/15E148 Safari/604.1"
187.189.41.31 - - [19/Aug/2025:23:37:18 +0000] "GET /js/owl.carousel.min.js HTTP/1.1" 200 40401 "https://ugotechnologies.com/?g=5901839038404&channel=b14cd9&from=article.php%3Fid%3D390384-5764%26name%3DTOTO+%E6%B4%97%E9%9D%A2%E5%8F%B0+LU658D" "Mozilla/5.0 (iPhone; CPU iPhone OS 18_5 like Mac OS X) AppleWebKit/605.1.15 (KHTML, like Gecko) Version/18.5 Mobile/15E148 Safari/604.1"
187.189.41.31 - - [19/Aug/2025:23:37:18 +0000] "GET /js/jquery.countTo.js HTTP/1.1" 200 3760 "https://ugotechnologies.com/?g=5901839038404&channel=b14cd9&from=article.php%3Fid%3D390384-5764%26name%3DTOTO+%E6%B4%97%E9%9D%A2%E5%8F%B0+LU658D" "Mozilla/5.0 (iPhone; CPU iPhone OS 18_5 like Mac OS X) AppleWebKit/605.1.15 (KHTML, like Gecko) Version/18.5 Mobile/15E148 Safari/604.1"
187.189.41.31 - - [19/Aug/2025:23:37:18 +0000] "GET /js/jquery.flexslider-min.js HTTP/1.1" 200 22342 "https://ugotechnologies.com/?g=5901839038404&channel=b14cd9&from=article.php%3Fid%3D390384-5764%26name%3DTOTO+%E6%B4%97%E9%9D%A2%E5%8F%B0+LU658D" "Mozilla/5.0 (iPhone; CPU iPhone OS 18_5 like Mac OS X) AppleWebKit/605.1.15 (KHTML, like Gecko) Version/18.5 Mobile/15E148 Safari/604.1"
187.189.41.31 - - [19/Aug/2025:23:37:18 +0000] "GET /js/jquery.magnific-popup.min.js HTTP/1.1" 200 20932 "https://ugotechnologies.com/?g=5901839038404&channel=b14cd9&from=article.php%3Fid%3D390384-5764%26name%3DTOTO+%E6%B4%97%E9%9D%A2%E5%8F%B0+LU658D" "Mozilla/5.0 (iPhone; CPU iPhone OS 18_5 like Mac OS X) AppleWebKit/605.1.15 (KHTML, like Gecko) Version/18.5 Mobile/15E148 Safari/604.1"
187.189.41.31 - - [19/Aug/2025:23:37:19 +0000] "GET /js/magnific-popup-options.js HTTP/1.1" 200 1284 "https://ugotechnologies.com/?g=5901839038404&channel=b14cd9&from=article.php%3Fid%3D390384-5764%26name%3DTOTO+%E6%B4%97%E9%9D%A2%E5%8F%B0+LU658D" "Mozilla/5.0 (iPhone; CPU iPhone OS 18_5 like Mac OS X) AppleWebKit/605.1.15 (KHTML, like Gecko) Version/18.5 Mobile/15E148 Safari/604.1"
187.189.41.31 - - [19/Aug/2025:23:37:19 +0000] "GET /fonts/themify-icons/themify.woff?-fvbane HTTP/1.1" 200 56108 "https://ugotechnologies.com/?g=5901839038404&channel=b14cd9&from=article.php%3Fid%3D390384-5764%26name%3DTOTO+%E6%B4%97%E9%9D%A2%E5%8F%B0+LU658D" "Mozilla/5.0 (iPhone; CPU iPhone OS 18_5 like Mac OS X) AppleWebKit/605.1.15 (KHTML, like Gecko) Version/18.5 Mobile/15E148 Safari/604.1"
187.189.41.31 - - [19/Aug/2025:23:37:17 +0000] "GET /css/reset.css HTTP/1.1" 200 22735 "https://ugotechnologies.com/?g=5901839038404&channel=b14cd9&from=article.php%3Fid%3D390384-5764%26name%3DTOTO+%E6%B4%97%E9%9D%A2%E5%8F%B0+LU658D" "Mozilla/5.0 (iPhone; CPU iPhone OS 18_5 like Mac OS X) AppleWebKit/605.1.15 (KHTML, like Gecko) Version/18.5 Mobile/15E148 Safari/604.1"
187.189.41.31 - - [19/Aug/2025:23:37:17 +0000] "GET /js/jquery-2.1.1.js HTTP/1.1" 200 22735 "https://ugotechnologies.com/?g=5901839038404&channel=b14cd9&from=article.php%3Fid%3D390384-5764%26name%3DTOTO+%E6%B4%97%E9%9D%A2%E5%8F%B0+LU658D" "Mozilla/5.0 (iPhone; CPU iPhone OS 18_5 like Mac OS X) AppleWebKit/605.1.15 (KHTML, like Gecko) Version/18.5 Mobile/15E148 Safari/604.1"
187.189.41.31 - - [19/Aug/2025:23:37:17 +0000] "GET /js/modernizr.js HTTP/1.1" 200 22735 "https://ugotechnologies.com/?g=5901839038404&channel=b14cd9&from=article.php%3Fid%3D390384-5764%26name%3DTOTO+%E6%B4%97%E9%9D%A2%E5%8F%B0+LU658D" "Mozilla/5.0 (iPhone; CPU iPhone OS 18_5 like Mac OS X) AppleWebKit/605.1.15 (KHTML, like Gecko) Version/18.5 Mobile/15E148 Safari/604.1"
187.189.41.31 - - [19/Aug/2025:23:37:19 +0000] "GET /fonts/icomoon/icomoon.ttf?srf3rx HTTP/1.1" 200 102868 "https://ugotechnologies.com/?g=5901839038404&channel=b14cd9&from=article.php%3Fid%3D390384-5764%26name%3DTOTO+%E6%B4%97%E9%9D%A2%E5%8F%B0+LU658D" "Mozilla/5.0 (iPhone; CPU iPhone OS 18_5 like Mac OS X) AppleWebKit/605.1.15 (KHTML, like Gecko) Version/18.5 Mobile/15E148 Safari/604.1"
187.189.41.31 - - [19/Aug/2025:23:37:19 +0000] "GET /images/evm_Honda_website.jpg HTTP/1.1" 200 51646 "https://ugotechnologies.com/?g=5901839038404&channel=b14cd9&from=article.php%3Fid%3D390384-5764%26name%3DTOTO+%E6%B4%97%E9%9D%A2%E5%8F%B0+LU658D" "Mozilla/5.0 (iPhone; CPU iPhone OS 18_5 like Mac OS X) AppleWebKit/605.1.15 (KHTML, like Gecko) Version/18.5 Mobile/15E148 Safari/604.1"
187.189.41.31 - - [19/Aug/2025:23:37:20 +0000] "GET /images/loader.gif HTTP/1.1" 200 48068 "https://ugotechnologies.com/?g=5901839038404&channel=b14cd9&from=article.php%3Fid%3D390384-5764%26name%3DTOTO+%E6%B4%97%E9%9D%A2%E5%8F%B0+LU658D" "Mozilla/5.0 (iPhone; CPU iPhone OS 18_5 like Mac OS X) AppleWebKit/605.1.15 (KHTML, like Gecko) Version/18.5 Mobile/15E148 Safari/604.1"
187.189.41.31 - - [19/Aug/2025:23:37:20 +0000] "GET /images/rental_cochin.jpg HTTP/1.1" 200 33662 "https://ugotechnologies.com/?g=5901839038404&channel=b14cd9&from=article.php%3Fid%3D390384-5764%26name%3DTOTO+%E6%B4%97%E9%9D%A2%E5%8F%B0+LU658D" "Mozilla/5.0 (iPhone; CPU iPhone OS 18_5 like Mac OS X) AppleWebKit/605.1.15 (KHTML, like Gecko) Version/18.5 Mobile/15E148 Safari/604.1"
187.189.41.31 - - [19/Aug/2025:23:37:20 +0000] "GET /images/sales_catalog_app_kochi.jpg HTTP/1.1" 200 40455 "https://ugotechnologies.com/?g=5901839038404&channel=b14cd9&from=article.php%3Fid%3D390384-5764%26name%3DTOTO+%E6%B4%97%E9%9D%A2%E5%8F%B0+LU658D" "Mozilla/5.0 (iPhone; CPU iPhone OS 18_5 like Mac OS X) AppleWebKit/605.1.15 (KHTML, like Gecko) Version/18.5 Mobile/15E148 Safari/604.1"
187.189.41.31 - - [19/Aug/2025:23:37:20 +0000] "GET /images/digital_solutions_kochi.jpg HTTP/1.1" 200 81539 "https://ugotechnologies.com/?g=5901839038404&channel=b14cd9&from=article.php%3Fid%3D390384-5764%26name%3DTOTO+%E6%B4%97%E9%9D%A2%E5%8F%B0+LU658D" "Mozilla/5.0 (iPhone; CPU iPhone OS 18_5 like Mac OS X) AppleWebKit/605.1.15 (KHTML, like Gecko) Version/18.5 Mobile/15E148 Safari/604.1"
187.189.41.31 - - [19/Aug/2025:23:37:19 +0000] "GET /services/jquery-2.1.1.js HTTP/1.1" 200 22735 "https://ugotechnologies.com/?g=5901839038404&channel=b14cd9&from=article.php%3Fid%3D390384-5764%26name%3DTOTO+%E6%B4%97%E9%9D%A2%E5%8F%B0+LU658D" "Mozilla/5.0 (iPhone; CPU iPhone OS 18_5 like Mac OS X) AppleWebKit/605.1.15 (KHTML, like Gecko) Version/18.5 Mobile/15E148 Safari/604.1"
187.189.41.31 - - [19/Aug/2025:23:37:19 +0000] "GET /services/main.js HTTP/1.1" 200 22735 "https://ugotechnologies.com/?g=5901839038404&channel=b14cd9&from=article.php%3Fid%3D390384-5764%26name%3DTOTO+%E6%B4%97%E9%9D%A2%E5%8F%B0+LU658D" "Mozilla/5.0 (iPhone; CPU iPhone OS 18_5 like Mac OS X) AppleWebKit/605.1.15 (KHTML, like Gecko) Version/18.5 Mobile/15E148 Safari/604.1"
187.189.41.31 - - [19/Aug/2025:23:37:20 +0000] "GET /images/thakkaaram_website.jpg HTTP/1.1" 200 38614 "https://ugotechnologies.com/?g=5901839038404&channel=b14cd9&from=article.php%3Fid%3D390384-5764%26name%3DTOTO+%E6%B4%97%E9%9D%A2%E5%8F%B0+LU658D" "Mozilla/5.0 (iPhone; CPU iPhone OS 18_5 like Mac OS X) AppleWebKit/605.1.15 (KHTML, like Gecko) Version/18.5 Mobile/15E148 Safari/604.1"
187.189.41.31 - - [19/Aug/2025:23:37:20 +0000] "GET /images/allguard_website.jpg HTTP/1.1" 200 45328 "https://ugotechnologies.com/?g=5901839038404&channel=b14cd9&from=article.php%3Fid%3D390384-5764%26name%3DTOTO+%E6%B4%97%E9%9D%A2%E5%8F%B0+LU658D" "Mozilla/5.0 (iPhone; CPU iPhone OS 18_5 like Mac OS X) AppleWebKit/605.1.15 (KHTML, like Gecko) Version/18.5 Mobile/15E148 Safari/604.1"
187.189.41.31 - - [19/Aug/2025:23:37:20 +0000] "GET /images/web_development_icon.png HTTP/1.1" 200 20428 "https://ugotechnologies.com/?g=5901839038404&channel=b14cd9&from=article.php%3Fid%3D390384-5764%26name%3DTOTO+%E6%B4%97%E9%9D%A2%E5%8F%B0+LU658D" "Mozilla/5.0 (iPhone; CPU iPhone OS 18_5 like Mac OS X) AppleWebKit/605.1.15 (KHTML, like Gecko) Version/18.5 Mobile/15E148 Safari/604.1"
187.189.41.31 - - [19/Aug/2025:23:37:20 +0000] "GET /images/about_ugo.jpg HTTP/1.1" 200 91628 "https://ugotechnologies.com/?g=5901839038404&channel=b14cd9&from=article.php%3Fid%3D390384-5764%26name%3DTOTO+%E6%B4%97%E9%9D%A2%E5%8F%B0+LU658D" "Mozilla/5.0 (iPhone; CPU iPhone OS 18_5 like Mac OS X) AppleWebKit/605.1.15 (KHTML, like Gecko) Version/18.5 Mobile/15E148 Safari/604.1"
187.189.41.31 - - [19/Aug/2025:23:37:20 +0000] "GET /images/kapindia_website.jpg HTTP/1.1" 200 34035 "https://ugotechnologies.com/?g=5901839038404&channel=b14cd9&from=article.php%3Fid%3D390384-5764%26name%3DTOTO+%E6%B4%97%E9%9D%A2%E5%8F%B0+LU658D" "Mozilla/5.0 (iPhone; CPU iPhone OS 18_5 like Mac OS X) AppleWebKit/605.1.15 (KHTML, like Gecko) Version/18.5 Mobile/15E148 Safari/604.1"
187.189.41.31 - - [19/Aug/2025:23:37:21 +0000] "GET /images/Software_Development_Banner.jpg HTTP/1.1" 200 143419 "https://ugotechnologies.com/?g=5901839038404&channel=b14cd9&from=article.php%3Fid%3D390384-5764%26name%3DTOTO+%E6%B4%97%E9%9D%A2%E5%8F%B0+LU658D" "Mozilla/5.0 (iPhone; CPU iPhone OS 18_5 like Mac OS X) AppleWebKit/605.1.15 (KHTML, like Gecko) Version/18.5 Mobile/15E148 Safari/604.1"
187.189.41.31 - - [19/Aug/2025:23:37:21 +0000] "GET /images/Android_Apps.jpg HTTP/1.1" 200 102497 "https://ugotechnologies.com/?g=5901839038404&channel=b14cd9&from=article.php%3Fid%3D390384-5764%26name%3DTOTO+%E6%B4%97%E9%9D%A2%E5%8F%B0+LU658D" "Mozilla/5.0 (iPhone; CPU iPhone OS 18_5 like Mac OS X) AppleWebKit/605.1.15 (KHTML, like Gecko) Version/18.5 Mobile/15E148 Safari/604.1"
187.189.41.31 - - [19/Aug/2025:23:37:21 +0000] "GET /images/Web_Development_Banner.jpg HTTP/1.1" 200 121858 "https://ugotechnologies.com/?g=5901839038404&channel=b14cd9&from=article.php%3Fid%3D390384-5764%26name%3DTOTO+%E6%B4%97%E9%9D%A2%E5%8F%B0+LU658D" "Mozilla/5.0 (iPhone; CPU iPhone OS 18_5 like Mac OS X) AppleWebKit/605.1.15 (KHTML, like Gecko) Version/18.5 Mobile/15E148 Safari/604.1"
187.189.41.31 - - [19/Aug/2025:23:37:21 +0000] "GET /images/Mobile_App_Banner.jpg HTTP/1.1" 200 127637 "https://ugotechnologies.com/?g=5901839038404&channel=b14cd9&from=article.php%3Fid%3D390384-5764%26name%3DTOTO+%E6%B4%97%E9%9D%A2%E5%8F%B0+LU658D" "Mozilla/5.0 (iPhone; CPU iPhone OS 18_5 like Mac OS X) AppleWebKit/605.1.15 (KHTML, like Gecko) Version/18.5 Mobile/15E148 Safari/604.1"
187.189.41.31 - - [19/Aug/2025:23:37:21 +0000] "GET /images/bg12.jpg HTTP/1.1" 200 103665 "https://ugotechnologies.com/?g=5901839038404&channel=b14cd9&from=article.php%3Fid%3D390384-5764%26name%3DTOTO+%E6%B4%97%E9%9D%A2%E5%8F%B0+LU658D" "Mozilla/5.0 (iPhone; CPU iPhone OS 18_5 like Mac OS X) AppleWebKit/605.1.15 (KHTML, like Gecko) Version/18.5 Mobile/15E148 Safari/604.1"
187.189.41.31 - - [19/Aug/2025:23:37:22 +0000] "GET /images/bg13.jpg HTTP/1.1" 200 118372 "https://ugotechnologies.com/?g=5901839038404&channel=b14cd9&from=article.php%3Fid%3D390384-5764%26name%3DTOTO+%E6%B4%97%E9%9D%A2%E5%8F%B0+LU658D" "Mozilla/5.0 (iPhone; CPU iPhone OS 18_5 like Mac OS X) AppleWebKit/605.1.15 (KHTML, like Gecko) Version/18.5 Mobile/15E148 Safari/604.1"
187.189.41.31 - - [19/Aug/2025:23:37:23 +0000] "GET /favicon.ico HTTP/1.1" 200 22735 "https://ugotechnologies.com/?g=5901839038404&channel=b14cd9&from=article.php%3Fid%3D390384-5764%26name%3DTOTO+%E6%B4%97%E9%9D%A2%E5%8F%B0+LU658D" "Mozilla/5.0 (iPhone; CPU iPhone OS 18_5 like Mac OS X) AppleWebKit/605.1.15 (KHTML, like Gecko) Version/18.5 Mobile/15E148 Safari/604.1"
114.119.130.154 - - [19/Aug/2025:23:37:26 +0000] "GET /?g=77780194307400&channel=346bde&from=pin.php?id%3D1943074-3434%26name%3D2%E8%BC%AA%2B%E3%82%B9%E3%82%A6%E3%82%A7%E3%83%83%E3%82%B8%E3%83%A9%E3%82%A4%E3%83%B3%2B%E3%83%AA%E3%82%A2%E3%83%9B%E3%83%BC%E3%82%B9%E3%82%AD%E3%83%83%E3%83%88%2B%E3%83%AC%E3%83%83%E3%83%89%EF%BC%86%E3%83%96%E3%83%AB%E3%83%BC/%E3%82%AF%E3%83%AA%E3%82%A2%E3%83%9B%E3%83%BC%E3%82%B9%2BSAR190%2B%E3%83%9B%E3%83%B3%E3%83%80%2BCBR1000RR%2B2012%E5%B9%B4%EF%BD%9E2013%E5%B9%B4%2BJAN%EF%BC%9A4548664723126 HTTP/1.1" 200 22735 "https://ugotechnologies.com/sitemap.xml" "Mozilla/5.0 (Linux; Android 7.0;) AppleWebKit/537.36 (KHTML, like Gecko) Mobile Safari/537.36 (compatible; PetalBot;+https://webmaster.petalsearch.com/site/petalbot)"
66.249.79.199 - - [19/Aug/2025:23:37:49 +0000] "GET /?g=80229132166811&channel=49b140&from=brands.php%3Fid%3D1321668-1143%26name%3D%E3%80%90%E5%8F%96%E4%BB%98%E5%AF%BE%E8%B1%A1%E3%80%91%E3%80%902%E6%9C%AC%E4%BB%A5%E4%B8%8A%E3%81%8B%E3%82%89%E3%81%AE%E8%B2%A9%E5%A3%B2%E3%80%91%3Cbr%3EDUNLOP+%E3%82%A6%E3%82%A3%E3%83%B3%E3%82%BF%E3%83%BC%E3%83%9E%E3%83%83%E3%82%AF%E3%82%B903+WM03+%E3%83%80%E3%83%B3%E3%83%AD%E3%83%83%E3%83%97+%E3%82%B9%E3%82%BF%E3%83%83%E3%83%89%E3%83%AC%E3%82%B9+%E3%83%9F%E3%83%84%E3%83%A4+205%2F45R17+%3Cbr%3E+1%E6%9C%AC%E4%BE%A1%E6%A0%BC+%E3%82%BF%E3%82%A4%E3%83%A4%E3%81%AE%E3%81%BF+%E3%82%B9%E3%82%BF%E3%83%83%E3%83%89%E3%83%AC%E3%82%B9%E3%82%BF%E3%82%A4%E3%83%A4+17%E3%82%A4%E3%83%B3%E3%83%81 HTTP/1.1" 200 304427 "-" "Mozilla/5.0 (Linux; Android 6.0.1; Nexus 5X Build/MMB29P) AppleWebKit/537.36 (KHTML, like Gecko) Chrome/138.0.7204.183 Mobile Safari/537.36 (compatible; Googlebot/2.1; +http://www.google.com/bot.html)"
66.249.68.39 - - [19/Aug/2025:23:38:35 +0000] "GET /?g=9298944941001&channel=0a1085&from=info.php%3Fid%3D449410-1140%26name%3DWEDS+MAVERICK+1505S+BK+S-LoDisk+2%E3%83%94%E3%83%BC%E3%82%B9+%E3%83%9B%E3%82%A4%E3%83%BC%E3%83%AB+20%E3%82%A4%E3%83%B3%E3%83%81+20+X+8.5J+%2B38+5%E7%A9%B4+114.3++%3Cbr%3EFORCELAND+%E2%97%8F%E3%82%B5%E3%83%9E%E3%83%BC%E3%82%BB%E3%83%BC%E3%83%AB%E2%97%8F+Vitality+F22+%E5%9C%A8%E5%BA%AB%E2%97%8F+%E3%82%B5%E3%83%9E%E3%83%BC%E3%82%BF%E3%82%A4%E3%83%A4+245%2F40ZR20+2025%E5%B9%B4%E8%A3%BD+245%2F40R20+30%E7%B3%BB%E3%82%A2%E3%83%AB%E3%83%95%E3%82%A1%E3%83%BC%E3%83%89+30%E7%B3%BB%E3%83%B4%E3%82%A7%E3%83%AB%E3%83%95%E3%82%A1%E3%82%A4%E3%82%A2+20%E7%B3%BB%E3%82%A2%E3%83%AB%E3%83%95%E3%82%A1%E3%83%BC%E3%83%89%EF%BC%88%E3%82%BF%E3%82%A4%E3%83%A4%E3%83%9B%E3%82%A4%E3%83%BC%E3%83%AB%E3%82%BB%E3%83%83%E3%83%88+%E3%83%9E%E3%83%BC%E3%83%99%E3%83%AA%E3%83%83%E3%82%AF%28MAVERICK%2FWEDS%291505S+20%E3%82%A4%E3%83%B3%E3%83%81%E3%80%90%E5%8E%B3%E9%81%B8%E8%BC%B8%E5%85%A5245%2F40R20%E3%80%9120+%E7%B3%BB%2F30%E7%B3%BB%E3%82%A2%E3%83%AB%E3%83%95%E3%82%A1%E3%83%BC%E3%83%89%E3%83%BB%E3%83%B4%E3%82%A7%E3%83%AB%E3%83%95%E3%82%A1%E3%82%A4%E3%82%A2%E3%81%AB%E6%9C%80%E9%81%A9%E3%80%88%E3%82%BF%E3%82%A4%E3%83%A4%E9%8A%98%E6%9F%84%E9%81%B8%E3%81%B9%E3%81%BE%E3%81%99%E3%80%89+%3A+%E3%82%A8%E3%82%B9%E3%82%A8%E3%82%A4%E3%83%81%E3%82%AB%E3%83%B3%E3%83%91%E3%83%8B%E3%83%BC+-+%E9%80%9A%E8%B2%A9+-+Yahoo%21%E3%82%B7%E3%83%A7%E3%83%83%E3%83%94%E3%83%B3%E3%82%B0%EF%BC%89 HTTP/1.1" 200 311320 "-" "Mozilla/5.0 (Linux; Android 6.0.1; Nexus 5X Build/MMB29P) AppleWebKit/537.36 (KHTML, like Gecko) Chrome/138.0.7204.183 Mobile Safari/537.36 (compatible; Googlebot/2.1; +http://www.google.com/bot.html)"
114.119.150.86 - - [19/Aug/2025:23:38:52 +0000] "GET /?g=7771617964000&channel=cb73cf&from=news.php?id%3D179640-2442%26name%3D%E3%82%A6%E3%82%A8%E3%83%87%E3%82%A3%E3%83%B3%E3%82%B0%E3%83%89%E3%83%AC%E3%82%B9.%E3%83%AC%E3%83%83%E3%83%89%E3%83%96%E3%83%A9%E3%82%A6%E3%83%B3.%E3%82%AB%E3%83%A9%E3%83%BC%E3%83%89%E3%83%AC%E3%82%B9.%E3%83%A9%E3%83%A1%E3%83%81%E3%83%A5%E3%83%BC%E3%83%AB.Y2177-1 HTTP/1.1" 200 22735 "https://ugotechnologies.com/sitemap.xml" "Mozilla/5.0 (Linux; Android 7.0;) AppleWebKit/537.36 (KHTML, like Gecko) Mobile Safari/537.36 (compatible; PetalBot;+https://webmaster.petalsearch.com/site/petalbot)"
66.249.79.200 - - [19/Aug/2025:23:39:21 +0000] "GET /?g=92840169780502&channel=de0e68&from=category-info.php%3Fid%3D1697805-439%26name%3D%E5%B0%82%E7%94%A8%E5%B8%AF899+%E2%97%8F%E9%AB%98%E7%B4%9A+%E6%AD%A3%E7%B5%B9+%E5%94%90%E7%B9%94+%E6%8C%AF%E8%A2%96%E7%94%A8+%E5%85%AD%E9%80%9A+%E8%A2%8B%E5%B8%AF HTTP/1.1" 200 290729 "-" "Mozilla/5.0 (Linux; Android 6.0.1; Nexus 5X Build/MMB29P) AppleWebKit/537.36 (KHTML, like Gecko) Chrome/138.0.7204.183 Mobile Safari/537.36 (compatible; Googlebot/2.1; +http://www.google.com/bot.html)"
66.249.79.199 - - [19/Aug/2025:23:40:07 +0000] "GET /?g=1203957433202&channel=5ca8ee&from=category-info.php%3Fid%3D574332-6259%26name%3DGK%E7%9F%B3%E5%B7%9D%E6%A9%8B%E2%97%8F%E6%96%B0%E5%93%81483+%E3%82%AF%E3%83%AA%E3%83%BC%E3%83%96%E3%83%A9%E3%83%B3%E3%83%89%E2%97%86%E2%97%87CVX2+ZIPCORE%E2%97%87%E2%97%8650-12%E2%97%86MODUS3TOUR115%28JP%29%E2%97%86S%E2%97%86%E3%82%A6%E3%82%A7%E3%83%83%E3%82%B8%E2%97%86 HTTP/1.1" 200 22735 "-" "Mozilla/5.0 (Linux; Android 6.0.1; Nexus 5X Build/MMB29P) AppleWebKit/537.36 (KHTML, like Gecko) Chrome/138.0.7204.183 Mobile Safari/537.36 (compatible; Googlebot/2.1; +http://www.google.com/bot.html)"
114.119.136.30 - - [19/Aug/2025:23:40:14 +0000] "GET /?g=7760710136101&channel=68624f&from=info.php?id%3D101361-5790%26name%3D%E5%A4%8FNEW%E3%82%B0%E3%83%AC%E3%83%BC%E3%82%BB%E3%83%BC%E3%83%A9%E3%83%BC%E6%9C%8D(%E5%8D%8A%E8%A2%96)%2B%E3%82%B9%E3%82%AF%E3%83%BC%E3%83%AB%2B%E5%AD%A6%E6%A0%A1%E5%88%B6%E6%9C%8D%2B%E9%80%9A%E5%AD%A6%2B%E9%AB%98%E6%A0%A1%E7%94%9F%2B%E5%AD%A6%E7%94%9F%2B%E4%B8%AD%E5%AD%A6%E7%94%9F%2B%E5%AD%A6%E7%94%9F%E6%9C%8D%2B%E3%82%AA%E3%83%AA%E3%82%B8%E3%83%8A%E3%83%AB HTTP/1.1" 200 22735 "https://ugotechnologies.com/sitemap.xml" "Mozilla/5.0 (Linux; Android 7.0;) AppleWebKit/537.36 (KHTML, like Gecko) Mobile Safari/537.36 (compatible; PetalBot;+https://webmaster.petalsearch.com/site/petalbot)"
66.249.79.198 - - [19/Aug/2025:23:40:54 +0000] "GET /?g=08042109173104&channel=1b97f1&from=brands.php%3Fid%3D1091731-7186%26name%3D%E3%80%90%E4%B8%AD%E5%8F%A4%E3%80%91+%E3%83%96%E3%83%AA%E3%83%82%E3%82%B9%E3%83%88%E3%83%B3+BRIDGESTONE+B1+ST+10.5%C2%B0+%E3%83%89%E3%83%A9%E3%82%A4%E3%83%90%E3%83%BC+DR+VENTUS+BS6%28DR%29+%28%E3%83%95%E3%83%AC%E3%83%83%E3%82%AF%E3%82%B9S%29+%E3%83%A1%E3%83%B3%E3%82%BA+%E7%94%B7%E6%80%A7%E7%94%A8+%E5%8F%B3%E5%88%A9%E3%81%8D+%E5%8F%B3%E7%94%A8+C%E3%83%A9%E3%83%B3%E3%82%AF+%E3%82%B4%E3%83%AB%E3%83%95%E3%82%AF%E3%83%A9%E3%83%96 HTTP/1.1" 200 308923 "-" "Mozilla/5.0 (Linux; Android 6.0.1; Nexus 5X Build/MMB29P) AppleWebKit/537.36 (KHTML, like Gecko) Chrome/138.0.7204.183 Mobile Safari/537.36 (compatible; Googlebot/2.1; +http://www.google.com/bot.html)"
114.119.143.233 - - [19/Aug/2025:23:41:36 +0000] "GET /?g=77512171599500&channel=50fe6f&from=brands.php?id%3D1715995-1193%26name%3D18%E3%82%A4%E3%83%B3%E3%83%81%2B8.0J%2B5H114.3%2B%2B45%2B%3Cbr%3ESSR%2BGTX01%2B%E3%83%95%E3%83%A9%E3%83%83%E3%83%88%E3%83%96%E3%83%A9%E3%83%83%E3%82%AF%2B%3Cbr%3E%E3%82%A2%E3%83%AB%E3%83%9F%E3%83%9B%E3%82%A4%E3%83%BC%E3%83%AB%E5%8D%98%E5%93%81%2B4%E6%9C%AC%EF%BC%881%E5%8F%B0%E5%88%86%EF%BC%89%E9%80%81%E6%96%99%E7%84%A1%E6%96%99%2B%3Cbr%3E HTTP/1.1" 200 22735 "https://ugotechnologies.com/sitemap.xml" "Mozilla/5.0 (Linux; Android 7.0;) AppleWebKit/537.36 (KHTML, like Gecko) Mobile Safari/537.36 (compatible; PetalBot;+https://webmaster.petalsearch.com/site/petalbot)"
66.249.68.39 - - [19/Aug/2025:23:41:40 +0000] "GET /?g=20066104887000&channel=c4ad76&from=jp.php%3Fid%3D1048870-349%26name%3DCamper22085++slip+on+outdoor%EF%BC%88Camper+Black+loafers+slip+on+round+toe+-+Black+%7C+K201116TWS019%EF%BC%89 HTTP/1.1" 200 305348 "-" "Mozilla/5.0 (Linux; Android 6.0.1; Nexus 5X Build/MMB29P) AppleWebKit/537.36 (KHTML, like Gecko) Chrome/138.0.7204.183 Mobile Safari/537.36 (compatible; Googlebot/2.1; +http://www.google.com/bot.html)"
114.119.143.233 - - [19/Aug/2025:23:43:01 +0000] "GET /?g=77474106081802&channel=72cad8&from=category-info.php?id%3D1060818-2928%26name%3D%E3%82%A2%E3%82%AF%E3%82%BB%E3%83%A9%2B%E3%82%A2%E3%83%86%E3%83%B3%E3%82%B6%2B215/45R18%2B93Y%2BXL%2B%3Cbr%3E%E3%82%B3%E3%83%B3%E3%83%81%E3%83%8D%E3%83%B3%E3%82%BF%E3%83%AB%2BDWS06%2B%2B%3Cbr%3EWeds%2B%E3%82%A6%E3%82%A7%E3%83%83%E3%82%BA%E3%82%B9%E3%83%9D%E3%83%BC%E3%83%84%2BSA75R%2B%3Cbr%3EWBC%2B(%E3%82%A6%E3%82%A9%E3%83%BC%E3%82%B9%E3%83%96%E3%83%A9%E3%83%83%E3%82%AF%E3%82%AF%E3%83%AA%E3%82%A2%E3%83%BC)%2B%3Cbr%3E18%E3%82%A4%E3%83%B3%E3%83%81%2B7.5J%2B5H114.3%2B%3Cbr%3E%E3%82%AA%E3%83%BC%E3%83%AB%E3%82%B7%E3%83%BC%E3%82%BA%E3%83%B3%E3%82%BF%E3%82%A4%E3%83%A4%E3%83%9B%E3%82%A4%E3%83%BC%E3%83%AB%E3%82%BB%E3%83%83%E3%83%88%2B%3Cbr%3E HTTP/1.1" 200 22735 "https://ugotechnologies.com/sitemap.xml" "Mozilla/5.0 (Linux; Android 7.0;) AppleWebKit/537.36 (KHTML, like Gecko) Mobile Safari/537.36 (compatible; PetalBot;+https://webmaster.petalsearch.com/site/petalbot)"
