114.119.153.152 - - [20/Aug/2025:03:23:56 +0000] "GET /?g=6090631562106&channel=3d1e44&from=goods.php?id%3D315621-248%26name%3DM's%2Bcollection%E3%80%80%E3%82%A8%E3%83%A0%E3%82%BA%E3%82%B3%E3%83%AC%E3%82%AF%E3%82%B7%E3%83%A7%E3%83%B3%E3%80%80%E3%82%B7%E3%83%AB%E3%83%90%E3%83%BC%E3%80%80%E3%83%8D%E3%83%83%E3%82%AF%E3%83%AC%E3%82%B9%E3%80%80%E3%83%A1%E3%83%B3%E3%82%BA HTTP/1.1" 200 22735 "https://ugotechnologies.com/sitemap.xml" "Mozilla/5.0 (Linux; Android 7.0;) AppleWebKit/537.36 (KHTML, like Gecko) Mobile Safari/537.36 (compatible; PetalBot;+https://webmaster.petalsearch.com/site/petalbot)"
52.167.144.211 - - [20/Aug/2025:03:25:08 +0000] "GET /pickup/V1899581 HTTP/1.1" 200 232597 "-" "Mozilla/5.0 AppleWebKit/537.36 (KHTML, like Gecko; compatible; bingbot/2.0; +http://www.bing.com/bingbot.htm) Chrome/116.0.1938.76 Safari/537.36"
114.119.151.93 - - [20/Aug/2025:03:25:18 +0000] "GET /?g=6084940678400&channel=25f5da&from=info.php?id%3D406784-488%26name%3D%E3%83%9D%E3%82%B1%E3%83%A2%E3%83%B3%E3%82%AB%E3%83%BC%E3%83%89%2B%E5%90%8D%E6%8E%A2%E5%81%B5%E3%83%94%E3%82%AB%E3%83%81%E3%83%A5%E3%82%A6%2BSV-P%E3%83%97%E3%83%AD%E3%83%A2%E3%82%AB%E3%83%BC%E3%83%89%2B098/SV-P HTTP/1.1" 200 22735 "https://ugotechnologies.com/sitemap.xml" "Mozilla/5.0 (Linux; Android 7.0;) AppleWebKit/537.36 (KHTML, like Gecko) Mobile Safari/537.36 (compatible; PetalBot;+https://webmaster.petalsearch.com/site/petalbot)"
180.196.4.24 - - [20/Aug/2025:03:26:41 +0000] "GET /sitemap.xml HTTP/1.1" 200 546867 "-" "Mozilla/5.0 (compatible; RobotsSitemapsFetcher/1.3)"
114.119.130.154 - - [20/Aug/2025:03:26:42 +0000] "GET /?g=6063941658601&channel=2cb944&from=shop.php?id%3D416586-321%26name%3DGLOIRE%2BF2%2B%E6%97%A5%E6%9C%AC%E6%AD%A3%E8%A6%8F%E5%93%81%EF%BC%88%E4%B8%AD%E5%8F%A4%EF%BC%89 HTTP/1.1" 200 22735 "https://ugotechnologies.com/sitemap.xml" "Mozilla/5.0 (Linux; Android 7.0;) AppleWebKit/537.36 (KHTML, like Gecko) Mobile Safari/537.36 (compatible; PetalBot;+https://webmaster.petalsearch.com/site/petalbot)"
114.119.153.152 - - [20/Aug/2025:03:28:08 +0000] "GET /?g=6060883536000&channel=5141ad&from=news.php?id%3D835360-12872%26name%3D%E3%82%B7%E3%82%B0%E3%83%9E%E3%83%BC%E6%8A%80%E7%A0%94%2B%E5%B9%B3%E8%A1%8C%E8%BB%B8%E4%B8%89%E7%9B%B8%EF%BC%91%EF%BC%8E%EF%BC%95%EF%BC%AB%EF%BD%97%E3%83%96%E3%83%AC%E3%83%BC%E3%82%AD%E4%BB%98%E8%84%9A%E5%8F%96%E4%BB%98%E5%BD%A2%E6%B8%9B%E9%80%9F%E6%A9%9F%2BTMLB2-15H-100%2B1 HTTP/1.1" 200 22735 "https://ugotechnologies.com/sitemap.xml" "Mozilla/5.0 (Linux; Android 7.0;) AppleWebKit/537.36 (KHTML, like Gecko) Mobile Safari/537.36 (compatible; PetalBot;+https://webmaster.petalsearch.com/site/petalbot)"
114.119.143.233 - - [20/Aug/2025:03:29:31 +0000] "GET /?g=605983067200&channel=6e2cbd&from=shared.php?id%3D30672-3289%26name%3DVGGC%2B8th%2B%E3%81%A9%E3%82%93%E3%81%90%E3%82%8A%E3%81%AD%E3%81%93%2B%E6%A7%98%2B%E3%82%A2%E3%82%AF%E3%83%AA%E3%83%AB%E3%82%B9%E3%82%BF%E3%83%B3%E3%83%89%2B%E8%97%8D%E6%B2%A2%E3%82%A8%E3%83%9E HTTP/1.1" 200 22735 "https://ugotechnologies.com/sitemap.xml" "Mozilla/5.0 (Linux; Android 7.0;) AppleWebKit/537.36 (KHTML, like Gecko) Mobile Safari/537.36 (compatible; PetalBot;+https://webmaster.petalsearch.com/site/petalbot)"
114.119.136.30 - - [20/Aug/2025:03:30:53 +0000] "GET /?g=60580126329605&channel=55e8c8&from=goods.php?id%3D1263296-7926%26name%3D%E3%83%88%E3%82%AD%E3%83%8A%E3%83%BC%2BTokina%2B%E5%BA%83%E8%A7%92%E3%82%BA%E3%83%BC%E3%83%A0%E3%83%AC%E3%83%B3%E3%82%BA%2Batx-i%2B11-20mm%2BWE%2BF2.8%2BCF%2BNAF%2B%E3%83%9B%E3%83%AF%E3%82%A4%E3%83%88%E3%82%A8%E3%83%87%E3%82%A3%E3%82%B7%E3%83%A7%E3%83%B3%2B%E3%83%8B%E3%82%B3%E3%83%B3F%E7%94%A8%2BAPS-C%E3%83%95%E3%82%A9%E3%83%BC%E3%83%9E%E3%83%83%E3%83%88%E5%AF%BE%E5%BF%9C%2B641309 HTTP/1.1" 200 22735 "https://ugotechnologies.com/sitemap.xml" "Mozilla/5.0 (Linux; Android 7.0;) AppleWebKit/537.36 (KHTML, like Gecko) Mobile Safari/537.36 (compatible; PetalBot;+https://webmaster.petalsearch.com/site/petalbot)"
114.119.150.86 - - [20/Aug/2025:03:32:16 +0000] "GET /?g=602806333300&channel=72cad8&from=blog.php?id%3D63333-2928%26name%3D%E3%80%906/22%2B20%E6%99%82%E3%80%9C%2B%E5%85%A8%E5%93%81P5%E5%80%8D%EF%BC%86%E3%82%AF%E3%83%BC%E3%83%9D%E3%83%B3%E3%80%91205/60R16%2B96H%2BXL%2B%E3%83%80%E3%83%B3%E3%83%AD%E3%83%83%E3%83%97%2B%E3%82%B7%E3%83%B3%E3%82%AF%E3%83%AD%E3%82%A6%E3%82%A7%E3%82%B6%E3%83%BC%2B%E3%82%A8%E3%83%A0%E3%82%A2%E3%82%A4%E3%83%87%E3%82%A3%E3%83%BC%2B%E3%83%8A%E3%82%A4%E3%83%88%E3%83%AD%E3%83%91%E3%83%AF%E3%83%BC%2B%E3%82%AF%E3%83%AD%E3%82%B9%E3%82%AF%E3%83%AD%E3%82%A6%2B%E3%82%B0%E3%83%A9%E3%83%95%E3%82%A3%E3%83%86%E3%82%A3%E3%82%A8%E3%83%87%E3%82%A3%E3%82%B7%E3%83%A7%E3%83%B3%2B%E3%83%96%E3%83%A9%E3%83%83%E3%82%AF%E3%83%A1%E3%82%BF%E3%83%AA%E3%83%83%E3%82%AF%EF%BC%8B%E3%83%9F%E3%83%A9%E3%83%BC%E3%82%AB%E3%83%83%E3%83%88/%E3%82%B0%E3%83%A9%E3%83%95%E3%82%A3%E3%83%86%E3%82%A3%2B16-7J%2B%E5%9B%BD%E7%94%A3%E8%BB%8A%E7%94%A8%2B%E3%82%AA%E3%83%BC%E3%83%AB%E3%82%B7%E3%83%BC%E3%82%BA%E3%83%B3%E3%82%BF%E3%82%A4%E3%83%A4%E3%83%9B%E3%82%A4%E3%83%BC%E3%83%AB4%E6%9C%AC%E3%82%BB%E3%83%83%E3%83%88 HTTP/1.1" 200 22735 "https://ugotechnologies.com/sitemap.xml" "Mozilla/5.0 (Linux; Android 7.0;) AppleWebKit/537.36 (KHTML, like Gecko) Mobile Safari/537.36 (compatible; PetalBot;+https://webmaster.petalsearch.com/site/petalbot)"
66.249.79.198 - - [20/Aug/2025:03:32:29 +0000] "GET /?g=0886072369300&channel=7b69ba&from=form.php%3Fid%3D723693-1139%26name%3D%E3%82%B5%E3%83%9E%E3%83%BC%E3%82%BF%E3%82%A4%E3%83%A4+%E3%82%B0%E3%83%83%E3%83%89%E3%83%A9%E3%82%A4%E3%83%89+SA37%E3%80%90265%2F35ZR18+97Y+XL%E3%80%91GOODRIDE+265%2F35R18+265%2F35-18+18%E3%82%A4%E3%83%B3%E3%83%81+265mm+35%25+%E5%A4%8F%E3%82%BF%E3%82%A4%E3%83%A4+1%E6%9C%AC+4%E6%9C%AC%E3%82%BB%E3%83%83%E3%83%88+1%E5%8F%B0%E5%88%86+%E4%B8%80%E5%8F%B0%E5%88%86%E3%80%90%E5%BA%97%E9%A0%AD%E5%8F%97%E5%8F%96%E5%AF%BE%E5%BF%9C%E5%95%86%E5%93%81%E3%80%91 HTTP/1.1" 200 311941 "-" "Mozilla/5.0 (Linux; Android 6.0.1; Nexus 5X Build/MMB29P) AppleWebKit/537.36 (KHTML, like Gecko) Chrome/138.0.7204.183 Mobile Safari/537.36 (compatible; Googlebot/2.1; +http://www.google.com/bot.html)"
66.249.68.37 - - [20/Aug/2025:03:32:38 +0000] "GET /?g=88309156298304&channel=79b181&from=blog.php%3Fid%3D1562983-8785%26name%3DNittaku%E3%80%80Yasaka+%E5%8D%93%E7%90%83%E3%80%80%E3%82%BD%E3%83%83%E3%82%AF%E3%82%B9%E3%80%803%E8%B6%B3%E3%82%BB%E3%83%83%E3%83%88 HTTP/1.1" 200 22735 "-" "Mozilla/5.0 (Linux; Android 6.0.1; Nexus 5X Build/MMB29P) AppleWebKit/537.36 (KHTML, like Gecko) Chrome/138.0.7204.183 Mobile Safari/537.36 (compatible; Googlebot/2.1; +http://www.google.com/bot.html)"
66.249.79.198 - - [20/Aug/2025:03:32:47 +0000] "GET /?g=8827545522902&channel=fa6555&from=blog.php%3Fid%3D455229-71%26name%3D%E3%83%AA%E3%82%A2%E3%83%90%E3%83%B3%E3%83%91%E3%83%BC%E3%82%B9%E3%83%9D%E3%82%A4%E3%83%A9%E3%83%BC%E3%80%8018%E3%82%AF%E3%83%A9%E3%82%A6%E3%83%B3%E7%94%A8%E3%80%80%E6%9C%AC%E7%89%A9%E3%82%B8%E3%83%A3%E3%83%B3%E3%82%AF%E3%82%B7%E3%83%A7%E3%83%B3%E3%83%97%E3%83%AD%E3%83%87%E3%83%A5%E3%83%BC%E3%82%B9 HTTP/1.1" 200 298402 "-" "Mozilla/5.0 (Linux; Android 6.0.1; Nexus 5X Build/MMB29P) AppleWebKit/537.36 (KHTML, like Gecko) Chrome/138.0.7204.183 Mobile Safari/537.36 (compatible; Googlebot/2.1; +http://www.google.com/bot.html)"
66.249.79.198 - - [20/Aug/2025:03:32:56 +0000] "GET /?g=0780455358000&channel=9b98f1&from=info.php%3Fid%3D553580-1444%26name%3DGalaxy+5G+Mobile++Wi-Fi+SCR01+%E3%82%AE%E3%83%A3%E3%82%AF%E3%82%B7%E3%83%BC%EF%BC%88Galaxy+5G+Mobile+Wi-Fi+SCR01%EF%BC%88%E3%83%91%E3%82%B1%E3%83%83%E3%83%88%E7%84%A1%E5%88%B6%E9%99%90%EF%BC%89+%E3%83%A2%E3%83%90%E3%82%A4%E3%83%AB%E9%9B%BB%E6%BA%90%E3%82%BB%E3%83%83%E3%83%88+%2F+%E3%83%91%E3%83%B3%E3%83%80%E3%82%B9%E3%82%BF%E3%82%B8%E3%82%AA%E3%83%BB%E3%83%AC%E3%83%B3%E3%82%BF%E3%83%AB%E5%85%AC%E5%BC%8F%E3%82%B5%E3%82%A4%E3%83%88%EF%BC%89 HTTP/1.1" 200 295682 "-" "Mozilla/5.0 (Linux; Android 6.0.1; Nexus 5X Build/MMB29P) AppleWebKit/537.36 (KHTML, like Gecko) Chrome/138.0.7204.183 Mobile Safari/537.36 (compatible; Googlebot/2.1; +http://www.google.com/bot.html)"
66.249.79.198 - - [20/Aug/2025:03:33:05 +0000] "GET /?g=2094087868701&channel=5d44f1&from=shared.php%3Fid%3D878687-13039%26name%3D%E3%80%90%E6%A5%AD%E7%95%8C%E6%9C%80%E9%95%B71%E5%B9%B4%E4%BF%9D%E8%A8%BC%E3%80%91%E3%80%90%E4%B8%AD%E5%8F%A4%E3%80%91%E4%B8%AD%E8%8F%AF%E3%83%AC%E3%83%B3%E3%82%B8+%E3%83%9E%E3%83%AB%E3%82%BC%E3%83%B3+MRS-111E+%E5%B9%85550%C3%97%E5%A5%A5%E8%A1%8C750%C3%97%E9%AB%98%E3%81%95720+%E9%83%BD%E5%B8%82%E3%82%AC%E3%82%B9+%E3%80%90%E9%80%81%E6%96%99%E5%88%A5%E9%80%94%E8%A6%8B%E7%A9%8D%E3%80%91%E3%80%90%E6%A5%AD%E5%8B%99%E7%94%A8%E3%80%91%E3%80%90%E9%A3%B2%E9%A3%9F%E5%BA%97+%E5%BA%97%E8%88%97+%E5%8E%A8%E6%88%BF%E6%A9%9F%E5%99%A8+%E4%B8%AD%E8%8F%AF%E3%83%AC%E3%83%B3%E3%82%B8+%E6%A5%AD%E5%8B%99%E7%94%A8%E4%B8%AD%E8%8F%AF%E3%83%AC%E3%83%B3%E3%82%B8%E3%80%91 HTTP/1.1" 200 300020 "-" "Mozilla/5.0 (Linux; Android 6.0.1; Nexus 5X Build/MMB29P) AppleWebKit/537.36 (KHTML, like Gecko) Chrome/138.0.7204.183 Mobile Safari/537.36 (compatible; Googlebot/2.1; +http://www.google.com/bot.html)"
66.249.79.198 - - [20/Aug/2025:03:33:15 +0000] "GET /?g=91693109961103&channel=484e1f&from=form.php%3Fid%3D1099611-5669%26name%3D%E3%82%AD%E3%83%A3%E3%83%AD%E3%82%A6%E3%82%A7%E3%82%A4+EPIC+SPEED+%E3%83%89%E3%83%A9%E3%82%A4%E3%83%90%E3%83%BC+10.5%C2%B0+Diamana+50+for+CW+S+%E3%83%AC%E3%83%B3%E3%83%81%E3%81%AA%E3%81%97 HTTP/1.1" 200 300705 "-" "Mozilla/5.0 (Linux; Android 6.0.1; Nexus 5X Build/MMB29P) AppleWebKit/537.36 (KHTML, like Gecko) Chrome/138.0.7204.183 Mobile Safari/537.36 (compatible; Googlebot/2.1; +http://www.google.com/bot.html)"
66.249.79.198 - - [20/Aug/2025:03:33:24 +0000] "GET /?g=85089164009802&channel=7b69ba&from=category-info.php%3Fid%3D1640098-1139%26name%3D%E3%80%90%E3%82%BF%E3%82%A4%E3%83%A4%E4%BA%A4%E6%8F%9B%E5%8F%AF%E8%83%BD%E3%80%91+4%E6%9C%AC%E3%82%BB%E3%83%83%E3%83%88+DUNLOP+%E3%83%80%E3%83%B3%E3%83%AD%E3%83%83%E3%83%97+%E3%82%B0%E3%83%A9%E3%83%B3%E3%83%88%E3%83%AC%E3%83%83%E3%82%AF+AT5+275%2F70R16+114T%3CBR%3E+%E9%80%81%E6%96%99%E7%84%A1%E6%96%99+%E3%82%BF%E3%82%A4%E3%83%A4%E5%8D%98%E5%93%81 HTTP/1.1" 200 303750 "-" "Mozilla/5.0 (Linux; Android 6.0.1; Nexus 5X Build/MMB29P) AppleWebKit/537.36 (KHTML, like Gecko) Chrome/138.0.7204.183 Mobile Safari/537.36 (compatible; Googlebot/2.1; +http://www.google.com/bot.html)"
66.249.79.198 - - [20/Aug/2025:03:33:33 +0000] "GET /?g=1779278667006&channel=b4d5c5&from=category-info.php%3Fid%3D786670-4267%26name%3DHARPO+%E3%83%8F%E3%83%AB%E3%83%9D+Boule+Necklace+18%2F5+45cm%2F18inch%2F5mm+Navajo+Pearl+%E3%83%AC%E3%83%87%E3%82%A3%E3%83%BC%E3%82%B9+%E3%83%9C%E3%83%BC%E3%83%AB+%E3%83%8D%E3%83%83%E3%82%AF%E3%83%AC%E3%82%B9+%E3%82%A2%E3%82%AF%E3%82%BB%E3%82%B5%E3%83%AA%E3%83%BC+%E3%83%8A%E3%83%90%E3%83%9B%E3%83%91%E3%83%BC%E3%83%AB+%E3%82%B7%E3%83%AB%E3%83%90%E3%83%BC HTTP/1.1" 200 311008 "-" "Mozilla/5.0 (Linux; Android 6.0.1; Nexus 5X Build/MMB29P) AppleWebKit/537.36 (KHTML, like Gecko) Chrome/138.0.7204.183 Mobile Safari/537.36 (compatible; Googlebot/2.1; +http://www.google.com/bot.html)"
114.119.151.93 - - [20/Aug/2025:03:33:40 +0000] "GET /?g=6022632877501&channel=6003b6&from=news.php?id%3D328775-9711%26name%3DGHETBO%2B58%E3%82%A4%E3%83%B3%E3%83%81%2B5%E3%82%A4%E3%83%B3%E3%83%81%E5%BB%B6%E9%95%B7%E3%82%AB%E3%83%BC%E3%83%9C%E3%83%B3%E3%83%95%E3%82%A1%E3%82%A4%E3%83%90%E3%83%BC%E3%82%B7%E3%83%A3%E3%83%95%E3%83%88%2B%E3%83%AC%E3%82%B6%E3%83%BC%E3%82%B0%E3%83%AA%E3%83%83%E3%83%97%E4%BB%98%E3%81%8D%2B%E3%83%93%E3%83%AA%E3%83%A4%E3%83%BC%E3%83%89%E3%83%97%E3%83%BC%E3%83%AB%E3%82%AD%E3%83%A5%E3%83%BC%E3%82%B9%E3%83%86%E3%82%A3%E3%83%83%E3%82%AF%2B1/2%E3%83%94%E3%83%BC%E3%82%B9 HTTP/1.1" 200 22735 "https://ugotechnologies.com/sitemap.xml" "Mozilla/5.0 (Linux; Android 7.0;) AppleWebKit/537.36 (KHTML, like Gecko) Mobile Safari/537.36 (compatible; PetalBot;+https://webmaster.petalsearch.com/site/petalbot)"
66.249.79.199 - - [20/Aug/2025:03:33:43 +0000] "GET /?g=6692985523001&channel=5801fe&from=goods.php%3Fid%3D855230-12583%26name%3DHUGO+BOSS+-+%E3%83%AC%E3%82%B6%E3%83%BC%E3%82%B8%E3%83%A3%E3%82%B1%E3%83%83%E3%83%88 HTTP/1.1" 200 307384 "-" "Mozilla/5.0 (Linux; Android 6.0.1; Nexus 5X Build/MMB29P) AppleWebKit/537.36 (KHTML, like Gecko) Chrome/138.0.7204.183 Mobile Safari/537.36 (compatible; Googlebot/2.1; +http://www.google.com/bot.html)"
66.249.79.198 - - [20/Aug/2025:03:33:52 +0000] "GET /?g=096772131301&channel=b452cc&from=category-info.php%3Fid%3D21313-2864%26name%3D%E3%83%8A%E3%82%A4%E3%82%AD+%E3%82%B8%E3%83%A7%E3%83%BC%E3%83%80%E3%83%B3+Jordan+%E3%80%90+Peak+Beanie+Men%27s+%E3%80%91+%E3%83%95%E3%82%A1%E3%83%83%E3%82%B7%E3%83%A7%E3%83%B3+%E3%83%A1%E3%83%B3%E3%82%BA%E3%83%95%E3%82%A1%E3%83%83%E3%82%B7%E3%83%A7%E3%83%B3+%E5%B8%BD%E5%AD%90+%E3%83%8B%E3%83%83%E3%83%88%E5%B8%BD+%E3%83%93%E3%83%BC%E3%83%8B%E3%83%BC+%E3%83%A1%E3%83%B3%E3%82%BA HTTP/1.1" 200 310356 "-" "Mozilla/5.0 (Linux; Android 6.0.1; Nexus 5X Build/MMB29P) AppleWebKit/537.36 (KHTML, like Gecko) Chrome/138.0.7204.183 Mobile Safari/537.36 (compatible; Googlebot/2.1; +http://www.google.com/bot.html)"
66.249.79.198 - - [20/Aug/2025:03:34:01 +0000] "GET /?g=62401111960502&channel=71b71f&from=brands.php%3Fid%3D1119605-1734%26name%3Dcygne+%E3%82%B7%E3%83%BC%E3%83%8B%E3%83%A5+%E3%83%AF%E3%83%B3%E3%83%94%E3%83%BC%E3%82%B9+seicochan++%E3%83%96%E3%83%A9%E3%83%83%E3%82%AF HTTP/1.1" 200 295131 "-" "Mozilla/5.0 (Linux; Android 6.0.1; Nexus 5X Build/MMB29P) AppleWebKit/537.36 (KHTML, like Gecko) Chrome/138.0.7204.183 Mobile Safari/537.36 (compatible; Googlebot/2.1; +http://www.google.com/bot.html)"
66.249.79.199 - - [20/Aug/2025:03:34:11 +0000] "GET /?g=4111728697006&channel=912b50&from=info.php%3Fid%3D286970-5898%26name%3D%E3%82%BF%E3%83%86%E5%9E%8B%E3%83%96%E3%83%A9%E3%82%A4%E3%83%B3%E3%83%89%E2%96%BC%E3%82%A2%E3%83%AB%E3%83%9A%E3%82%B8%E3%82%AA+%E7%94%9F%E5%9C%B0%E5%90%8D%EF%BC%9A%E3%83%97%E3%83%AC%E3%83%88+%E3%83%AC%E3%83%BC%E3%83%AB%E3%82%B8%E3%83%A7%E3%82%A4%E3%83%B3%E3%83%88%E3%82%BF%E3%82%A4%E3%83%97+%E3%82%B7%E3%83%B3%E3%82%B0%E3%83%AB%E3%82%B9%E3%82%BF%E3%82%A4%E3%83%AB+100mm+%E3%83%AB%E3%83%BC%E3%83%97%E3%82%B3%E3%83%BC%E3%83%89%E5%BC%8F+%E3%83%90%E3%83%A9%E3%83%B3%E3%82%B9%E3%82%A6%E3%82%A7%E3%82%A4%E3%83%88%EF%BC%9A%E6%A8%99%E6%BA%96%E3%83%BB%E3%82%AB%E3%83%90%E3%83%BC%E2%96%BC%3Cbr%3E%E3%83%8B%E3%83%81%E3%83%99%E3%82%A4+A8872%E3%80%9C8878%E3%80%90%E8%A3%BD%E5%93%81%E5%B9%853605%E3%80%9C4000%C3%97%E8%A3%BD%E5%93%81%E9%AB%98%E3%81%953510%E3%80%9C4000mm%E3%80%91 HTTP/1.1" 200 314941 "-" "Mozilla/5.0 (Linux; Android 6.0.1; Nexus 5X Build/MMB29P) AppleWebKit/537.36 (KHTML, like Gecko) Chrome/138.0.7204.183 Mobile Safari/537.36 (compatible; Googlebot/2.1; +http://www.google.com/bot.html)"
66.249.68.38 - - [20/Aug/2025:03:34:20 +0000] "GET /?g=1850246728401&channel=1427d6&from=goods.php%3Fid%3D467284-1272%26name%3D%E3%83%81%E3%82%A7%E3%82%A2+%E3%82%A2%E3%82%A4%E3%83%9C%E3%83%AA%E3%83%BC++%EF%BC%88%E7%B4%84W53.5%C3%97D48%C3%97H71%C3%97SH48cm%EF%BC%89+%E5%AE%8C%E6%88%90%E5%93%81%EF%BC%88%E8%90%A9%E5%8E%9F%E3%82%B9%E3%83%AA%E3%83%BC%E3%82%A2%E3%82%A4+HAGIHARA+%E5%9B%9E%E8%BB%A2%E3%83%80%E3%82%A4%E3%83%8B%E3%83%B3%E3%82%B0%E3%83%81%E3%82%A7%E3%82%A2%281%E8%84%9A%E3%81%AE%E3%81%BF%29+VC-7594BK+%E3%83%96%E3%83%A9%E3%83%83%E3%82%AF+4934257275699%E3%80%90%E5%88%A5%E9%80%81%E5%93%81%E3%80%91+%7C+%E6%A4%85%E5%AD%90%E3%83%BB%E3%83%81%E3%82%A7%E3%82%A2%E3%83%BB%E3%82%B9%E3%83%84%E3%83%BC%E3%83%AB++%E9%80%9A%E8%B2%A9+%7C+%E3%83%9B%E3%83%BC%E3%83%A0%E3%82%BB%E3%83%B3%E3%82%BF%E3%83%BC%E3%81%AE%E3%82%AB%E3%82%A4%E3%83%B3%E3%82%BA%EF%BC%89 HTTP/1.1" 200 309894 "-" "Mozilla/5.0 (Linux; Android 6.0.1; Nexus 5X Build/MMB29P) AppleWebKit/537.36 (KHTML, like Gecko) Chrome/138.0.7204.183 Mobile Safari/537.36 (compatible; Googlebot/2.1; +http://www.google.com/bot.html)"
66.249.79.198 - - [20/Aug/2025:03:34:29 +0000] "GET /?g=19804166756405&channel=be8f2c&from=category-info.php%3Fid%3D1667564-900%26name%3D%E3%80%90%E6%96%B0%E5%93%81+1%E5%8F%B0%E5%88%864%E6%9C%AC%E3%82%BB%E3%83%83%E3%83%88%E3%80%91+%3Cbr%3E235%2F55R18+RAV4+NX+%3Cbr%3E2023%E3%80%9C2024%E5%B9%B4%E8%A3%BD+%E3%83%80%E3%83%B3%E3%83%AD%E3%83%83%E3%83%97+%E3%82%A6%E3%82%A3%E3%83%B3%E3%82%BF%E3%83%BC%E3%83%9E%E3%83%83%E3%82%AF%E3%82%B9+WM03+%3Cbr%3E%E3%83%88%E3%83%AC%E3%82%B8%E3%83%A3%E3%83%BC%E3%83%AF%E3%83%B3+%E3%83%92%E3%83%A5%E3%83%BC%E3%83%9E%E3%83%B3%E3%83%A9%E3%82%A4%E3%83%B3+HR1+%E3%82%B7%E3%83%AB%E3%83%90%E3%83%BC+%3Cbr%3E18%E3%82%A4%E3%83%B3%E3%83%81+8.0J+5H114.3+%3Cbr%3E HTTP/1.1" 200 318050 "-" "Mozilla/5.0 (Linux; Android 6.0.1; Nexus 5X Build/MMB29P) AppleWebKit/537.36 (KHTML, like Gecko) Chrome/138.0.7204.183 Mobile Safari/537.36 (compatible; Googlebot/2.1; +http://www.google.com/bot.html)"
66.249.68.38 - - [20/Aug/2025:03:34:39 +0000] "GET /?g=86677115024803&channel=0f6849&from=article.php%3Fid%3D1150248-4671%26name%3D%E3%82%A8%E3%83%95%E3%83%88%E3%82%A4%E3%82%BA+%E3%83%9C%E3%83%BC%E3%82%A4%E3%83%B3%E3%82%B0%E3%82%B3%E3%83%AC%E3%82%AF%E3%82%B7%E3%83%A7%E3%83%B3%EF%BC%92+%EF%BC%A2-%EF%BC%95%EF%BC%92H%E3%82%B9%E3%83%88%E3%83%A9%E3%82%B9%E3%83%95%E3%82%A9%E3%83%BC%E3%83%88%E3%83%AC%E3%82%B9%E3%83%88+%E5%85%A85%E7%A8%AE+1%2F300 HTTP/1.1" 200 22735 "-" "Mozilla/5.0 (Linux; Android 6.0.1; Nexus 5X Build/MMB29P) AppleWebKit/537.36 (KHTML, like Gecko) Chrome/138.0.7204.183 Mobile Safari/537.36 (compatible; Googlebot/2.1; +http://www.google.com/bot.html)"
66.249.79.198 - - [20/Aug/2025:03:34:49 +0000] "GET /?g=2420170036704&channel=7df705&from=form.php%3Fid%3D700367-484%26name%3D%E3%80%90DYNOforged-gloss%EF%BC%8F%EF%BE%80%EF%BE%9E%EF%BD%B2%EF%BE%89%EF%BE%8C%EF%BD%AB%EF%BD%B0%EF%BD%BC%EF%BE%9E%EF%BE%84%EF%BE%9E%EF%BD%B8%EF%BE%9E%EF%BE%9B%EF%BD%BD%2860%29+1524mm%28%E5%B9%85%29%C3%9710M%28%E5%B7%BB%29+%E3%83%95%E3%82%A9%E3%83%BC%E3%82%B8%E3%83%89%E3%82%AB%E3%83%BC%E3%83%9C%E3%83%B3%E6%9F%84+1M%E3%82%AB%E3%83%83%E3%83%88%E8%B2%A9%E5%A3%B2%E3%80%91STEK+%E3%82%A8%E3%82%B9%E3%83%86%E3%83%83%E3%82%AF+%E3%83%97%E3%83%AD%E3%83%86%E3%82%AF%E3%82%B7%E3%83%A7%E3%83%B3%E3%83%95%E3%82%A3%E3%83%AB%E3%83%A0+PPF+1%E3%83%A1%E3%83%BC%E3%83%88%E3%83%AB%E5%88%87%E5%A3%B2+dynoorged-gloss+%E9%BB%92%E8%89%B2%E3%81%A8%E5%85%89%E6%B2%A2%E4%BB%95%E4%B8%8A%E3%81%92+%E7%96%8E%E6%B0%B4%E6%80%A7+%E3%82%BB%E3%83%AB%E3%83%95%E3%83%92%E3%83%BC%E3%83%AA%E3%83%B3%E3%82%B0+%E8%80%90%E6%B1%9A%E6%9F%93%E6%80%A7+%E9%AB%98%E3%81%84%E8%80%90%E6%93%A6%E3%83%BB%E9%98%B2%E5%82%B7%E6%80%A7%E8%83%BD HTTP/1.1" 200 298411 "-" "Mozilla/5.0 (Linux; Android 6.0.1; Nexus 5X Build/MMB29P) AppleWebKit/537.36 (KHTML, like Gecko) Chrome/138.0.7204.183 Mobile Safari/537.36 (compatible; Googlebot/2.1; +http://www.google.com/bot.html)"
66.249.79.199 - - [20/Aug/2025:03:34:59 +0000] "GET /?g=4121243085700&channel=c735a3&from=article.php%3Fid%3D430857-7178%26name%3D%E8%BF%94%E5%93%81OK+%E3%81%8A%E8%B2%B7%E3%81%84%E5%BE%97%E5%93%81%EF%BC%81%E3%80%90%E4%B8%AD%E5%8F%A4%E3%82%B4%E3%83%AB%E3%83%95%E3%82%AF%E3%83%A9%E3%83%96%E3%80%91%E3%80%90%E7%BE%8E%E5%93%81%E3%80%91%E3%82%AD%E3%83%A3%E3%83%AD%E3%82%A6%E3%82%A7%E3%82%A4+%E3%83%93%E3%83%83%E3%82%B0%E3%83%90%E3%83%BC%E3%82%B5+%E3%83%95%E3%82%A7%E3%82%A2%E3%82%A6%E3%82%A7%E3%82%A4+2023+%28%E6%97%A5%E6%9C%AC%E4%BB%95%E6%A7%98%29+SPEEDER+NX+for+Callaway+5W HTTP/1.1" 200 308598 "-" "Mozilla/5.0 (Linux; Android 6.0.1; Nexus 5X Build/MMB29P) AppleWebKit/537.36 (KHTML, like Gecko) Chrome/138.0.7204.183 Mobile Safari/537.36 (compatible; Googlebot/2.1; +http://www.google.com/bot.html)"
114.119.130.154 - - [20/Aug/2025:03:35:04 +0000] "GET /?g=6020877760902&channel=f6919c&from=pin.php?id%3D777609-8885%26name%3DAUDI%2B%E3%82%A2%E3%82%A6%E3%83%87%E3%82%A3%2BA6%2B(C7)%2B2.0%2BTFSI%2B%E3%82%AF%E3%83%AF%E3%83%88%E3%83%AD%2B4GCYPS%2BDIXCEL%2B%E3%83%87%E3%82%A3%E3%82%AF%E3%82%BB%E3%83%AB%2BP%2Btype%2B%E3%83%97%E3%83%AC%E3%83%9F%E3%82%A2%E3%83%A0%E3%82%BF%E3%82%A4%E3%83%97%2B%E3%83%96%E3%83%AC%E3%83%BC%E3%82%AD%E3%83%91%E3%83%83%E3%83%89%2B%E3%83%AA%E3%82%A2%2B15/07%EF%BD%9E%2BP1355214 HTTP/1.1" 200 22735 "https://ugotechnologies.com/sitemap.xml" "Mozilla/5.0 (Linux; Android 7.0;) AppleWebKit/537.36 (KHTML, like Gecko) Mobile Safari/537.36 (compatible; PetalBot;+https://webmaster.petalsearch.com/site/petalbot)"
66.249.79.198 - - [20/Aug/2025:03:35:08 +0000] "GET /?g=2388885253106&channel=1b97f1&from=blog.php%3Fid%3D852531-7186%26name%3D%E5%85%A5%E9%96%93%E2%96%A0%E3%80%90%E6%96%B0%E5%93%81%E3%80%91+%E3%83%89%E3%83%A9%E3%82%A4%E3%83%90%E3%83%BC+%E3%83%94%E3%83%B3+G425+LST+PING+TOUR+173-55%28JP%29+S+9%C2%B0%5B3657%5D HTTP/1.1" 200 309637 "-" "Mozilla/5.0 (Linux; Android 6.0.1; Nexus 5X Build/MMB29P) AppleWebKit/537.36 (KHTML, like Gecko) Chrome/138.0.7204.183 Mobile Safari/537.36 (compatible; Googlebot/2.1; +http://www.google.com/bot.html)"
66.249.68.39 - - [20/Aug/2025:03:35:18 +0000] "GET /?g=01742195189900&channel=73cbac&from=info.php%3Fid%3D1951899-7455%26name%3D%E3%83%94%E3%83%B3++PING+%E3%82%B9%E3%83%AA%E3%83%BC%E3%83%96%E4%BB%98%E3%81%8D+%E3%82%B7%E3%83%A3%E3%83%95%E3%83%88%3Cbr%3E%E3%82%AF%E3%83%AC%E3%82%A4%E3%82%B8%E3%83%BC%28CRAZY%29%3Cbr%3EVASUS+%E3%83%B4%E3%82%A1%E3%83%BC%E3%82%B5%E3%82%B9%EF%BC%88%E5%9C%B0%E3%82%AF%E3%83%A9%E3%83%96%E3%83%A1%E3%83%BC%E3%82%AB%E3%83%BC%E3%80%8C%E3%82%AF%E3%83%AC%E3%82%A4%E3%82%B8%E3%83%BC%E3%80%8D%EF%BD%9C%E6%96%B0%E8%A3%BD%E5%93%81%E3%81%AE%E3%81%94%E6%A1%88%E5%86%85%EF%BC%89 HTTP/1.1" 200 315835 "-" "Mozilla/5.0 (Linux; Android 6.0.1; Nexus 5X Build/MMB29P) AppleWebKit/537.36 (KHTML, like Gecko) Chrome/138.0.7204.183 Mobile Safari/537.36 (compatible; Googlebot/2.1; +http://www.google.com/bot.html)"
66.249.79.198 - - [20/Aug/2025:03:35:28 +0000] "GET /?g=69728164100200&channel=7ee7d9&from=product.php%3Fid%3D1641002-6079%26name%3D%E5%B0%82%E7%94%A8%E3%83%AC%E3%82%B8%E3%83%B3%E6%B6%B2+%E3%83%95%E3%83%AB%E3%83%BC%E3%83%AB10%E6%9C%AC HTTP/1.1" 200 298519 "-" "Mozilla/5.0 (Linux; Android 6.0.1; Nexus 5X Build/MMB29P) AppleWebKit/537.36 (KHTML, like Gecko) Chrome/138.0.7204.183 Mobile Safari/537.36 (compatible; Googlebot/2.1; +http://www.google.com/bot.html)"
66.249.79.198 - - [20/Aug/2025:03:35:38 +0000] "GET /?g=20948114863300&channel=c28570&from=shared.php%3Fid%3D1148633-183%26name%3D%E6%96%B0%E5%93%81%E3%80%80%E3%82%BC%E3%82%AA%E3%82%B9%E3%82%AD%E3%83%B3%E3%80%80%E3%82%B9%E3%82%AD%E3%83%B3%E3%83%96%E3%83%A9%E3%82%A4%E3%82%BB%E3%83%A9%E3%83%A00.5+%E3%83%90%E3%83%A9%E3%83%B3%E3%82%B5%E3%83%BC%E3%83%88%E3%83%8A%E3%83%BC HTTP/1.1" 200 305060 "-" "Mozilla/5.0 (Linux; Android 6.0.1; Nexus 5X Build/MMB29P) AppleWebKit/537.36 (KHTML, like Gecko) Chrome/138.0.7204.183 Mobile Safari/537.36 (compatible; Googlebot/2.1; +http://www.google.com/bot.html)"
66.249.79.199 - - [20/Aug/2025:03:35:47 +0000] "GET /?g=5104295717410&channel=be8f2c&from=category-info.php%3Fid%3D957174-900%26name%3DYOKOHAMA+R7137+ice+GUARD7+IG70+%E3%82%A2%E3%82%A4%E3%82%B9%E3%82%AC%E3%83%BC%E3%83%89+%E3%82%B9%E3%82%BF%E3%83%83%E3%83%89%E3%83%AC%E3%82%B9+%E3%83%9F%E3%83%84%E3%83%A4+225%2F45R17+%3Cbr%3EKYOHO+ENKEI+%E3%82%A8%E3%83%B3%E3%82%B1%E3%82%A4+Racing+RPF1+SILVER+%E3%83%9B%E3%82%A4%E3%83%BC%E3%83%AB+17+X+8.0J+%2B45+5%E7%A9%B4+100+210%E7%B3%BB%E3%82%AB%E3%83%AD%E3%83%BC%E3%83%A9%E3%82%B9%E3%83%9D%E3%83%BC%E3%83%84 HTTP/1.1" 200 313220 "-" "Mozilla/5.0 (Linux; Android 6.0.1; Nexus 5X Build/MMB29P) AppleWebKit/537.36 (KHTML, like Gecko) Chrome/138.0.7204.183 Mobile Safari/537.36 (compatible; Googlebot/2.1; +http://www.google.com/bot.html)"
66.249.68.38 - - [20/Aug/2025:03:35:57 +0000] "GET /?g=5172997644800&channel=4d2140&from=shared.php%3Fid%3D976448-645%26name%3D%E6%97%A7%E8%BB%8A%E3%82%AD%E3%83%A5%E3%83%BC%E3%83%88 HTTP/1.1" 200 309966 "-" "Mozilla/5.0 (Linux; Android 6.0.1; Nexus 5X Build/MMB29P) AppleWebKit/537.36 (KHTML, like Gecko) Chrome/138.0.7204.183 Mobile Safari/537.36 (compatible; Googlebot/2.1; +http://www.google.com/bot.html)"
66.249.79.200 - - [20/Aug/2025:03:36:07 +0000] "GET /?g=83891110008001&channel=876e5d&from=brands.php%3Fid%3D1100080-8068%26name%3D%E3%83%9E%E3%82%B9%E3%83%95%E3%83%AD%E3%83%BC%E3%82%B3%E3%83%B3%E3%83%88%E3%83%AD%E3%83%BC%E3%83%A9%E3%83%BC%E3%80%802SLM-H2+1%E5%80%8B+C1005 HTTP/1.1" 200 302104 "-" "Mozilla/5.0 (Linux; Android 6.0.1; Nexus 5X Build/MMB29P) AppleWebKit/537.36 (KHTML, like Gecko) Chrome/138.0.7204.183 Mobile Safari/537.36 (compatible; Googlebot/2.1; +http://www.google.com/bot.html)"
66.249.79.198 - - [20/Aug/2025:03:36:16 +0000] "GET /?g=64956140749102&channel=af4268&from=form.php%3Fid%3D1407491-11252%26name%3D%E3%80%90%E7%9B%B4%E9%80%81%E5%93%81%E3%80%91+%E3%82%B5%E3%82%AB%E3%82%A8+%E4%B8%AD%E9%87%8F%E6%A3%9ABW%E5%9E%8B%28500KG%2F%E6%AE%B5%E3%83%BB%E5%8D%98%E4%BD%93%E3%83%BB%E9%AB%98%E3%81%951800MM%E3%83%BB4%E6%AE%B5%29+BW-1524+%28182380%29+%E3%80%90%E7%89%B9%E5%A4%A7%E3%83%BB%E9%80%81%E6%96%99%E5%88%A5%E3%80%91 HTTP/1.1" 200 303362 "-" "Mozilla/5.0 (Linux; Android 6.0.1; Nexus 5X Build/MMB29P) AppleWebKit/537.36 (KHTML, like Gecko) Chrome/138.0.7204.183 Mobile Safari/537.36 (compatible; Googlebot/2.1; +http://www.google.com/bot.html)"
66.249.79.198 - - [20/Aug/2025:03:36:25 +0000] "GET /?g=77971194832703&channel=eddb09&from=category-info.php%3Fid%3D1948327-397%26name%3D%E6%96%B0%E5%93%81+%E3%82%BA%E3%83%83%E3%82%B1%E3%83%AD%E3%83%95%E3%82%A3%E3%83%A9%E3%83%BC%E3%83%88+fes+%E3%83%AC%E3%82%B6%E3%83%BC+%E3%83%A1%E3%83%83%E3%82%B7%E3%83%A5+%E3%81%8A%E8%B2%A1%E5%B8%83%E3%82%B7%E3%83%A7%E3%83%AB%E3%83%80%E3%83%BC%E3%83%90%E3%83%83%E3%82%B0 HTTP/1.1" 200 302600 "-" "Mozilla/5.0 (Linux; Android 6.0.1; Nexus 5X Build/MMB29P) AppleWebKit/537.36 (KHTML, like Gecko) Chrome/138.0.7204.183 Mobile Safari/537.36 (compatible; Googlebot/2.1; +http://www.google.com/bot.html)"
114.119.151.93 - - [20/Aug/2025:03:36:27 +0000] "GET /?g=6018220021311&channel=c08bed&from=article.php?id%3D200213-44%26name%3D%E2%9C%A8%E7%BE%8E%E5%93%81%E2%9C%A8%2BBurberry%2B%E3%83%90%E3%83%BC%E3%83%90%E3%83%AA%E3%83%BC%2B%E3%83%93%E3%82%B8%E3%83%8D%E3%82%B9%E3%83%90%E3%83%83%E3%82%B0%2B%E3%83%80%E3%83%AC%E3%82%B9%E3%83%90%E3%83%83%E3%82%B0%2B%E3%83%AC%E3%82%B6%E3%83%BC%2B%E9%BB%92 HTTP/1.1" 200 22735 "https://ugotechnologies.com/sitemap.xml" "Mozilla/5.0 (Linux; Android 7.0;) AppleWebKit/537.36 (KHTML, like Gecko) Mobile Safari/537.36 (compatible; PetalBot;+https://webmaster.petalsearch.com/site/petalbot)"
66.249.79.198 - - [20/Aug/2025:03:36:35 +0000] "GET /?g=224841862600&channel=8e6386&from=blog.php%3Fid%3D18626-201%26name%3DCASIO+%E3%82%AB%E3%82%B7%E3%82%AA+EXILIM+ZOOM+EX-Z800+%E3%83%87%E3%82%B8%E3%82%AB%E3%83%A1+%E3%83%94%E3%83%B3%E3%82%AF HTTP/1.1" 200 300250 "-" "Mozilla/5.0 (Linux; Android 6.0.1; Nexus 5X Build/MMB29P) AppleWebKit/537.36 (KHTML, like Gecko) Chrome/138.0.7204.183 Mobile Safari/537.36 (compatible; Googlebot/2.1; +http://www.google.com/bot.html)"
66.249.79.199 - - [20/Aug/2025:03:36:45 +0000] "GET /?g=05722158066600&channel=c66c16&from=form.php%3Fid%3D1580666-326%26name%3D%E3%81%A1%E3%82%88%E6%A7%98%E5%B0%82%E7%94%A8 HTTP/1.1" 200 303824 "-" "Mozilla/5.0 (Linux; Android 6.0.1; Nexus 5X Build/MMB29P) AppleWebKit/537.36 (KHTML, like Gecko) Chrome/138.0.7204.183 Mobile Safari/537.36 (compatible; Googlebot/2.1; +http://www.google.com/bot.html)"
66.249.79.198 - - [20/Aug/2025:03:36:57 +0000] "GET /?g=12271180087700&channel=efe95e&from=goods.php%3Fid%3D1800877-40%26name%3D366%E6%97%A5%E3%82%B9%E3%83%86%E3%83%83%E3%82%AB%E3%83%BC%E3%80%80%E5%91%AA%E8%A1%93%E5%BB%BB%E6%88%A6%E3%80%80%E8%99%8E%E6%9D%96%E6%82%A0%E4%BB%81%E3%80%80%E8%99%8E%E6%9D%96%E3%80%80%E3%83%90%E3%83%BC%E3%82%B9%E3%83%87%E3%83%BC HTTP/1.1" 200 307650 "-" "Mozilla/5.0 (Linux; Android 6.0.1; Nexus 5X Build/MMB29P) AppleWebKit/537.36 (KHTML, like Gecko) Chrome/138.0.7204.183 Mobile Safari/537.36 (compatible; Googlebot/2.1; +http://www.google.com/bot.html)"
66.249.79.200 - - [20/Aug/2025:03:37:10 +0000] "GET /?g=7406449111604&channel=256a42&from=news.php%3Fid%3D491116-3049%26name%3DGIOS+CANTARE+%E3%83%9B%E3%83%AF%E3%82%A4%E3%83%88+%E3%83%AD%E3%83%BC%E3%83%89%E3%83%90%E3%82%A4%E3%82%AF HTTP/1.1" 200 296832 "-" "Mozilla/5.0 (Linux; Android 6.0.1; Nexus 5X Build/MMB29P) AppleWebKit/537.36 (KHTML, like Gecko) Chrome/138.0.7204.183 Mobile Safari/537.36 (compatible; Googlebot/2.1; +http://www.google.com/bot.html)"
66.249.79.199 - - [20/Aug/2025:03:37:22 +0000] "GET /?g=10658116561103&channel=d48a6f&from=brands.php%3Fid%3D1165611-7424%26name%3D%E7%94%A8+CBF600N+CBF1000+CBF1000S+CBF1000T+2006-2010+16700-MFN-D01+%E3%82%AA%E3%83%BC%E3%83%88%E3%83%90%E3%82%A4%E7%87%83 HTTP/1.1" 200 301613 "-" "Mozilla/5.0 (Linux; Android 6.0.1; Nexus 5X Build/MMB29P) AppleWebKit/537.36 (KHTML, like Gecko) Chrome/138.0.7204.183 Mobile Safari/537.36 (compatible; Googlebot/2.1; +http://www.google.com/bot.html)"
66.249.79.198 - - [20/Aug/2025:03:37:35 +0000] "GET /?g=6112429229104&channel=6c68ea&from=pin.php%3Fid%3D292291-731%26name%3D%E3%80%90%E5%87%BA%E8%8D%B7%E5%81%9C%E6%AD%A2%E4%B8%AD%E3%80%91%E5%A4%A9%E7%84%B6%E6%9C%A8%E3%82%92%E3%81%B5%E3%82%93%E3%81%A0%E3%82%93%E3%81%AB%E4%BD%BF%E3%81%A3%E3%81%9F%E3%83%8A%E3%83%81%E3%83%A5%E3%83%A9%E3%83%AB%E3%82%B7%E3%83%AA%E3%83%BC%E3%82%BA+%EF%BC%9CNATURAL+SIGNATURE++%E7%89%87%E3%83%90%E3%82%BF%E3%83%86%E3%83%BC%E3%83%96%E3%83%AB%EF%BC%9E%E7%89%87%E3%83%90%E3%82%BF%E3%83%86%E3%83%BC%E3%83%96%E3%83%AB+3919T%EF%BC%88Natural+Signature%EF%BD%9C%E4%B8%8D%E4%BA%8C%E8%B2%BF%E6%98%93%E6%A0%AA%E5%BC%8F%E4%BC%9A%E7%A4%BE%EF%BD%9CFuji+Boeki+Co.%2CLtd.%EF%BC%89 HTTP/1.1" 200 308403 "-" "Mozilla/5.0 (Linux; Android 6.0.1; Nexus 5X Build/MMB29P) AppleWebKit/537.36 (KHTML, like Gecko) Chrome/138.0.7204.183 Mobile Safari/537.36 (compatible; Googlebot/2.1; +http://www.google.com/bot.html)"
66.249.79.198 - - [20/Aug/2025:03:37:47 +0000] "GET /?g=9021370129201&channel=4191f3&from=brands.php%3Fid%3D701292-4286%26name%3D%E3%83%A2%E3%82%B9%E3%82%AD%E3%83%BC%E3%83%8E+MOSCHINO+Logo+skirt+HBJ02GLCA32NEROBLACK+Women+%E3%82%B9%E3%82%AB%E3%83%BC%E3%83%88+Black+10++12+4+6+8+%E3%80%90%E9%80%81%E6%96%99%E7%84%A1%E6%96%99%E3%83%BB%E9%96%A2%E7%A8%8E%E8%BE%BC%E3%80%91%EF%BC%88Moschino+girls%27+skirts%2C+compare+prices+and+buy+online%EF%BC%89 HTTP/1.1" 200 307348 "-" "Mozilla/5.0 (Linux; Android 6.0.1; Nexus 5X Build/MMB29P) AppleWebKit/537.36 (KHTML, like Gecko) Chrome/138.0.7204.183 Mobile Safari/537.36 (compatible; Googlebot/2.1; +http://www.google.com/bot.html)"
114.119.157.43 - - [20/Aug/2025:03:37:52 +0000] "GET /?g=60133127787700&channel=d29f47&from=pin.php?id%3D1277877-11133%26name%3D%E5%BE%A1%E5%AE%88%E8%A2%8B%2BC%E5%9E%8B%E3%80%80100%E5%80%8B%E3%82%BB%E3%83%83%E3%83%88%E3%80%80%E3%80%80%3CBR%3E%3CBR%3E%E7%A5%9D%2B%E9%81%8B%2B%E7%B8%81%E8%B5%B7%2B%E3%81%8A%E5%AE%88%E3%82%8A%2B%E9%96%8B%E9%81%8B%2B%E6%A0%B9%E4%BB%98%2B%E6%9D%A5%E7%A6%8F%2B%E6%8C%A8%E6%8B%B6%2B%E8%A8%98%E5%BF%B5 HTTP/1.1" 200 22735 "https://ugotechnologies.com/sitemap.xml" "Mozilla/5.0 (Linux; Android 7.0;) AppleWebKit/537.36 (KHTML, like Gecko) Mobile Safari/537.36 (compatible; PetalBot;+https://webmaster.petalsearch.com/site/petalbot)"
66.249.79.198 - - [20/Aug/2025:03:38:00 +0000] "GET /?g=04698528003&channel=9fce46&from=shared.php%3Fid%3D5280-64%26name%3D%E2%97%8E392+Think+Bee%21+%E3%82%B7%E3%83%B3%E3%82%AF%E3%83%93%E3%83%BC%EF%BC%81%E3%80%80%E3%82%B8%E3%83%A5%E3%82%A8%E3%83%AB%E3%83%93%E3%83%BC%E3%83%B3%E3%82%BA%E3%83%88%E3%83%BC%E3%83%88%E3%83%90%E3%83%83%E3%82%B0 HTTP/1.1" 200 298274 "-" "Mozilla/5.0 (Linux; Android 6.0.1; Nexus 5X Build/MMB29P) AppleWebKit/537.36 (KHTML, like Gecko) Chrome/138.0.7204.183 Mobile Safari/537.36 (compatible; Googlebot/2.1; +http://www.google.com/bot.html)"
66.249.79.198 - - [20/Aug/2025:03:38:12 +0000] "GET /?g=3091390208302&channel=f5cf63&from=shop.php%3Fid%3D902083-1140%26name%3D%E3%80%906%2F30%E9%99%90%E5%AE%9A+%E5%85%A8%E5%93%81%E3%83%9D%E3%82%A4%E3%83%B3%E3%83%885%E5%80%8D%E3%80%91%E3%82%B9%E3%82%BA%E3%82%AD+%E3%82%B9%E3%82%A4%E3%83%95%E3%83%88%E3%82%B9%E3%83%9D%E3%83%BC%E3%83%84%28ZC33S%29%E7%94%A8+195%2F45R17+81W+%E3%83%96%E3%83%AA%E3%83%82%E3%82%B9%E3%83%88%E3%83%B3+%E3%83%9D%E3%83%86%E3%83%B3%E3%82%B6+%E3%82%A2%E3%83%89%E3%83%AC%E3%83%8A%E3%83%AA%E3%83%B3+RE004+%E6%AD%A3%E8%A6%8F%E5%93%81%28%E6%95%B0%E9%87%8F%E9%99%90%E5%AE%9A%29+%E3%83%AF%E3%83%BC%E3%82%AF+%E3%82%A8%E3%83%A2%E3%83%BC%E3%82%B7%E3%83%A7%E3%83%B3+CR+2P+AHG+%E6%96%B0%E5%93%81%E3%82%B5%E3%83%9E%E3%83%BC%E3%82%BF%E3%82%A4%E3%83%A4%E3%83%9B%E3%82%A4%E3%83%BC%E3%83%AB+4%E6%9C%AC%E3%82%BB%E3%83%83%E3%83%88 HTTP/1.1" 200 316013 "-" "Mozilla/5.0 (Linux; Android 6.0.1; Nexus 5X Build/MMB29P) AppleWebKit/537.36 (KHTML, like Gecko) Chrome/138.0.7204.183 Mobile Safari/537.36 (compatible; Googlebot/2.1; +http://www.google.com/bot.html)"
66.249.68.38 - - [20/Aug/2025:03:38:25 +0000] "GET /?g=73620148835602&channel=8d092d&from=info.php%3Fid%3D1488356-24399%26name%3D%E3%83%90%E3%83%8B%E3%83%BC%E3%83%8A%E3%83%97%E3%82%AD%E3%83%B3%E3%83%AA%E3%83%B3%E3%82%B0%E3%81%AE6%E3%83%94%E3%83%BC%E3%82%B9%E3%82%BB%E3%83%83%E3%83%88%E3%82%A4%E3%83%BC%E3%82%B9%E3%82%BF%E3%83%BC%E3%83%8A%E3%83%97%E3%82%AD%E3%83%B3%E3%83%AA%E3%83%B3%E3%82%B0%E3%83%8A%E3%83%97%E3%82%AD%E3%83%B3%E3%83%AA%E3%83%B3%E3%82%B0%E3%83%80%E3%82%A4%E3%83%8B%E3%83%B3%E3%82%B0%E3%83%86%E3%83%BC%E3%83%96%E3%83%AB%E3%83%8A%E3%83%97%E3%82%AD%E3%83%B3%E3%83%9B%E3%83%AB%E3%83%80%E3%83%BC%E3%83%AA%E3%83%B3%E3%82%B0%E3%83%8A%E3%83%97%E3%82%AD%E3%83%B3%E3%83%9B%E3%83%AB%E3%83%80%E3%83%BC%E3%83%AA HTTP/1.1" 200 299833 "-" "Mozilla/5.0 (Linux; Android 6.0.1; Nexus 5X Build/MMB29P) AppleWebKit/537.36 (KHTML, like Gecko) Chrome/138.0.7204.183 Mobile Safari/537.36 (compatible; Googlebot/2.1; +http://www.google.com/bot.html)"
66.249.79.198 - - [20/Aug/2025:03:38:37 +0000] "GET /?g=29211155789204&channel=023e7d&from=shop.php%3Fid%3D1557892-795%26name%3D%E3%80%90hirotan+K62%E3%80%91%E2%98%85%E8%A2%8B%E5%B8%AF+%E8%A5%BF%E9%99%A3%E7%B9%94%E7%AD%89+%E6%AD%A3%E7%B5%B9+12%E7%82%B9%E3%82%BB%E3%83%83%E3%83%88%E2%98%85 HTTP/1.1" 200 305996 "-" "Mozilla/5.0 (Linux; Android 6.0.1; Nexus 5X Build/MMB29P) AppleWebKit/537.36 (KHTML, like Gecko) Chrome/138.0.7204.183 Mobile Safari/537.36 (compatible; Googlebot/2.1; +http://www.google.com/bot.html)"
66.249.79.198 - - [20/Aug/2025:03:38:50 +0000] "GET /?g=8927527263800&channel=842b56&from=shop.php%3Fid%3D272638-9166%26name%3DKRYPTONITE+%E3%82%AF%E3%83%AA%E3%83%97%E3%83%88%E3%83%8A%E3%82%A4%E3%83%88+%E3%83%AD%E3%83%83%E3%82%AF+%E3%82%AB%E3%82%AE+%E3%83%A1%E3%83%83%E3%82%BB%E3%83%B3%E3%82%B8%E3%83%A3%E3%83%BC+%E3%83%9F%E3%83%8B+%E3%83%97%E3%83%A9%E3%82%B9+11mm%E5%BC%B7%E5%8C%96%E3%82%B9%E3%83%81%E3%83%BC%E3%83%AB%E8%A3%BD%E3%82%B7%E3%83%A3%E3%83%83%E3%82%AF%E3%83%AB+LKU04000 HTTP/1.1" 200 300087 "-" "Mozilla/5.0 (Linux; Android 6.0.1; Nexus 5X Build/MMB29P) AppleWebKit/537.36 (KHTML, like Gecko) Chrome/138.0.7204.183 Mobile Safari/537.36 (compatible; Googlebot/2.1; +http://www.google.com/bot.html)"
66.249.79.199 - - [20/Aug/2025:03:39:03 +0000] "GET /?g=81042198008800&channel=6a3391&from=news.php%3Fid%3D1980088-13954%26name%3DNAIKI+%E8%BB%BD%E4%B8%AD%E9%87%8F%E3%83%A9%E3%83%83%E3%82%AF%E5%8D%98%E7%AB%8B+W1205%C3%97D455%C3%97H2405+%3Cbr%3ERFM845-5+1%E5%80%8B%3Cbr%3E%3Cbr%3E+%E2%96%A0%E2%96%BC176-0724+%3Cbr%3E%3Cbr%3E%3Cbr%3E%E2%80%BB%E5%80%8B%E4%BA%BA%E5%AE%85%E6%A7%98%E9%80%81%E3%82%8A%E4%B8%8D%E5%8F%AF HTTP/1.1" 200 300876 "-" "Mozilla/5.0 (Linux; Android 6.0.1; Nexus 5X Build/MMB29P) AppleWebKit/537.36 (KHTML, like Gecko) Chrome/138.0.7204.183 Mobile Safari/537.36 (compatible; Googlebot/2.1; +http://www.google.com/bot.html)"
114.119.151.93 - - [20/Aug/2025:03:39:14 +0000] "GET /?g=6004229864512&channel=05e08d&from=brands.php?id%3D298645-1272%26name%3D%E3%83%81%E3%82%A7%E3%82%A2%2B%E5%A4%A9%E7%84%B6%E6%9C%A8(%E3%82%AA%E3%83%BC%E3%82%AF)%2B%E3%82%BD%E3%83%95%E3%83%88%E3%83%AC%E3%82%B6%E3%83%BC%E5%BA%A7%E9%9D%A2%2B%E3%83%80%E3%82%A4%E3%83%8B%E3%83%B3%E3%82%B0%E3%83%81%E3%82%A7%E3%82%A2 HTTP/1.1" 200 22735 "https://ugotechnologies.com/sitemap.xml" "Mozilla/5.0 (Linux; Android 7.0;) AppleWebKit/537.36 (KHTML, like Gecko) Mobile Safari/537.36 (compatible; PetalBot;+https://webmaster.petalsearch.com/site/petalbot)"
66.249.79.198 - - [20/Aug/2025:03:39:16 +0000] "GET /?g=1197037057402&channel=50fe6f&from=article.php%3Fid%3D370574-1193%26name%3D%E3%80%906%2F22+20%E6%99%82%E3%80%9C+%E5%85%A8%E5%93%81P5%E5%80%8D%EF%BC%86%E3%82%AF%E3%83%BC%E3%83%9D%E3%83%B3%E3%80%91BBS+RI-D+DB+20%C3%979+%2B32+5%2F120+%E6%96%B0%E5%93%81%E3%83%9B%E3%82%A4%E3%83%BC%E3%83%AB1%E6%9C%AC HTTP/1.1" 200 303769 "-" "Mozilla/5.0 (Linux; Android 6.0.1; Nexus 5X Build/MMB29P) AppleWebKit/537.36 (KHTML, like Gecko) Chrome/138.0.7204.183 Mobile Safari/537.36 (compatible; Googlebot/2.1; +http://www.google.com/bot.html)"
66.249.79.198 - - [20/Aug/2025:03:39:29 +0000] "GET /?g=27741169053604&channel=3cfaa0&from=category-info.php%3Fid%3D1690536-11176%26name%3D%E8%A8%AA%E5%95%8F%E7%9D%80+%E8%BA%AB%E4%B8%88154.5cm+%E8%A3%84%E4%B8%8863cm+S+%E8%A2%B7+%E8%90%BD%E6%AC%BE%E3%81%82%E3%82%8A+%E8%BE%BB%E3%81%8C%E8%8A%B1+%E6%B5%81%E6%B0%B4+%E3%81%BC%E3%81%8B%E3%81%97+%E3%83%99%E3%83%BC%E3%82%B8%E3%83%A5+%E6%AD%A3%E7%B5%B9+%E5%90%8D%E5%93%81+%E3%80%90%E4%B8%AD%E5%8F%A4%E3%80%91+msp30 HTTP/1.1" 200 317155 "-" "Mozilla/5.0 (Linux; Android 6.0.1; Nexus 5X Build/MMB29P) AppleWebKit/537.36 (KHTML, like Gecko) Chrome/139.0.7258.127 Mobile Safari/537.36 (compatible; Googlebot/2.1; +http://www.google.com/bot.html)"
66.249.68.39 - - [20/Aug/2025:03:39:43 +0000] "GET /?g=3729520550000&channel=144fb0&from=form.php%3Fid%3D205500-989%26name%3DComandante+Liquid+Amber+C40+MK4 HTTP/1.1" 200 298038 "-" "Mozilla/5.0 (Linux; Android 6.0.1; Nexus 5X Build/MMB29P) AppleWebKit/537.36 (KHTML, like Gecko) Chrome/138.0.7204.183 Mobile Safari/537.36 (compatible; Googlebot/2.1; +http://www.google.com/bot.html)"
66.249.79.198 - - [20/Aug/2025:03:39:56 +0000] "GET /?g=971778911500&channel=a2d63a&from=goods.php%3Fid%3D89115-5475%26name%3D%E3%80%90%E6%94%AF%E6%89%95%E7%B7%8F%E9%A1%8D80%2C000%E5%86%86%E3%80%91%E4%B8%AD%E5%8F%A4%E8%BB%8A+%E3%83%9B%E3%83%B3%E3%83%80+%E3%82%BC%E3%82%B9%E3%83%88 HTTP/1.1" 200 307979 "-" "Mozilla/5.0 (Linux; Android 6.0.1; Nexus 5X Build/MMB29P) AppleWebKit/537.36 (KHTML, like Gecko) Chrome/138.0.7204.183 Mobile Safari/537.36 (compatible; Googlebot/2.1; +http://www.google.com/bot.html)"
66.249.79.200 - - [20/Aug/2025:03:40:09 +0000] "GET /?g=88832130100304&channel=7abefd&from=news.php%3Fid%3D1301003-4992%26name%3D%E6%A8%A1%E5%86%99%E3%80%80%E6%8E%9B%E8%BB%B8%E3%80%80%E9%85%92%E4%BA%95%E6%8A%B1%E4%B8%80%E3%80%80%E6%9C%88%E3%81%AB%E7%A7%8B%E8%8D%89%E3%81%A8%E8%99%AB%E5%9B%B3%E3%80%80%E5%85%B1%E7%AE%B1%E4%BB%98%E3%81%8D%E3%80%80%E6%8E%9B%E3%81%91%E8%BB%B8%E3%80%80%E9%AA%A8%E8%91%A3%E5%93%81 HTTP/1.1" 200 299706 "-" "Mozilla/5.0 (Linux; Android 6.0.1; Nexus 5X Build/MMB29P) AppleWebKit/537.36 (KHTML, like Gecko) Chrome/138.0.7204.183 Mobile Safari/537.36 (compatible; Googlebot/2.1; +http://www.google.com/bot.html)"
66.249.79.198 - - [20/Aug/2025:03:40:22 +0000] "GET /?g=8292839609502&channel=444daf&from=goods.php%3Fid%3D396095-983%26name%3D%E3%83%AC%E3%83%87%E3%82%A3%E3%83%BC%E3%82%B9+++%E3%83%8F%E3%82%A4%E3%83%92%E3%83%BC%E3%83%AB%2F%E3%83%91%E3%83%B3%E3%83%97%E3%82%B9 HTTP/1.1" 200 300513 "-" "Mozilla/5.0 (Linux; Android 6.0.1; Nexus 5X Build/MMB29P) AppleWebKit/537.36 (KHTML, like Gecko) Chrome/138.0.7204.183 Mobile Safari/537.36 (compatible; Googlebot/2.1; +http://www.google.com/bot.html)"
66.249.79.198 - - [20/Aug/2025:03:40:35 +0000] "GET /?g=94941197208400&channel=9963c1&from=blog.php%3Fid%3D1972084-302%26name%3D%E3%81%BE%E3%82%8A%E3%82%8A%E6%A8%A3%E2%98%86%E5%B0%82%E7%94%A8 HTTP/1.1" 200 300709 "-" "Mozilla/5.0 (Linux; Android 6.0.1; Nexus 5X Build/MMB29P) AppleWebKit/537.36 (KHTML, like Gecko) Chrome/138.0.7204.183 Mobile Safari/537.36 (compatible; Googlebot/2.1; +http://www.google.com/bot.html)"
114.119.130.154 - - [20/Aug/2025:03:40:38 +0000] "GET /?g=60042120491001&channel=1939e2&from=news.php?id%3D1204910-2643%26name%3DRUSSELUNO%2B%E3%83%A9%E3%83%83%E3%82%BB%E3%83%AB%E3%83%8E%2B%E8%A3%8F%E8%B5%B7%E6%AF%9B%2B%E3%82%B9%E3%82%A6%E3%82%A7%E3%83%83%E3%83%88%E3%83%88%E3%83%AC%E3%83%BC%E3%83%8A%E3%83%BC%2B4%2B%EF%BC%BB240001964294%EF%BC%BD HTTP/1.1" 200 22735 "https://ugotechnologies.com/sitemap.xml" "Mozilla/5.0 (Linux; Android 7.0;) AppleWebKit/537.36 (KHTML, like Gecko) Mobile Safari/537.36 (compatible; PetalBot;+https://webmaster.petalsearch.com/site/petalbot)"
66.249.79.198 - - [20/Aug/2025:03:40:48 +0000] "GET /?g=7328557478803&channel=d6f917&from=form.php%3Fid%3D574788-582%26name%3D%E2%98%85sim%E3%83%95%E3%83%AA%E3%83%BC%E2%98%85++iPhone+7+Black+128GB%EF%BC%88iPhone+7+Black+128+GB+SIM%E3%83%95%E3%83%AA%E3%83%BC+-+%E3%82%B9%E3%83%9E%E3%83%BC%E3%83%88%E3%83%95%E3%82%A9%E3%83%B3%E6%9C%AC%E4%BD%93%EF%BC%89 HTTP/1.1" 200 296518 "-" "Mozilla/5.0 (Linux; Android 6.0.1; Nexus 5X Build/MMB29P) AppleWebKit/537.36 (KHTML, like Gecko) Chrome/138.0.7204.183 Mobile Safari/537.36 (compatible; Googlebot/2.1; +http://www.google.com/bot.html)"
66.249.79.199 - - [20/Aug/2025:03:41:02 +0000] "GET /?g=88603156821801&channel=3ba579&from=pin.php%3Fid%3D1568218-5225%26name%3D%E3%83%87%E3%82%A3%E3%82%AF%E3%82%BB%E3%83%AB+W140+140050%2F140051+%E3%83%96%E3%83%AC%E3%83%BC%E3%82%AD%E3%83%87%E3%82%A3%E3%82%B9%E3%82%AF+%E3%83%95%E3%83%AD%E3%83%B3%E3%83%88%E5%B7%A6%E5%8F%B3%E3%82%BB%E3%83%83%E3%83%88+HS%E3%82%BF%E3%82%A4%E3%83%97+1112739+DIXCEL+%E3%83%AD%E3%83%BC%E3%82%BF%E3%83%BC+%E3%83%96%E3%83%AC%E3%83%BC%E3%82%AD%E3%83%AD%E3%83%BC%E3%82%BF%E3%83%BC HTTP/1.1" 200 308473 "-" "Mozilla/5.0 (Linux; Android 6.0.1; Nexus 5X Build/MMB29P) AppleWebKit/537.36 (KHTML, like Gecko) Chrome/138.0.7204.183 Mobile Safari/537.36 (compatible; Googlebot/2.1; +http://www.google.com/bot.html)"
66.249.79.198 - - [20/Aug/2025:03:41:15 +0000] "GET /?g=50202138713500&channel=8d7063&from=form.php%3Fid%3D1387135-8035%26name%3D%E3%82%BE%E3%83%B3%E3%83%93%E3%83%A9%E3%83%B3%E3%83%89%E3%82%B5%E3%82%AC+%E3%83%AA%E3%83%99%E3%83%B3%E3%82%B8+%E4%BC%8A%E4%B8%87%E9%87%8C%E6%B9%BE%E5%A4%A7%E8%8A%B1%E7%81%AB2024Ver.+%E3%82%B0%E3%83%83%E3%82%BA%E3%82%BB%E3%83%83%E3%83%88 HTTP/1.1" 200 312081 "-" "Mozilla/5.0 (Linux; Android 6.0.1; Nexus 5X Build/MMB29P) AppleWebKit/537.36 (KHTML, like Gecko) Chrome/138.0.7204.183 Mobile Safari/537.36 (compatible; Googlebot/2.1; +http://www.google.com/bot.html)"
66.249.79.198 - - [20/Aug/2025:03:41:29 +0000] "GET /?g=18301154935600&channel=06d790&from=pin.php%3Fid%3D1549356-13054%26name%3D%E3%80%90%E4%B8%AD%E5%8F%A4%E3%80%91%E3%83%A0%E3%82%B8%E3%83%BC%E3%82%AF+On+The+Screw+BLACK+XSPIRE+%E3%83%89%E3%83%A9%E3%82%A4%E3%83%90%E3%83%BC+10.5%C2%B0+R%E3%83%95%E3%83%AC%E3%83%83%E3%82%AF%E3%82%B9+45.5%E3%82%A4%E3%83%B3%E3%83%81+%E3%83%98%E3%83%83%E3%83%89%E3%82%AB%E3%83%90%E3%83%BC%E3%81%82%E3%82%8A+ATTAS+SUNRISE+4+%E3%83%AA%E3%82%B7%E3%83%A3%E3%83%95%E3%83%88%E5%93%81+C%E3%83%A9%E3%83%B3%E3%82%AF+%E5%8F%B3%E5%88%A9%E3%81%8D%E7%94%A8+muziik+%E3%82%B4%E3%83%AB%E3%83%95%E3%82%AF%E3%83%A9%E3%83%96+%E3%82%B4%E3%83%AB%E3%83%95%E3%83%89%E3%82%A5+%E3%82%B4%E3%83%AB%E3%83%95%E7%94%A8%E5%93%81+GOLF+DO HTTP/1.1" 200 318847 "-" "Mozilla/5.0 (Linux; Android 6.0.1; Nexus 5X Build/MMB29P) AppleWebKit/537.36 (KHTML, like Gecko) Chrome/138.0.7204.183 Mobile Safari/537.36 (compatible; Googlebot/2.1; +http://www.google.com/bot.html)"
66.249.79.198 - - [20/Aug/2025:03:41:42 +0000] "GET /?g=8178990402303&channel=01ffbd&from=news.php%3Fid%3D904023-297%26name%3D%E3%83%80%E3%82%A4%E3%83%8B%E3%83%B3%E3%82%B0%E3%83%86%E3%83%BC%E3%83%96%E3%83%AB%E3%82%BB%E3%83%83%E3%83%88%E2%98%86%E6%96%B0%E5%93%81%E5%B1%95%E7%A4%BA%E5%93%81%E2%98%866%E4%BA%BA%E3%81%8C%E3%81%91 HTTP/1.1" 200 313116 "-" "Mozilla/5.0 (Linux; Android 6.0.1; Nexus 5X Build/MMB29P) AppleWebKit/537.36 (KHTML, like Gecko) Chrome/138.0.7204.183 Mobile Safari/537.36 (compatible; Googlebot/2.1; +http://www.google.com/bot.html)"
66.249.79.199 - - [20/Aug/2025:03:41:57 +0000] "GET /?g=03537197923600&channel=db5af2&from=product.php%3Fid%3D1979236-12770%26name%3D%E3%82%AF%E3%83%AD%E3%83%BC%E3%82%BC%E3%83%83%E3%83%88%E3%83%8F%E3%83%B3%E3%82%AC%E3%83%BC%EF%BC%88%E3%83%AF%E3%82%A4%E3%83%89%E3%82%BF%E3%82%A4%E3%83%97%EF%BC%89%28N%29 HTTP/1.1" 200 307445 "-" "Mozilla/5.0 (Linux; Android 6.0.1; Nexus 5X Build/MMB29P) AppleWebKit/537.36 (KHTML, like Gecko) Chrome/138.0.7204.183 Mobile Safari/537.36 (compatible; Googlebot/2.1; +http://www.google.com/bot.html)"
114.119.141.178 - - [20/Aug/2025:03:42:02 +0000] "GET /?g=6003679071900&channel=b8a77a&from=category-info.php?id%3D790719-4797%26name%3D%E3%83%96%E3%83%AA%E3%83%83%E3%83%84%2B%E3%82%B9%E3%83%AD%E3%83%83%E3%83%88%E3%83%AB%E3%82%B3%E3%83%B3%E3%83%88%E3%83%AD%E3%83%BC%E3%83%A9%E3%83%BC%2BThro%2BCon%2B%E3%83%87%E3%83%AA%E3%82%ABD:5%2BCV2W%2BBTSJ1%2BBLITZ HTTP/1.1" 200 22735 "https://ugotechnologies.com/sitemap.xml" "Mozilla/5.0 (Linux; Android 7.0;) AppleWebKit/537.36 (KHTML, like Gecko) Mobile Safari/537.36 (compatible; PetalBot;+https://webmaster.petalsearch.com/site/petalbot)"
66.249.79.199 - - [20/Aug/2025:03:42:10 +0000] "GET /?g=5721820056304&channel=95def0&from=pin.php%3Fid%3D200563-381%26name%3D26cm%EF%BC%81DENHAM+%C3%97+CONVERSE++ALL+STAR+100+OX%EF%BC%88%E6%A5%BD%E5%A4%A9%E5%B8%82%E5%A0%B4%E3%80%91%E3%80%90%E3%82%B3%E3%83%B3%E3%83%90%E3%83%BC%E3%82%B9%E3%82%B9%E3%82%B1%E3%83%BC%E3%83%88%E3%83%9C%E3%83%BC%E3%83%87%E3%82%A3%E3%83%B3%E3%82%B0%2FCONVERSE+SKATEBOARDING%E3%80%91ALL+STAR+SK+OX++%5B34202280%5D%E3%80%90%E9%80%81%E6%96%99%E7%84%A1%E6%96%99%E3%80%91%E3%80%90id%E3%80%91+%3A+%E3%82%A4%E3%83%AB%E3%83%93%E3%82%BE%E3%83%B3%E3%83%86%E6%AD%A3%E8%A6%8F%E5%8F%96%E6%89%B1%E5%BA%97+%E3%83%8E%E3%83%AF%EF%BC%89 HTTP/1.1" 200 298601 "-" "Mozilla/5.0 (Linux; Android 6.0.1; Nexus 5X Build/MMB29P) AppleWebKit/537.36 (KHTML, like Gecko) Chrome/138.0.7204.183 Mobile Safari/537.36 (compatible; Googlebot/2.1; +http://www.google.com/bot.html)"
66.249.79.198 - - [20/Aug/2025:03:42:24 +0000] "GET /?g=94945120740802&channel=f5cf63&from=form.php%3Fid%3D1207408-1140%26name%3D%E3%80%90%E5%8F%96%E4%BB%98%E5%AF%BE%E8%B1%A1%E3%80%91245%2F35R20+95Y+XL+%3Cbr%3E%E3%83%9F%E3%82%B7%E3%83%A5%E3%83%A9%E3%83%B3+%E3%83%91%E3%82%A4%E3%83%AD%E3%83%83%E3%83%88%E3%82%B9%E3%83%9D%E3%83%BC%E3%83%845+%3Cbr%3EWeds+%E3%82%A6%E3%82%A7%E3%83%83%E3%82%BA+%E3%83%9E%E3%83%BC%E3%83%99%E3%83%AA%E3%83%83%E3%82%AF+709M+%E3%83%9E%E3%83%83%E3%83%88%E3%82%AC%E3%83%B3%E3%83%A1%E3%82%BF%E3%83%AA%E3%83%83%E3%82%AF+%3Cbr%3E20%E3%82%A4%E3%83%B3%E3%83%81+8.5J+5H114.3++%3Cbr%3E%E3%82%B5%E3%83%9E%E3%83%BC%E3%82%BF%E3%82%A4%E3%83%A4%E3%83%9B%E3%82%A4%E3%83%BC%E3%83%AB%E3%82%BB%E3%83%83%E3%83%88+%3Cbr%3E%EF%BC%8823%E5%B9%B4%E8%A3%BD+245%2F35R20+95V+XL+NA5+%E3%83%9F%E3%82%B7%E3%83%A5%E3%83%A9%E3%83%B3+PILOT+ALPIN+5+%28%E3%83%91%E3%82%A4%E3%83%AD%E3%83%83%E3%83%88+%E3%82%A2%E3%83%AB%E3%83%9A%E3%83%B35%29+%E3%83%9D%E3%83%AB%E3%82%B7%E3%82%A7%E6%89%BF%E8%AA%8D%E3%82%BF%E3%82%A4%E3%83%A4+20%E3%82%A4%E3%83%B3%E3%83%81++%E6%96%B0%E5%93%81+%7C+%E3%83%97%E3%83%AC%E3%83%9F%E3%82%A2%E3%83%A0%E3%82%BF%E3%82%A4%E3%83%A4%E5%B0%82%E9%96%80+%E9%80%9A%E8%B2%A9%E3%82%B5%E3%82%A4%E3%83%88+%EF%BD%9C+TIRE+Wheel+PREMIUM+%28%E3%82%BF%E3%82%A4%E3%83%A4+%E3%83%9B%E3%82%A4%E3%83%BC%E3%83%AB+%E3%83%97%E3%83%AC%E3%83%9F%E3%82%A2%E3%83%A0%29%EF%BC%89 HTTP/1.1" 200 312048 "-" "Mozilla/5.0 (Linux; Android 6.0.1; Nexus 5X Build/MMB29P) AppleWebKit/537.36 (KHTML, like Gecko) Chrome/138.0.7204.183 Mobile Safari/537.36 (compatible; Googlebot/2.1; +http://www.google.com/bot.html)"
66.249.79.198 - - [20/Aug/2025:03:42:38 +0000] "GET /?g=7886291763904&channel=f15d31&from=product.php%3Fid%3D917639-797%26name%3D%E5%8F%A4%E7%9D%80+%E3%82%B3%E3%83%A0%E3%83%87%E3%82%AE%E3%83%A3%E3%83%AB%E3%82%BD%E3%83%B3+%E8%BF%B7%E5%BD%A9%E3%83%91%E3%83%B3%E3%83%84+%E3%82%AA%E3%83%A0%E3%83%97%E3%83%AA%E3%83%A5%E3%82%B9+%E3%82%AE%E3%83%A3%E3%83%AB%E3%82%BD%E3%83%B3+%E3%83%AF%E3%82%A4%E3%83%89%E3%83%91%E3%83%B3%E3%83%84 HTTP/1.1" 200 305478 "-" "Mozilla/5.0 (Linux; Android 6.0.1; Nexus 5X Build/MMB29P) AppleWebKit/537.36 (KHTML, like Gecko) Chrome/138.0.7204.183 Mobile Safari/537.36 (compatible; Googlebot/2.1; +http://www.google.com/bot.html)"
66.249.79.198 - - [20/Aug/2025:03:42:51 +0000] "GET /?g=65903122894912&channel=be8f2c&from=news.php%3Fid%3D1228949-900%26name%3DTOYO+OBSERVE+GIZ3+%E3%82%AA%E3%83%96%E3%82%B6%E3%83%BC%E3%83%96+%E3%82%AE%E3%82%BA3+2024%E5%B9%B4%E8%A3%BD+%E3%82%B9%E3%82%BF%E3%83%83%E3%83%89%E3%83%AC%E3%82%B9+%E3%83%9F%E3%83%84%E3%83%A4+225%2F50R18+%3Cbr%3EKYOHO+GALERNA+FINURA+%E3%83%9B%E3%82%A4%E3%83%BC%E3%83%AB+18%E3%82%A4%E3%83%B3%E3%83%81+18+X+8.5J+%2B38+5%E7%A9%B4+114.3 HTTP/1.1" 200 314526 "-" "Mozilla/5.0 (Linux; Android 6.0.1; Nexus 5X Build/MMB29P) AppleWebKit/537.36 (KHTML, like Gecko) Chrome/138.0.7204.183 Mobile Safari/537.36 (compatible; Googlebot/2.1; +http://www.google.com/bot.html)"
66.249.79.198 - - [20/Aug/2025:03:43:05 +0000] "GET /?g=60462148453500&channel=d18692&from=goods.php%3Fid%3D1484535-4802%26name%3DM1151618+DIXCEL+M%E3%82%BF%E3%82%A4%E3%83%97+%E3%83%96%E3%83%AC%E3%83%BC%E3%82%AD%E3%83%91%E3%83%83%E3%83%89+%E3%83%AA%E3%83%A4%E5%B7%A6%E5%8F%B3%E3%82%BB%E3%83%83%E3%83%88+MERCEDESBENZ%28%E3%83%A1%E3%83%AB%E3%82%BB%E3%83%87%E3%82%B9%E3%83%99%E3%83%B3%E3%83%84%29+W209+209356%2F209456+2005%2F9%E3%80%9C+CLK350 HTTP/1.1" 200 308696 "-" "Mozilla/5.0 (Linux; Android 6.0.1; Nexus 5X Build/MMB29P) AppleWebKit/537.36 (KHTML, like Gecko) Chrome/138.0.7204.183 Mobile Safari/537.36 (compatible; Googlebot/2.1; +http://www.google.com/bot.html)"
66.249.79.199 - - [20/Aug/2025:03:43:19 +0000] "GET /?g=7569228498200&channel=b8e411&from=form.php%3Fid%3D284982-9470%26name%3D%23%23%23%CF%89%E4%B8%89%E8%8F%B1%E3%80%90RK-40K3-M%E3%80%9141L%E3%83%9A%E3%83%AB%E3%83%81%E3%82%A7%E5%BC%8F%E9%9B%BB%E5%AD%90%E5%86%B7%E8%94%B5%E5%BA%AB%28%E5%8F%B3%E9%96%8B%E3%81%8D%29+%E6%BF%83%E3%81%84%E6%9C%A8%E7%9B%AE%E8%AA%BF%2F%E5%AE%B6%E5%BA%AD%E7%94%A8 HTTP/1.1" 200 293175 "-" "Mozilla/5.0 (Linux; Android 6.0.1; Nexus 5X Build/MMB29P) AppleWebKit/537.36 (KHTML, like Gecko) Chrome/138.0.7204.183 Mobile Safari/537.36 (compatible; Googlebot/2.1; +http://www.google.com/bot.html)"
