17.241.75.62 - - [20/Aug/2025:01:54:36 +0000] "GET /content.php?pickup/H884241 HTTP/1.1" 200 22735 "-" "Mozilla/5.0 (Macintosh; Intel Mac OS X 10_15_7) AppleWebKit/605.1.15 (KHTML, like Gecko) Version/17.4 Safari/605.1.15 (Applebot/0.1; +http://www.apple.com/go/applebot)"
114.119.151.93 - - [20/Aug/2025:01:54:46 +0000] "GET /?g=7112018971600&channel=bf40a7&from=category-info.php?id%3D189716-290%26name%3D%E3%80%90%E4%B8%AD%E5%8F%A4%E3%80%91%E3%80%90%E9%9D%9E%E5%B8%B8%E3%81%AB%E8%89%AF%E3%81%84%E3%80%91%E5%BA%83%E9%9B%BB%E3%80%80%E9%9B%BB%E6%B0%97%E6%AF%9B%E5%B8%83%2B%E6%95%B7%E6%AF%9B%E5%B8%83%2B140%C3%9780cm%2B%E7%B6%BF%E7%B4%A0%E6%9D%90%2BCWS-051F-5%2Bw17b8b5 HTTP/1.1" 200 22735 "https://ugotechnologies.com/sitemap.xml" "Mozilla/5.0 (Linux; Android 7.0;) AppleWebKit/537.36 (KHTML, like Gecko) Mobile Safari/537.36 (compatible; PetalBot;+https://webmaster.petalsearch.com/site/petalbot)"
66.249.79.198 - - [20/Aug/2025:01:55:23 +0000] "GET /?g=8695612472004&channel=6a64f7&from=shop.php%3Fid%3D124720-8778%26name%3DRayBan+%E3%83%A1%E3%82%AC%E3%83%8D%E3%83%95%E3%83%AC%E3%83%BC%E3%83%A0+%E3%83%95%E3%83%AB%E3%83%AA%E3%83%A0+RB5017A+2000 HTTP/1.1" 200 309966 "-" "Mozilla/5.0 (Linux; Android 6.0.1; Nexus 5X Build/MMB29P) AppleWebKit/537.36 (KHTML, like Gecko) Chrome/138.0.7204.183 Mobile Safari/537.36 (compatible; Googlebot/2.1; +http://www.google.com/bot.html)"
114.119.151.93 - - [20/Aug/2025:01:56:11 +0000] "GET /?g=71118118929905&channel=f5cf63&from=product.php?id%3D1189299-1140%26name%3D%E3%80%906/22%2B20%E6%99%82%E3%80%9C%2B%E5%85%A8%E5%93%81P5%E5%80%8D%EF%BC%86%E3%82%AF%E3%83%BC%E3%83%9D%E3%83%B3%E3%80%91225/55R17%2B97W%2B%E3%83%88%E3%83%BC%E3%83%A8%E3%83%BC%2B%E3%83%97%E3%83%AD%E3%82%AF%E3%82%BB%E3%82%B9%E3%80%80%E3%82%B3%E3%83%B3%E3%83%95%E3%82%A9%E3%83%BC%E3%83%882S%2B%E3%83%AC%E3%82%A4%E3%82%BA%2B%E3%82%B0%E3%83%A9%E3%83%A0%E3%83%A9%E3%82%A4%E3%83%84%2B57NR%2B%E3%82%B9%E3%83%9A%E3%83%83%E3%82%AF%2BM%2BGX%2B17-7J%2B%E5%9B%BD%E7%94%A3%E8%BB%8A%E7%94%A8%2B%E3%82%B5%E3%83%9E%E3%83%BC%E3%82%BF%E3%82%A4%E3%83%A4%E3%83%9B%E3%82%A4%E3%83%BC%E3%83%AB4%E6%9C%AC%E3%82%BB%E3%83%83%E3%83%88 HTTP/1.1" 200 22735 "https://ugotechnologies.com/sitemap.xml" "Mozilla/5.0 (Linux; Android 7.0;) AppleWebKit/537.36 (KHTML, like Gecko) Mobile Safari/537.36 (compatible; PetalBot;+https://webmaster.petalsearch.com/site/petalbot)"
66.249.79.198 - - [20/Aug/2025:01:56:13 +0000] "GET /?g=9611076694102&channel=efad0e&from=brands.php%3Fid%3D766941-11689%26name%3D3%E5%89%B2%E5%BC%95%E3%80%90%E3%82%AB%E3%83%9F%E3%83%BC%E3%83%81%E3%83%A3%E3%82%B9%E3%83%9D%E3%83%AB%E3%83%86%E3%82%A3%E3%83%BC%E3%83%90%E3%80%91%E3%83%A1%E3%83%B3%E3%82%BA+%E9%98%B2%E5%AF%92%E3%83%91%E3%83%B3%E3%83%84+82cm+%E7%B4%BA++517202910-98+Camicia+Sportiva%2B+%E3%82%B4%E3%83%AB%E3%83%95+%E7%A7%8B%E5%86%AC%E7%94%A8+%E3%81%8A%E3%81%97%E3%82%83%E3%82%8C+%E3%81%8B%E3%81%A3%E3%81%93%E3%81%84%E3%81%84+%40%EF%BC%883%E5%89%B2%E5%BC%95%E3%80%90%E3%82%AB%E3%83%9F%E3%83%BC%E3%83%81%E3%83%A3%E3%82%B9%E3%83%9D%E3%83%AB%E3%83%86%E3%82%A3%E3%83%BC%E3%83%90%E3%80%91%E3%83%A1%E3%83%B3%E3%82%BA+%E9%98%B2%E5%AF%92%E3%83%91%E3%83%B3%E3%83%84+82cm+%E7%B4%BA+517202910-98+Camicia+Sportiva%2B+%E3%82%B4%E3%83%AB%E3%83%95+%E7%A7%8B%E5%86%AC%E7%94%A8++%E3%81%8A%E3%81%97%E3%82%83%E3%82%8C+%E3%81%8B%E3%81%A3%E3%81%93%E3%81%84%E3%81%84+%40%EF%BC%89 HTTP/1.1" 200 236359 "-" "Mozilla/5.0 (compatible; Googlebot/2.1; +http://www.google.com/bot.html)"
20.15.133.162 - - [20/Aug/2025:01:56:54 +0000] "GET /?g=57282108321603&channel=92230a&from=category-info.php%3Fid%3D1083216-7743%26name%3DGUHRING+%E6%B7%B1%E7%A9%B4%E5%8A%A0%E5%B7%A5%E3%83%89%E3%83%AA%E3%83%AB++%E3%83%AC%E3%82%AE%E3%83%A5%E3%83%A9+TiN%E3%82%B3%E3%83%BC%E3%83%88+10mm+%3Cbr%3E658+10.000+1%E6%9C%AC%3Cbr%3E%3Cbr%3E+%E2%96%A0%E2%96%BC234-5275+%3Cbr%3E%3Cbr%3E%E3%80%90%E9%80%81%E6%96%99%E9%83%BD%E5%BA%A6%E8%A6%8B%E7%A9%8D%E3%80%91%3Cbr%3E%EF%BC%88%E2%96%A1GUHRING+%E6%B7%B1%E7%A9%B4%E5%8A%A0%E5%B7%A5%E3%83%89%E3%83%AA%E3%83%AB+%E3%83%AC%E3%82%AE%E3%83%A5%E3%83%A9+FIRE%E3%82%B3%E3%83%BC%E3%83%88+2.4mm+24572.400%282347418%29%C3%9710%5B%E9%80%81%E6%96%99%EF%BC%89 HTTP/1.1" 200 230714 "-" "Mozilla/5.0 AppleWebKit/537.36 (KHTML, like Gecko; compatible; bingbot/2.0; +http://www.bing.com/bingbot.htm) Chrome/116.0.1938.76 Safari/537.36"
66.249.68.39 - - [20/Aug/2025:01:57:02 +0000] "GET /?g=6122792366704&channel=750563&from=brands.php%3Fid%3D923667-925%26name%3D%E3%80%90%E7%A8%BC%E5%8B%95%E5%93%81%E3%80%91%E8%85%95%E6%99%82%E8%A8%88%E3%80%80SalvatoreMarra+%E9%9B%BB%E6%B3%A2%E3%82%BD%E3%83%BC%E3%83%A9%E3%83%BC%E3%80%80%E3%82%AF%E3%83%AD%E3%83%8E%E3%82%B0%E3%83%A9%E3%83%95 HTTP/1.1" 200 22735 "-" "Mozilla/5.0 (Linux; Android 6.0.1; Nexus 5X Build/MMB29P) AppleWebKit/537.36 (KHTML, like Gecko) Chrome/138.0.7204.183 Mobile Safari/537.36 (compatible; Googlebot/2.1; +http://www.google.com/bot.html)"
114.119.150.86 - - [20/Aug/2025:01:57:33 +0000] "GET /?g=71029174872511&channel=f5cf63&from=shop.php?id%3D1748725-1140%26name%3DMANARAY%2BMID%2BSCHNEIDER%2B%E3%82%B7%E3%83%A5%E3%83%8A%E3%82%A4%E3%83%80%E3%83%BC%2BDR-02%2B14%E3%82%A4%E3%83%B3%E3%83%81%2B14%2BX%2B5.5J%2B%2B38%2B4%E7%A9%B4%2B100%2B%3Cbr%3EMONSTA%2BTIRE%2BRT%2BHYBRID%2BRT%2BR/T%2B%E3%83%8F%E3%82%A4%E3%83%96%E3%83%AA%E3%83%83%E3%83%88%2B%E3%83%9B%E3%83%AF%E3%82%A4%E3%83%88%E3%83%AC%E3%82%BF%E3%83%BC%2B165/65R14%2BM900%E7%B3%BB%E3%82%BF%E3%83%B3%E3%82%AF%E3%83%BB%E3%83%AB%E3%83%BC%E3%83%9F%E3%83%BC%2B700%E7%B3%BB%E3%83%91%E3%83%83%E3%82%BD%2B%E3%83%80%E3%82%A4%E3%83%8F%E3%83%84%2B%E3%83%88%E3%83%BC%E3%83%AB%2B%E3%82%B9%E3%83%90%E3%83%AB%2B%E3%82%B8%E3%83%A3%E3%82%B9%E3%83%86%E3%82%A3 HTTP/1.1" 200 22735 "https://ugotechnologies.com/sitemap.xml" "Mozilla/5.0 (Linux; Android 7.0;) AppleWebKit/537.36 (KHTML, like Gecko) Mobile Safari/537.36 (compatible; PetalBot;+https://webmaster.petalsearch.com/site/petalbot)"
66.249.79.198 - - [20/Aug/2025:01:57:51 +0000] "GET /?g=64927133710703&channel=50fe6f&from=brands.php%3Fid%3D1337107-1193%26name%3DF+ZERO%2FFZ-3+%E3%82%B9%E3%82%AB%E3%82%A4%E3%83%A9%E3%82%A4%E3%83%B3+V36%E3%82%BB%E3%83%80%E3%83%B3+4WD+%E3%82%A2%E3%83%AB%E3%83%9F%E3%83%9B%E3%82%A4%E3%83%BC%E3%83%AB2%E6%9C%AC%E3%82%BB%E3%83%83%E3%83%88%E3%80%9020%C3%978.5J+5-114.3+INSET48+%E3%83%80%E3%82%A4%E3%83%A4%E3%83%A2%E3%83%B3%E3%83%89%E3%83%96%E3%83%A9%E3%83%83%E3%82%AF%E3%80%910039472%C3%972 HTTP/1.1" 200 309745 "-" "Mozilla/5.0 (Linux; Android 6.0.1; Nexus 5X Build/MMB29P) AppleWebKit/537.36 (KHTML, like Gecko) Chrome/138.0.7204.183 Mobile Safari/537.36 (compatible; Googlebot/2.1; +http://www.google.com/bot.html)"
66.249.68.37 - - [20/Aug/2025:01:58:39 +0000] "GET /?g=12408149433107&channel=e7b5c2&from=info.php%3Fid%3D1494331-18173%26name%3D%E5%AF%9D%E5%AE%A4%E5%B0%82%E7%94%A8%E3%80%80%E3%82%B9%E3%83%81%E3%83%BC%E3%83%A0%E5%BC%8F%E5%8A%A0%E6%B9%BF%E5%99%A8+Korobaan+%E3%82%B3%E3%83%AD%E3%83%B3%E3%83%90%E3%83%BC%E3%83%B3 HTTP/1.1" 200 22735 "-" "Mozilla/5.0 (Linux; Android 6.0.1; Nexus 5X Build/MMB29P) AppleWebKit/537.36 (KHTML, like Gecko) Chrome/138.0.7204.183 Mobile Safari/537.36 (compatible; Googlebot/2.1; +http://www.google.com/bot.html)"
114.119.151.93 - - [20/Aug/2025:01:58:57 +0000] "GET /?g=71000153036000&channel=e72f2a&from=goods.php?id%3D1530360-7774%26name%3D%E3%80%90%E4%B8%AD%E5%8F%A4%E3%80%91%2B%E3%82%AA%E3%83%87%E3%83%83%E3%82%BB%E3%82%A4%2BTRIPLE%2BTRACK%2BSEVEN%2B34%E3%82%A4%E3%83%B3%E3%83%81%2B%E3%83%91%E3%82%BF%E3%83%BC%2BPT%2BSTROKE%2BLAB%2BBLACK%2B(%E3%83%95%E3%83%AC%E3%83%83%E3%82%AF%E3%82%B9%E3%81%9D%E3%81%AE%E4%BB%96)%2B%E3%83%A1%E3%83%B3%E3%82%BA%2B%E7%94%B7%E6%80%A7%E7%94%A8%2B%E5%8F%B3%E5%88%A9%E3%81%8D%2B%E5%8F%B3%E7%94%A8%2BC%E3%83%A9%E3%83%B3%E3%82%AF%2B%E3%82%B4%E3%83%AB%E3%83%95%E3%82%AF%E3%83%A9%E3%83%96 HTTP/1.1" 200 22735 "https://ugotechnologies.com/sitemap.xml" "Mozilla/5.0 (Linux; Android 7.0;) AppleWebKit/537.36 (KHTML, like Gecko) Mobile Safari/537.36 (compatible; PetalBot;+https://webmaster.petalsearch.com/site/petalbot)"
66.249.79.200 - - [20/Aug/2025:01:59:32 +0000] "GET /?g=1101921528915&channel=54b294&from=article.php%3Fid%3D215289-11606%26name%3D%E3%83%99%E3%83%BC%E3%82%B9%E3%80%80%E3%83%8F%E3%83%BC%E3%83%89%E3%82%B1%E3%83%BC%E3%82%B9+%EF%BC%88Fender+DELUXE+MOLDED+CASE+ELECTRIC+BASS+%E3%83%99%E3%83%BC%E3%82%B9%E7%94%A8%E3%83%8F%E3%83%BC%E3%83%89%E3%82%B1%E3%83%BC%E3%82%B9+%E3%80%88%E3%83%95%E3%82%A7%E3%83%B3%E3%83%80%E3%83%BC%E3%80%89+%7C+%E3%82%B1%E3%83%BC%E3%82%B9%E5%90%84%E7%A8%AE%2C%E3%82%A8%E3%83%AC%E3%82%AD%E3%82%AE%E3%82%BF%E3%83%BC%E7%94%A8+%E3%82%B1%E3%83%BC%E3%82%B9%2C%E3%82%A8%E3%83%AC%E3%82%AD%E3%82%AE%E3%82%BF%E3%83%BC%E7%94%A8%E3%83%8F%E3%83%BC%E3%83%89%E3%82%B1%E3%83%BC%E3%82%B9+%7C+%7C+%E6%A5%BD%E5%99%A8de%E5%85%83%E6%B0%97%EF%BC%89 HTTP/1.1" 200 22735 "-" "Mozilla/5.0 (Linux; Android 6.0.1; Nexus 5X Build/MMB29P) AppleWebKit/537.36 (KHTML, like Gecko) Chrome/138.0.7204.183 Mobile Safari/537.36 (compatible; Googlebot/2.1; +http://www.google.com/bot.html)"
114.119.157.43 - - [20/Aug/2025:02:00:21 +0000] "GET /?g=7090699461006&channel=50fe6f&from=product.php?id%3D994610-1193%26name%3D%E3%82%AF%E3%83%AC%E3%83%B3%E3%83%84%E3%82%A7%2B%E3%82%B7%E3%83%A5%E3%83%AA%E3%83%83%E3%83%88855%E3%82%A8%E3%83%9C%2B%E3%82%AD%E3%83%A5%E3%83%BC%E3%83%96%2BZ11%2B16%E3%82%A4%E3%83%B3%E3%83%81%2B%E3%82%A2%E3%83%AB%E3%83%9F%E3%83%9B%E3%82%A4%E3%83%BC%E3%83%AB%2B4%E6%9C%AC%2B%E3%82%B9%E3%83%BC%E3%83%91%E3%83%BC%E3%83%96%E3%83%A9%E3%83%83%E3%82%AF%E3%82%B3%E3%83%BC%E3%83%88/%E3%83%9D%E3%83%AA%E3%83%83%E3%82%B7%E3%83%A5%2B0041294%2BWEDS%2BKranze%2BSchritt855EVO HTTP/1.1" 200 22735 "https://ugotechnologies.com/sitemap.xml" "Mozilla/5.0 (Linux; Android 7.0;) AppleWebKit/537.36 (KHTML, like Gecko) Mobile Safari/537.36 (compatible; PetalBot;+https://webmaster.petalsearch.com/site/petalbot)"
66.249.79.200 - - [20/Aug/2025:02:00:25 +0000] "GET /?g=0584289940907&channel=b52914&from=article.php%3Fid%3D899409-1741%26name%3Dfigma+%E3%82%B5%E3%83%A0%E3%82%B9%E3%83%BB%E3%82%A2%E3%83%A9%E3%83%B3+PRIME+3+Ver.+%E3%83%95%E3%82%A3%E3%82%AE%E3%83%A5%E3%82%A2+%E2%88%B4WH4592 HTTP/1.1" 200 248191 "-" "Mozilla/5.0 (compatible; Googlebot/2.1; +http://www.google.com/bot.html)"
66.249.79.200 - - [20/Aug/2025:02:01:18 +0000] "GET /?g=02193183797411&channel=f5cf63&from=news.php%3Fid%3D1837974-1140%26name%3DWORK+SCHWERT+QUELL+O+Disk+19%E3%82%A4%E3%83%B3%E3%83%81+2%E3%83%94%E3%83%BC%E3%82%B9+19+X+7.5J+%2B35+5%E7%A9%B4+100+%3Cbr%3EDUNLOP+%E3%83%80%E3%83%B3%E3%83%AD%E3%83%83%E3%83%97+LEMANS5%2B+%E3%83%AB%E3%83%9E%E3%83%B3V%2B+215%2F35R19+210%E3%83%BBA10%E7%B3%BB%E3%82%AB%E3%83%AD%E3%83%BC%E3%83%A9 HTTP/1.1" 200 302966 "-" "Mozilla/5.0 (Linux; Android 6.0.1; Nexus 5X Build/MMB29P) AppleWebKit/537.36 (KHTML, like Gecko) Chrome/138.0.7204.183 Mobile Safari/537.36 (compatible; Googlebot/2.1; +http://www.google.com/bot.html)"
114.119.153.152 - - [20/Aug/2025:02:01:44 +0000] "GET /?g=70880117164701&channel=bd7ba1&from=blog.php?id%3D1171647-5182%26name%3DNS-C%2BOpel%2BTIGRA%2BXJ140%2BXJ160%2B%E3%83%96%E3%83%AC%E3%83%BC%E3%82%AD%E3%83%91%E3%83%83%E3%83%89%2B%E3%82%BB%E3%83%B3%E3%82%B5%E3%83%BC%E7%84%A1%E3%81%97%2B%E3%83%95%E3%83%AD%E3%83%B3%E3%83%88%2B%E3%83%97%E3%83%AD%E3%82%B8%E3%82%A7%E3%82%AF%E3%83%88%E3%83%9F%E3%83%A5%E3%83%BC%2B%E5%93%81%E7%95%AA:Z171%2BN2 HTTP/1.1" 200 22735 "https://ugotechnologies.com/sitemap.xml" "Mozilla/5.0 (Linux; Android 7.0;) AppleWebKit/537.36 (KHTML, like Gecko) Mobile Safari/537.36 (compatible; PetalBot;+https://webmaster.petalsearch.com/site/petalbot)"
114.119.153.152 - - [20/Aug/2025:02:03:09 +0000] "GET /?g=70686174597803&channel=1afd10&from=pin.php?id%3D1745978-13442%26name%3D%E3%83%95%E3%83%AD%E3%83%B3%E3%83%88%E3%83%96%E3%83%AC%E3%83%BC%E3%82%AD%E3%83%9E%E3%82%B9%E3%82%BF%E3%83%BC%E3%82%B7%E3%83%AA%E3%83%B3%E3%83%80%E3%83%BC%2BKZ1000%2BKZ900%2BKH400%2BKH500%2BKZ650%2BKZ750%2BH1%2BH2%2BS2%2BS3 HTTP/1.1" 200 22735 "https://ugotechnologies.com/sitemap.xml" "Mozilla/5.0 (Linux; Android 7.0;) AppleWebKit/537.36 (KHTML, like Gecko) Mobile Safari/537.36 (compatible; PetalBot;+https://webmaster.petalsearch.com/site/petalbot)"
114.119.153.152 - - [20/Aug/2025:02:04:32 +0000] "GET /?g=7052940482801&channel=726021&from=form.php?id%3D404828-430%26name%3D%E3%80%90L%E3%82%B5%E3%82%A4%E3%82%BA%E3%80%91%E6%96%B0%E5%93%81%E3%82%BF%E3%82%B0%E4%BB%98%2Badidas%2Badibreak%2B%E3%82%B8%E3%83%A7%E3%82%AC%E3%83%BC%E3%83%91%E3%83%B3%E3%83%84%2B%E3%83%96%E3%83%A9%E3%83%83%E3%82%AF HTTP/1.1" 200 22735 "https://ugotechnologies.com/sitemap.xml" "Mozilla/5.0 (Linux; Android 7.0;) AppleWebKit/537.36 (KHTML, like Gecko) Mobile Safari/537.36 (compatible; PetalBot;+https://webmaster.petalsearch.com/site/petalbot)"
114.119.157.43 - - [20/Aug/2025:02:05:55 +0000] "GET /?g=70529140752202&channel=af4268&from=info.php?id%3D1407522-11252%26name%3D%E3%80%90%E7%9B%B4%E9%80%81%E5%93%81%E3%80%91%2B%E3%82%B5%E3%82%AB%E3%82%A8%2B%E4%B8%AD%E9%87%8F%E3%82%AD%E3%83%A3%E3%82%B9%E3%82%BF%E3%83%BC%E3%83%A9%E3%83%83%E3%82%AFMKSW%E5%9E%8B(%E3%82%B4%E3%83%A0%E8%BB%8A%E3%83%BB4%E8%BC%AA%E8%87%AA%E5%9C%A8%E3%82%AD%E3%83%A3%E3%82%B9%E3%82%BF%E3%83%BC)%2BMKSW-1544G%2B(208209)%2B%E3%80%90%E7%89%B9%E5%A4%A7%E3%83%BB%E9%80%81%E6%96%99%E5%88%A5%E3%80%91 HTTP/1.1" 200 22735 "https://ugotechnologies.com/sitemap.xml" "Mozilla/5.0 (Linux; Android 7.0;) AppleWebKit/537.36 (KHTML, like Gecko) Mobile Safari/537.36 (compatible; PetalBot;+https://webmaster.petalsearch.com/site/petalbot)"
114.119.153.152 - - [20/Aug/2025:02:07:18 +0000] "GET /?g=7052380444403&channel=08a87e&from=category-info.php?id%3D804444-2458%26name%3D%E3%83%91%E3%83%8A%E3%82%BD%E3%83%8B%E3%83%83%E3%82%AF(Panasonic)%2BBCW-50N HTTP/1.1" 200 22735 "https://ugotechnologies.com/sitemap.xml" "Mozilla/5.0 (Linux; Android 7.0;) AppleWebKit/537.36 (KHTML, like Gecko) Mobile Safari/537.36 (compatible; PetalBot;+https://webmaster.petalsearch.com/site/petalbot)"
114.119.130.154 - - [20/Aug/2025:02:08:43 +0000] "GET /?g=70489154262601&channel=3d2d43&from=brands.php?id%3D1542626-14550%26name%3DBMW%2BMOTORRAD%2B%E9%9D%A9%E3%83%84%E3%83%8A%E3%82%AE HTTP/1.1" 200 22735 "https://ugotechnologies.com/sitemap.xml" "Mozilla/5.0 (Linux; Android 7.0;) AppleWebKit/537.36 (KHTML, like Gecko) Mobile Safari/537.36 (compatible; PetalBot;+https://webmaster.petalsearch.com/site/petalbot)"
114.119.157.43 - - [20/Aug/2025:02:10:07 +0000] "GET /?g=70339277300&channel=9c8ccd&from=jp.php?id%3D2773-887%26name%3D%E2%99%A1%E3%81%B2%E3%83%BC%E3%81%A1%E3%82%83%E3%82%93%E6%A7%98%E3%81%94%E7%A2%BA%E8%AA%8D%E2%99%A1 HTTP/1.1" 200 22735 "https://ugotechnologies.com/sitemap.xml" "Mozilla/5.0 (Linux; Android 7.0;) AppleWebKit/537.36 (KHTML, like Gecko) Mobile Safari/537.36 (compatible; PetalBot;+https://webmaster.petalsearch.com/site/petalbot)"
114.119.141.178 - - [20/Aug/2025:02:11:32 +0000] "GET /?g=70327140627506&channel=be8f2c&from=news.php?id%3D1406275-900%26name%3D%E3%80%90%E6%96%B0%E5%93%81%E3%80%91%E8%BC%B8%E5%85%A5%E8%BB%8A%E7%94%A8%2B%E3%82%A2%E3%82%A6%E3%83%87%E3%82%A3A5%EF%BC%88F5%2B8T%EF%BC%89%3CBR%3E%2B%E3%82%B9%E3%82%BF%E3%83%83%E3%83%89%E3%83%AC%E3%82%B9%E3%82%BF%E3%82%A4%E3%83%A4%2B%E3%83%9B%E3%82%A4%E3%83%BC%E3%83%AB%EF%BC%94%E6%9C%AC%E3%82%BB%E3%83%83%E3%83%88%3CBR%3E%2B245/40R18%3CBR%3E%2B%E3%83%9F%E3%82%B7%E3%83%A5%E3%83%A9%E3%83%B3%2B%E3%82%A8%E3%83%83%E3%82%AF%E3%82%B9%E3%82%A2%E3%82%A4%E3%82%B9%2B%E3%82%B9%E3%83%8E%E3%83%BC%3CBR%3E%2BMAK%2B%E3%83%9E%E3%82%A4%E3%83%B3%3CBR%3E%2B18%E3%82%A4%E3%83%B3%E3%83%81(%E9%80%81%E6%96%99%E7%84%A1%E6%96%99) HTTP/1.1" 200 22735 "https://ugotechnologies.com/sitemap.xml" "Mozilla/5.0 (Linux; Android 7.0;) AppleWebKit/537.36 (KHTML, like Gecko) Mobile Safari/537.36 (compatible; PetalBot;+https://webmaster.petalsearch.com/site/petalbot)"
85.208.98.24 - - [20/Aug/2025:02:11:42 +0000] "GET /pickup/C843572 HTTP/1.1" 200 22735 "-" "Mozilla/5.0 (compatible; SemrushBot-BA; +http://www.semrush.com/bot.html)"
114.119.130.154 - - [20/Aug/2025:02:12:55 +0000] "GET /?g=70311180713200&channel=3a1bd3&from=shop.php?id%3D1807132-11728%26name%3D%EF%BC%B3%EF%BC%B5%EF%BC%B2%EF%BC%A5%E3%80%80%E5%8D%93%E4%B8%8A%E3%82%B7%E3%83%BC%E3%83%A9%E3%83%BC%E6%BA%B6%E6%96%AD%E7%94%A8%E3%80%80%EF%BC%92%EF%BC%90%EF%BC%90%EF%BD%8D%EF%BD%8D HTTP/1.1" 200 22735 "https://ugotechnologies.com/sitemap.xml" "Mozilla/5.0 (Linux; Android 7.0;) AppleWebKit/537.36 (KHTML, like Gecko) Mobile Safari/537.36 (compatible; PetalBot;+https://webmaster.petalsearch.com/site/petalbot)"
114.119.151.93 - - [20/Aug/2025:02:14:16 +0000] "GET /?g=70272133027403&channel=1b0aab&from=goods.php?id%3D1330274-11168%26name%3D%E3%80%90%E6%9C%AC%E6%97%A5%E3%83%9D%E3%82%A4%E3%83%B3%E3%83%884%E5%80%8D!!%E3%80%91%2B%E3%83%8A%E3%82%A4%E3%82%AD%2BNIKE%2B%E3%82%B9%E3%83%8B%E3%83%BC%E3%82%AB%E3%83%BC%2B%E3%83%A1%E3%83%B3%E3%82%BA%2BSneakers%2BISPA%2BFABRIC%2BLINK%2BAXIS%2BLOW-TOP%2BSNEAKERS%2BWITH%2BAIR%2BBUBBLE%2BSOLE%2BFZ3507002%2B%E9%96%A2%E7%A8%8E%2B%E9%80%81%E6%96%99%E7%84%A1%E6%96%99%2B%E3%83%A9%E3%83%83%E3%83%94%E3%83%B3%E3%82%B0%E7%84%A1%E6%96%99%2B2020SS%2Bdk HTTP/1.1" 200 22735 "https://ugotechnologies.com/sitemap.xml" "Mozilla/5.0 (Linux; Android 7.0;) AppleWebKit/537.36 (KHTML, like Gecko) Mobile Safari/537.36 (compatible; PetalBot;+https://webmaster.petalsearch.com/site/petalbot)"
54.36.149.100 - - [20/Aug/2025:02:14:46 +0000] "GET /robots.txt HTTP/1.1" 200 22735 "-" "Mozilla/5.0 (compatible; AhrefsBot/7.0; +http://ahrefs.com/robot/)"
114.119.151.93 - - [20/Aug/2025:02:15:41 +0000] "GET /?g=7026669036300&channel=e1534d&from=article.php?id%3D690363-3850%26name%3DGeoVision%2BGV-M70qTiny-16-256-i7-W10-VMST1%2BGV-VMS%2B1%E3%82%AB%E3%83%A1%E3%83%A9%E3%80%9C32%E3%82%AB%E3%83%A1%E3%83%A9%E3%83%A9%E3%82%A4%E3%82%BB%E3%83%B3%E3%82%B9%E5%B0%8E%E5%85%A5%E6%B8%88%2BLenovo%2BThinkCentre%2BM70q%2BTiny%2B16G%2BMEM%2B256GB%2BSSD%2BWin10PRO%2B(i7-10700T)%2B%E5%85%88%E5%87%BA%E3%82%BB%E3%83%B3%E3%83%89%E3%83%90%E3%83%83%E3%82%AF1%E5%B9%B4%E4%BF%9D%E8%A8%BC HTTP/1.1" 200 22735 "https://ugotechnologies.com/sitemap.xml" "Mozilla/5.0 (Linux; Android 7.0;) AppleWebKit/537.36 (KHTML, like Gecko) Mobile Safari/537.36 (compatible; PetalBot;+https://webmaster.petalsearch.com/site/petalbot)"
114.119.153.152 - - [20/Aug/2025:02:17:05 +0000] "GET /?g=70178111194305&channel=3b9a57&from=news.php?id%3D1111943-8004%26name%3D%E3%83%97%E3%83%AA%E3%82%A6%E3%82%B9%2B%E3%82%A6%E3%82%A3%E3%83%83%E3%82%B7%E3%83%A5%2B86%2BBRZ%2B225/40R18%2B%E3%83%9B%E3%82%A4%E3%83%BC%E3%83%AB%E3%82%BB%E3%83%83%E3%83%88%2B%7C%2B%E3%83%88%E3%83%BC%E3%83%A8%E3%83%BC%2B%E3%83%97%E3%83%AD%E3%82%AF%E3%82%BB%E3%82%B9%2B2S%2B%26%2B%E3%82%AF%E3%83%AC%E3%83%B3%E3%83%84%E3%82%A7%2B855evo%2B18%E3%82%A4%E3%83%B3%E3%83%81%2B5%E7%A9%B4100 HTTP/1.1" 200 22735 "https://ugotechnologies.com/sitemap.xml" "Mozilla/5.0 (Linux; Android 7.0;) AppleWebKit/537.36 (KHTML, like Gecko) Mobile Safari/537.36 (compatible; PetalBot;+https://webmaster.petalsearch.com/site/petalbot)"
114.119.136.30 - - [20/Aug/2025:02:18:28 +0000] "GET /?g=70072174635002&channel=07bb15&from=blog.php?id%3D1746350-847%26name%3D%E3%82%BB%E3%82%A4%E3%82%B3%E3%83%BC%2B%E8%8C%B6%E9%A6%AC%2B%E3%82%AF%E3%83%AD%E3%83%8E%E3%82%B0%E3%83%A9%E3%83%95%2B%E8%87%AA%E5%8B%95%E5%B7%BB HTTP/1.1" 200 22735 "https://ugotechnologies.com/sitemap.xml" "Mozilla/5.0 (Linux; Android 7.0;) AppleWebKit/537.36 (KHTML, like Gecko) Mobile Safari/537.36 (compatible; PetalBot;+https://webmaster.petalsearch.com/site/petalbot)"
85.208.98.22 - - [20/Aug/2025:02:18:52 +0000] "GET /pickup/E1194132 HTTP/1.1" 200 22735 "-" "Mozilla/5.0 (compatible; SemrushBot-BA; +http://www.semrush.com/bot.html)"
114.119.143.233 - - [20/Aug/2025:02:19:51 +0000] "GET /?g=70010127990501&channel=9963c1&from=jp.php?id%3D1279905-302%26name%3D%E5%BA%95%E6%A7%98%2B%E3%83%AA%E3%82%AF%E3%82%A8%E3%82%B9%E3%83%88%2B2%E7%82%B9%2B%E3%81%BE%E3%81%A8%E3%82%81%E5%95%86%E5%93%81 HTTP/1.1" 200 22735 "https://ugotechnologies.com/sitemap.xml" "Mozilla/5.0 (Linux; Android 7.0;) AppleWebKit/537.36 (KHTML, like Gecko) Mobile Safari/537.36 (compatible; PetalBot;+https://webmaster.petalsearch.com/site/petalbot)"
114.119.151.93 - - [20/Aug/2025:02:21:15 +0000] "GET /?g=6990845165200&channel=3cf16e&from=news.php?id%3D451652-4872%26name%3D%E3%80%90%E4%B8%AD%E5%8F%A4%E3%80%91%2BSONY%2B%E3%82%A6%E3%82%A9%E3%83%BC%E3%82%AF%E3%83%9E%E3%83%B3%2BS%E3%82%B7%E3%83%AA%E3%83%BC%E3%82%BA%2B16GB%2B%E3%83%93%E3%83%93%E3%83%83%E3%83%89%E3%83%94%E3%83%B3%E3%82%AF%2BNW-S785/P HTTP/1.1" 200 22735 "https://ugotechnologies.com/sitemap.xml" "Mozilla/5.0 (Linux; Android 7.0;) AppleWebKit/537.36 (KHTML, like Gecko) Mobile Safari/537.36 (compatible; PetalBot;+https://webmaster.petalsearch.com/site/petalbot)"
192.210.150.199 - - [20/Aug/2025:02:21:33 +0000] "GET / HTTP/1.1" 200 22735 "-" "Mozilla/5.0 (Windows NT 10.0; WOW64; Trident/7.0; Touch; rv:11.0) like Gecko"
192.210.150.199 - - [20/Aug/2025:02:21:38 +0000] "GET /index.html HTTP/1.1" 200 22735 "-" "Mozilla/5.0 (Windows NT 10.0; WOW64; Trident/7.0; Touch; rv:11.0) like Gecko"
192.210.150.199 - - [20/Aug/2025:02:21:44 +0000] "GET /web-development.html HTTP/1.1" 200 10139 "-" "Mozilla/5.0 (Windows NT 10.0; WOW64; Trident/7.0; Touch; rv:11.0) like Gecko"
192.210.150.199 - - [20/Aug/2025:02:21:46 +0000] "GET /mobile-app-development-company-kochi.html HTTP/1.1" 200 12103 "-" "Mozilla/5.0 (Windows NT 10.0; WOW64; Trident/7.0; Touch; rv:11.0) like Gecko"
192.210.150.199 - - [20/Aug/2025:02:21:47 +0000] "GET /online_marketing_kochi.html HTTP/1.1" 200 10739 "-" "Mozilla/5.0 (Windows NT 10.0; WOW64; Trident/7.0; Touch; rv:11.0) like Gecko"
192.210.150.199 - - [20/Aug/2025:02:21:49 +0000] "GET /images/allguard_website.jpg HTTP/1.1" 200 45328 "-" "Mozilla/5.0 (Windows NT 10.0; WOW64; Trident/7.0; Touch; rv:11.0) like Gecko"
192.210.150.199 - - [20/Aug/2025:02:21:51 +0000] "GET /images/evm_Honda_website.jpg HTTP/1.1" 200 51646 "-" "Mozilla/5.0 (Windows NT 10.0; WOW64; Trident/7.0; Touch; rv:11.0) like Gecko"
192.210.150.199 - - [20/Aug/2025:02:21:53 +0000] "GET /images/kapindia_website.jpg HTTP/1.1" 200 34035 "-" "Mozilla/5.0 (Windows NT 10.0; WOW64; Trident/7.0; Touch; rv:11.0) like Gecko"
192.210.150.199 - - [20/Aug/2025:02:21:55 +0000] "GET /images/sales_catalog_app_kochi.jpg HTTP/1.1" 200 40455 "-" "Mozilla/5.0 (Windows NT 10.0; WOW64; Trident/7.0; Touch; rv:11.0) like Gecko"
192.210.150.199 - - [20/Aug/2025:02:21:56 +0000] "GET /images/rental_cochin.jpg HTTP/1.1" 200 33662 "-" "Mozilla/5.0 (Windows NT 10.0; WOW64; Trident/7.0; Touch; rv:11.0) like Gecko"
85.208.98.31 - - [20/Aug/2025:02:22:19 +0000] "GET /amphiprotic-196106.shtml HTTP/1.1" 200 22735 "-" "Mozilla/5.0 (compatible; SemrushBot-BA; +http://www.semrush.com/bot.html)"
114.119.130.154 - - [20/Aug/2025:02:22:39 +0000] "GET /?g=6978588342500&channel=294264&from=blog.php?id%3D883425-12685%26name%3DPXP-HS01-MA%2B%E3%83%9B%E3%83%AF%E3%82%A4%E3%83%88/%E3%83%9E%E3%83%AD%E3%83%BC%3Cbr%3E%E3%80%90%E3%82%B9%E3%82%AC%E3%83%84%E3%83%8D%E5%B7%A5%E6%A5%AD%E3%80%91 HTTP/1.1" 200 22735 "https://ugotechnologies.com/sitemap.xml" "Mozilla/5.0 (Linux; Android 7.0;) AppleWebKit/537.36 (KHTML, like Gecko) Mobile Safari/537.36 (compatible; PetalBot;+https://webmaster.petalsearch.com/site/petalbot)"
85.208.98.29 - - [20/Aug/2025:02:23:15 +0000] "GET /pickup/Z551147 HTTP/1.1" 200 22735 "-" "Mozilla/5.0 (compatible; SemrushBot-BA; +http://www.semrush.com/bot.html)"
114.119.130.154 - - [20/Aug/2025:02:24:02 +0000] "GET /?g=6961298927600&channel=afe570&from=shop.php?id%3D989276-13403%26name%3D%E3%80%9012%E5%80%8B%E3%82%BB%E3%83%83%E3%83%88%E3%80%91%2B%E3%83%9E%E3%83%AB%E3%82%AB%E3%83%B3%2B%E3%83%8B%E3%82%AA%E3%83%AC%E3%82%B9%E3%83%88%2B%E3%81%86%E3%82%93%E3%81%A1%E3%81%AE%E9%98%B2%E8%87%AD%E8%A2%8B%2BM%2B%E7%8A%AC%E7%94%A8%2B150%E6%9E%9A HTTP/1.1" 200 22735 "https://ugotechnologies.com/sitemap.xml" "Mozilla/5.0 (Linux; Android 7.0;) AppleWebKit/537.36 (KHTML, like Gecko) Mobile Safari/537.36 (compatible; PetalBot;+https://webmaster.petalsearch.com/site/petalbot)"
114.119.153.152 - - [20/Aug/2025:02:25:49 +0000] "GET /?g=6937268158900&channel=2ac475&from=product.php?id%3D681589-8887%26name%3D%E3%82%A8%E3%83%B3%E3%83%89%E3%83%AC%E3%82%B9%2B%E3%83%96%E3%83%AC%E3%83%BC%E3%82%AD%E3%83%91%E3%83%83%E3%83%89%2B%E3%83%95%E3%83%AD%E3%83%B3%E3%83%88%2BSuper%2BStreet%2BY-sports%2BEP243%2B%E3%82%A8%E3%83%A1%E3%83%AD%E3%83%BC%E3%83%89%2B%E3%82%AE%E3%83%A3%E3%83%A9%E3%83%B3%2B%E3%82%AE%E3%83%A3%E3%83%A9%E3%83%B3%2B%E3%82%B9%E3%83%9D%E3%83%BC%E3%83%84%2BGT-RV%2B%E3%82%B7%E3%83%A3%E3%83%AA%E3%82%AA%2B%E3%83%87%E3%82%A3%E3%82%A2%E3%83%9E%E3%83%B3%E3%83%86 HTTP/1.1" 200 22735 "https://ugotechnologies.com/sitemap.xml" "Mozilla/5.0 (Linux; Android 7.0;) AppleWebKit/537.36 (KHTML, like Gecko) Mobile Safari/537.36 (compatible; PetalBot;+https://webmaster.petalsearch.com/site/petalbot)"
114.119.136.30 - - [20/Aug/2025:02:26:48 +0000] "GET /?g=693685045410&channel=8c2ded&from=article.php?id%3D50454-4277%26name%3D%E7%B5%84%E7%AB%8B%E8%A8%AD%E7%BD%AE%E4%BB%98%2B%E3%82%B7%E3%83%B3%E3%82%B0%E3%83%AB%E3%83%99%E3%83%83%E3%83%89%2B%E3%83%9E%E3%83%83%E3%83%88%E3%83%AC%E3%82%B9%E4%BB%98%E3%81%8D%2B%E8%96%84%E5%9E%8B%E6%8A%97%E8%8F%8C%E5%9B%BD%E7%94%A3%E3%83%9D%E3%82%B1%E3%83%83%E3%83%88%E3%82%B3%E3%82%A4%E3%83%AB%2B%E6%A8%AA%E9%96%8B%E3%81%8D/%E6%B7%B1%E3%81%95%E3%83%A9%E3%83%BC%E3%82%B8%2B%E6%97%A5%E6%9C%AC%E8%A3%BD%2B%E8%B7%B3%E3%81%AD%E4%B8%8A%E3%81%92%E5%BC%8F%E3%83%99%E3%83%83%E3%83%89 HTTP/1.1" 200 22735 "https://ugotechnologies.com/sitemap.xml" "Mozilla/5.0 (Linux; Android 7.0;) AppleWebKit/537.36 (KHTML, like Gecko) Mobile Safari/537.36 (compatible; PetalBot;+https://webmaster.petalsearch.com/site/petalbot)"
114.119.151.93 - - [20/Aug/2025:02:28:12 +0000] "GET /?g=693057438700&channel=bf40a7&from=info.php?id%3D74387-290%26name%3D%E7%89%B9%E4%BE%A1%E5%95%86%E5%93%81%E5%8F%8A%E6%BA%90%2B%E5%8D%97%E9%83%A8%E9%89%84%E5%99%A8%2B%E3%81%A1%E3%82%87%E3%81%93%E3%81%A3%E3%81%A8%2B%E9%8D%8B%2B%E6%B7%B1%E5%9E%8B%2BIH%E5%AF%BE%E5%BF%9C%2BF-466 HTTP/1.1" 200 22735 "https://ugotechnologies.com/sitemap.xml" "Mozilla/5.0 (Linux; Android 7.0;) AppleWebKit/537.36 (KHTML, like Gecko) Mobile Safari/537.36 (compatible; PetalBot;+https://webmaster.petalsearch.com/site/petalbot)"
114.119.151.93 - - [20/Aug/2025:02:29:36 +0000] "GET /?g=6928996263501&channel=bd7ba1&from=product.php?id%3D962635-5182%26name%3D%E3%80%9018%E3%82%A4%E3%83%B3%E3%83%81%2B5H114.3%2B7.0J%2B%2B48%E3%80%91%E3%82%A2%E3%83%AB%E3%83%9F%E3%83%9B%E3%82%A4%E3%83%BC%E3%83%AB2%E6%9C%AC%E3%82%BB%E3%83%83%E3%83%88%2B%E3%82%A4%E3%83%B3%E3%82%B5%E3%82%A4%E3%83%88%2BZE4%2BMID%2BWHEELS/RX-02%2B%E3%83%96%E3%83%A9%E3%83%83%E3%82%AF%E3%83%9D%E3%83%AA%E3%83%83%E3%82%B7%E3%83%A5/%E3%82%A2%E3%83%B3%E3%83%80%E3%83%BC%E3%82%AB%E3%83%83%E3%83%88%E3%83%96%E3%83%AB%E3%83%BC HTTP/1.1" 200 22735 "https://ugotechnologies.com/sitemap.xml" "Mozilla/5.0 (Linux; Android 7.0;) AppleWebKit/537.36 (KHTML, like Gecko) Mobile Safari/537.36 (compatible; PetalBot;+https://webmaster.petalsearch.com/site/petalbot)"
114.119.130.154 - - [20/Aug/2025:02:30:59 +0000] "GET /?g=69279115755902&channel=9fce46&from=shop.php?id%3D1157559-64%26name%3D%E3%83%97%E3%83%A9%E3%83%80%2B%E3%82%AB%E3%83%8A%E3%83%91%E3%80%80S%E3%82%B5%E3%82%A4%E3%82%BA%E3%80%802way%2B%E3%82%B7%E3%83%A7%E3%83%AB%E3%83%80%E3%83%BC%E3%83%90%E3%83%83%E3%82%B0%2B%E3%83%88%E3%83%BC%E3%83%88%E3%83%90%E3%83%83%E3%82%B0%2B%E4%B8%89%E8%A7%92%E3%83%AD%E3%82%B4 HTTP/1.1" 200 22735 "https://ugotechnologies.com/sitemap.xml" "Mozilla/5.0 (Linux; Android 7.0;) AppleWebKit/537.36 (KHTML, like Gecko) Mobile Safari/537.36 (compatible; PetalBot;+https://webmaster.petalsearch.com/site/petalbot)"
66.249.79.199 - - [20/Aug/2025:02:31:21 +0000] "GET /?g=51427198348404&channel=64bc80&from=goods.php%3Fid%3D1983484-11283%26name%3D%E3%80%90%E6%9C%80%E5%AE%89%E5%80%A4%E3%80%91+KIDS+%E3%82%AD%E3%83%83%E3%82%BA+%E3%83%88%E3%83%83%E3%83%97%E3%82%B9+%E3%83%81%E3%83%A5%E3%83%8B%E3%83%83%E3%82%AF HTTP/1.1" 200 239829 "-" "Mozilla/5.0 (compatible; Googlebot/2.1; +http://www.google.com/bot.html)"
66.249.79.198 - - [20/Aug/2025:02:31:30 +0000] "GET /?g=03289146925004&channel=426386&from=category-info.php%3Fid%3D1469250-6404%26name%3D%E9%9B%B0%E5%9B%B2%E6%B0%97%E8%BB%A2%E6%8F%9B+%E7%9D%80%E3%81%9B%E6%9B%BF%E3%81%88+%E6%B4%97%E3%81%88%E3%82%8B+%E5%82%B7%E6%B1%9A%E3%82%8C%E9%98%B2%E6%AD%A2+%E9%80%81%E6%96%99%E7%84%A1%E6%96%99+%E3%83%98%E3%83%83%E3%83%89%E3%83%9C%E3%83%BC%E3%83%89%E3%82%AB%E3%83%90%E3%83%BC+%E7%84%A1%E5%9C%B0%E3%83%99%E3%83%83%E3%83%89%E3%81%AE%E8%83%8C%E3%82%82%E3%81%9F%E3%82%8C%E9%98%B2%E5%A1%B5%E3%82%AB%E3%83%90%E3%83%BC+%E7%AB%AF%E8%B7%9D1.2M%7E1.8M%E9%81%A9%E7%94%A8+%E3%83%98%E3%83%83%E3%83%89%E3%83%9C%E3%83%BC%E3%83%89%E3%83%97+vii3v950182 HTTP/1.1" 200 239853 "-" "Mozilla/5.0 (compatible; Googlebot/2.1; +http://www.google.com/bot.html)"
66.249.68.37 - - [20/Aug/2025:02:31:39 +0000] "GET /?g=9287085491301&channel=af8834&from=brands.php%3Fid%3D854913-2208%26name%3D%E3%80%90%E3%82%A8%E3%83%AB%E3%83%A1%E3%82%B9%E3%80%91HERME%27S%E3%82%B9%E3%82%AB%E3%83%BC%E3%83%95%E3%80%80%E9%A1%8D%E8%A3%85 HTTP/1.1" 200 22735 "-" "Mozilla/5.0 (compatible; Googlebot/2.1; +http://www.google.com/bot.html)"
66.249.79.198 - - [20/Aug/2025:02:31:49 +0000] "GET /?g=2325933611901&channel=f2617b&from=shared.php%3Fid%3D336119-4693%26name%3D%E2%98%85%E3%83%AC%E3%82%A2%E2%98%85VENTUS+BLACK%E3%80%80TR+%E3%83%99%E3%83%B3%E3%82%BF%E3%82%B9%E3%83%96%E3%83%A9%E3%83%83%E3%82%AFTR%E3%80%807X+VELOCORE+%E3%83%99%E3%83%AD%E3%82%B3%E3%82%A2%E2%98%85%E3%83%86%E3%83%BC%E3%83%A9%E3%83%BC%E3%83%A1%E3%82%A4%E3%83%89%E3%82%B9%E3%83%AA%E3%83%BC%E3%83%96%E2%98%85FW+%E3%82%B9%E3%83%86%E3%83%AB%E3%82%B9+%E3%82%B7%E3%83%A0+%EF%BC%AD1+Qi10+306 HTTP/1.1" 200 22735 "-" "Mozilla/5.0 (compatible; Googlebot/2.1; +http://www.google.com/bot.html)"
66.249.68.37 - - [20/Aug/2025:02:31:59 +0000] "GET /?g=9969254468118&channel=907be1&from=product.php%3Fid%3D544681-1430%26name%3D777%E5%86%86OFF%E3%82%AF%E3%83%BC%E3%83%9D%E3%83%B3+%E5%8D%93%E4%B8%8A+%E5%B0%8F%E7%89%A9%E5%85%A5%E3%82%8C+%E5%BC%95%E3%81%8D%E5%87%BA%E3%81%97+%E6%9C%A8%E8%A3%BD+A4+%E5%8F%8E%E7%B4%8D+%E3%83%AC%E3%82%BF%E3%83%BC%E3%82%B1%E3%83%BC%E3%82%B9+%E3%83%97%E3%83%AA%E3%83%B3%E3%83%88%E5%8F%8E%E7%B4%8D+%E6%9C%BA%E4%B8%8A+%E3%81%8A%E3%81%97%E3%82%83%E3%82%8C+%E3%83%9B%E3%83%AF%E3%82%A4%E3%83%88+%E6%9C%A8%E7%9B%AE+%E3%83%8A%E3%83%81%E3%83%A5%E3%83%A9%E3%83%AB+%E6%9B%B8%E9%A1%9E%E6%95%B4%E7%90%86+%E3%83%81%E3%82%A7%E3%82%B9%E3%83%88+%E3%83%97%E3%83%AA%E3%83%B3%E3%83%88%E6%95%B4%E7%90%86+%E6%9B%B8%E9%A1%9E%E3%82%B1%E3%83%BC%E3%82%B9+%E5%8D%93%E4%B8%8A%E5%8F%8E%E7%B4%8D+%E5%B0%8F%E7%89%A9%E5%8F%8E%E7%B4%8D+1%E6%AE%B5+%E5%8C%97%E6%AC%A7+%E5%88%86%E9%A1%9E+%E3%82%A4%E3%83%B3%E3%83%86%E3%83%AA%E3%82%A2+%E5%8F%8E%E7%B4%8D%E7%94%A8%E5%93%81+%E4%BE%BF%E5%88%A9+%E5%A4%9A%E6%A9%9F%E8%83%BD+%E6%9C%BA%E4%B8%8A%E5%8F%8E%E7%B4%8D+%E3%82%AA%E3%83%95%E3%82%A7%E3%82%B9+Yj6x HTTP/1.1" 200 22735 "-" "Mozilla/5.0 (compatible; Googlebot/2.1; +http://www.google.com/bot.html)"
66.249.68.37 - - [20/Aug/2025:02:32:09 +0000] "GET /?g=3776745121004&channel=aecce1&from=blog.php%3Fid%3D451210-9053%26name%3D%E3%82%A8%E3%83%B4%E3%82%A1%E3%83%B3%E3%82%B2%E3%83%AA%E3%82%AA%E3%83%B3+1998%E5%B9%B4%E3%82%AB%E3%83%AC%E3%83%B3%E3%83%80%E3%83%BC%E3%82%BB%E3%83%83%E3%83%88+%E6%9C%AA%E9%96%8B%E5%B0%81%E5%93%81 HTTP/1.1" 200 22735 "-" "Mozilla/5.0 (compatible; Googlebot/2.1; +http://www.google.com/bot.html)"
66.249.79.198 - - [20/Aug/2025:02:32:19 +0000] "GET /?g=8309295179901&channel=93c7cf&from=shared.php%3Fid%3D951799-12265%26name%3DCASIO+G-SHOCK+BLACK+%E8%85%95%E6%99%82%E8%A8%88 HTTP/1.1" 200 246880 "-" "Mozilla/5.0 (compatible; Googlebot/2.1; +http://www.google.com/bot.html)"
114.119.143.233 - - [20/Aug/2025:02:32:23 +0000] "GET /?g=69118120752202&channel=bafb3a&from=news.php?id%3D1207522-1821%26name%3D%E3%83%88%E3%83%9F%E3%82%AB%E3%83%AA%E3%83%9F%E3%83%86%E3%83%83%E3%83%89%E3%83%B4%E3%82%A3%E3%83%B3%E3%83%86%E3%83%BC%E3%82%B8%E3%83%8D%E3%82%AA%2B%E3%83%88%E3%83%A8%E3%82%BF%2B%E3%82%BB%E3%83%B3%E3%83%81%E3%83%A5%E3%83%AA%E3%83%BC HTTP/1.1" 200 22735 "https://ugotechnologies.com/sitemap.xml" "Mozilla/5.0 (Linux; Android 7.0;) AppleWebKit/537.36 (KHTML, like Gecko) Mobile Safari/537.36 (compatible; PetalBot;+https://webmaster.petalsearch.com/site/petalbot)"
66.249.79.198 - - [20/Aug/2025:02:32:29 +0000] "GET /?g=8719897589802&channel=a2757a&from=pin.php%3Fid%3D975898-3513%26name%3D%E3%80%90%E8%B6%85%E7%BE%8E%E5%93%81%E3%80%91%E5%A4%A7%E5%9E%8B%E6%96%BD%E8%A1%93%E3%83%99%E3%83%83%E3%83%892%E5%8F%B0%EF%BC%81 HTTP/1.1" 200 251474 "-" "Mozilla/5.0 (compatible; Googlebot/2.1; +http://www.google.com/bot.html)"
66.249.79.198 - - [20/Aug/2025:02:32:38 +0000] "GET /?g=41195157214507&channel=08af6e&from=blog.php%3Fid%3D1572145-15199%26name%3D%E8%82%A9%E3%81%8B%E3%81%91%E3%83%90%E3%83%83%E3%82%AF%E4%B8%AD%E5%8F%A4%E5%93%81 HTTP/1.1" 200 22735 "-" "Mozilla/5.0 (compatible; Googlebot/2.1; +http://www.google.com/bot.html)"
66.249.79.198 - - [20/Aug/2025:02:32:48 +0000] "GET /?g=1279091705406&channel=7e81cd&from=info.php%3Fid%3D917054-5926%26name%3D%E5%B2%A1%E6%9C%AC%E5%A4%AA%E9%83%8E%E3%80%81%E3%80%90%E5%A4%9C%E6%98%8E%E3%81%91%E3%80%91%E3%80%81%E5%B8%8C%E5%B0%91%E7%94%BB%E9%9B%86%E7%94%BB%E3%80%81%E9%AB%98%E7%B4%9A%E6%96%B0%E5%93%81%E9%A1%8D%E3%83%BB%E9%A1%8D%E8%A3%85%E4%BB%98%E3%80%81%E7%8A%B6%E6%85%8B%E8%89%AF%E5%A5%BD%E3%80%81%E9%80%81%E6%96%99%E7%84%A1%E6%96%99%E3%80%81%E3%82%A4%E3%83%B3%E3%83%86%E3%83%AA%E3%82%A2 HTTP/1.1" 200 22735 "-" "Mozilla/5.0 (compatible; Googlebot/2.1; +http://www.google.com/bot.html)"
66.249.68.37 - - [20/Aug/2025:02:32:57 +0000] "GET /?g=88459115504803&channel=7f7a89&from=info.php%3Fid%3D1155048-4867%26name%3D%E3%82%A8%E3%83%9F%E3%83%AA%E3%83%BC%E3%83%86%E3%83%B3%E3%83%97%E3%83%AB%E3%82%AD%E3%83%A5%E3%83%BC%E3%83%88+%E3%83%90%E3%83%AC%E3%83%AA%E3%83%BC%E3%83%8A%E3%81%86%E3%81%95%E3%81%8E+%E3%83%AF%E3%83%B3%E3%83%94%E3%83%BC%E3%82%B9+%E3%83%91%E3%83%BC%E3%83%97%E3%83%AB+%E3%82%A8%E3%83%9F%E3%82%AD%E3%83%A5 HTTP/1.1" 200 22735 "-" "Mozilla/5.0 (compatible; Googlebot/2.1; +http://www.google.com/bot.html)"
66.249.68.37 - - [20/Aug/2025:02:33:07 +0000] "GET /?g=98567145495007&channel=2581ec&from=blog.php%3Fid%3D1454950-3023%26name%3D%E3%80%90A%E5%95%86%E5%93%81%E3%80%91+3%E3%80%9C5%E5%80%8B%E3%82%BB%E3%83%83%E3%83%88+%E3%81%BE%E3%81%A8%E3%82%81%E8%B2%B7%E3%81%84+%3Cbr%3E%E8%8A%B1%E7%8E%8B+%E3%83%95%E3%83%AC%E3%82%A2%E3%83%95%E3%83%AC%E3%82%B0%E3%83%A9%E3%83%B3%E3%82%B9+%E3%83%9F%E3%82%B9%E3%83%88+%E3%83%95%E3%83%A9%E3%83%AF%E3%83%BC%26%E3%83%8F%E3%83%BC%E3%83%A2%E3%83%8B%E3%83%BC%E3%81%AE%E9%A6%99%E3%82%8A+%E6%9C%AC%E4%BD%93+270ml HTTP/1.1" 200 22735 "-" "Mozilla/5.0 (compatible; Googlebot/2.1; +http://www.google.com/bot.html)"
66.249.68.37 - - [20/Aug/2025:02:33:17 +0000] "GET /?g=7995612085904&channel=e35fe7&from=shop.php%3Fid%3D120859-8762%26name%3D%E3%82%B7%E3%83%9E%E3%83%8E%E3%80%80%E3%82%BB%E3%83%95%E3%82%A3%E3%82%A2%E3%80%80%E3%82%A8%E3%82%AF%E3%82%B9%E3%83%81%E3%83%A5%E3%83%BC%E3%83%B3%E3%80%80806m HTTP/1.1" 200 22735 "-" "Mozilla/5.0 (compatible; Googlebot/2.1; +http://www.google.com/bot.html)"
66.249.68.37 - - [20/Aug/2025:02:33:27 +0000] "GET /?g=4191867742204&channel=49983c&from=form.php%3Fid%3D677422-10525%26name%3Dmeglin%E6%A7%98%E5%B0%82%E7%94%A8%E3%83%AD%E3%83%B3%E3%83%8F%E3%83%BC%E3%83%9E%E3%83%B3+%E3%83%B4%E3%82%A3%E3%83%B3%E3%83%86%E3%83%BC%E3%82%B8+%E3%83%87%E3%83%8B%E3%83%A0+%E3%82%B5%E3%83%AD%E3%83%9A%E3%83%83%E3%83%88+%E3%82%AA%E3%83%BC%E3%83%90%E3%83%BC%E3%82%AA%E3%83%BC%E3%83%AB HTTP/1.1" 200 22735 "-" "Mozilla/5.0 (compatible; Googlebot/2.1; +http://www.google.com/bot.html)"
66.249.79.199 - - [20/Aug/2025:02:33:37 +0000] "GET /?g=7092647410401&channel=784c53&from=brands.php%3Fid%3D474104-6571%26name%3D%E3%80%8C%E8%87%B3%E9%AB%98%E3%81%AE%E6%84%9B%E3%80%8D+Chie+Art HTTP/1.1" 200 260726 "-" "Mozilla/5.0 (compatible; Googlebot/2.1; +http://www.google.com/bot.html)"
114.119.153.152 - - [20/Aug/2025:02:33:47 +0000] "GET /?g=690971244100&channel=a28d37&from=goods.php?id%3D12441-2138%26name%3D%E6%9D%B1%E9%82%A6%E5%A4%A7%E4%BF%A1%2BTOHO%2B%E3%82%A8%E3%82%A2%E5%BC%8F%E6%98%87%E9%99%8D%E3%83%AA%E3%83%95%E3%83%88%2B%E3%83%91%E3%83%AF%E3%83%BC%E3%83%99%E3%83%BC%E3%82%B9%2B%E3%83%81%E3%82%A7%E3%83%BC%E3%83%B3%E3%82%B3%E3%83%B3%E3%83%99%E3%83%A41%E5%88%97%E3%82%BF%E3%82%A4%E3%83%97%2B%E6%98%87%E9%99%8D%E5%B9%8545mm%2B%2B(%2BCB60AT-45N-900-5.9-50%2B) HTTP/1.1" 200 22735 "https://ugotechnologies.com/sitemap.xml" "Mozilla/5.0 (Linux; Android 7.0;) AppleWebKit/537.36 (KHTML, like Gecko) Mobile Safari/537.36 (compatible; PetalBot;+https://webmaster.petalsearch.com/site/petalbot)"
66.249.79.199 - - [20/Aug/2025:02:33:47 +0000] "GET /?g=89256193725808&channel=62600e&from=news.php%3Fid%3D1937258-8836%26name%3D%E3%80%90%E5%BF%A0%E7%8A%AC%E3%82%82%E3%81%A1%E3%81%97%E3%81%B0%E3%80%91%E3%83%9D%E3%83%BC%E3%82%BA%E3%81%8C%E3%81%BE%E5%8F%A3+%26+%E3%81%8A%E3%81%99%E3%82%8F%E3%82%8ABIG27cm+%26+%E8%B1%86%E4%B8%89%E9%83%8E HTTP/1.1" 200 22735 "-" "Mozilla/5.0 (compatible; Googlebot/2.1; +http://www.google.com/bot.html)"
66.249.79.198 - - [20/Aug/2025:02:33:57 +0000] "GET /?g=80900181418804&channel=aa24cf&from=pin.php%3Fid%3D1814188-12282%26name%3D%E3%83%8B%E3%83%88%E3%83%AA+%E3%83%9E%E3%82%B0%E3%83%8D%E3%83%83%E3%83%88%E3%80%80%E3%82%BF%E3%82%AA%E3%83%AB%E3%83%8F%E3%83%B3%E3%82%AC%E3%83%BC+2%E6%AE%B5%E3%80%80%E9%BB%92+%EF%BC%882024%E5%B9%B4%E3%80%91%E5%B1%B1%E5%B4%8E%E5%AE%9F%E6%A5%AD%E3%81%AE%E5%8F%8E%E7%B4%8D%E3%81%AE%E3%81%8A%E3%81%99%E3%81%99%E3%82%8134%E9%81%B8%E3%80%82LDK%E3%81%A8%E3%83%97%E3%83%AD%E3%81%8C%E6%96%B0%E4%BD%9C%E3%83%BB%E4%BA%BA%E6%B0%97%E3%81%AE%E7%A5%9E%E3%82%A2%E3%82%A4%E3%83%86%E3%83%A0%E3%82%92%E5%BE%B9%E5%BA%95%E6%AF%94%E8%BC%83%EF%BC%89 HTTP/1.1" 200 22735 "-" "Mozilla/5.0 (compatible; Googlebot/2.1; +http://www.google.com/bot.html)"
66.249.79.198 - - [20/Aug/2025:02:34:07 +0000] "GET /?g=1929858778902&channel=110dbf&from=form.php%3Fid%3D587789-7190%26name%3D%E3%82%B2%E3%83%A9%E3%83%B3%E3%80%80%E3%82%A2%E3%83%99%E3%82%A4%E3%83%A6%E3%83%AD%E3%82%A4%E3%83%A4%E3%83%AB+%E3%82%AF%E3%83%A9%E3%83%AA%E3%83%95%E3%82%A1%E3%82%A4%E3%83%80%E3%83%96%E3%83%AB++%E3%82%A8%E3%83%83%E3%82%BB%E3%83%B3%E3%82%B9%E3%83%AD%E3%83%BC%E3%82%B7%E3%83%A7%E3%83%B3%E3%80%80%E6%96%B0%E5%93%81%EF%BC%88%E3%82%A2%E3%83%99%E3%82%A4%E3%83%A6+%E3%83%AD%E3%82%A4%E3%83%A4%E3%83%AB+%E3%82%AF%E3%83%A9%E3%83%AA%E3%83%95%E3%82%A1%E3%82%A4+%E2%8B%85+%E3%83%80%E3%83%96%E3%83%AB+%E3%82%A8%E3%83%83%E3%82%BB%E3%83%B3%E3%82%B9+%E3%83%AD%E3%83%BC%E3%82%B7%E3%83%A7%E3%83%B3+%7C+%E3%82%B2%E3%83%A9%E3%83%B3+GUERLAIN%EF%BC%89 HTTP/1.1" 200 22735 "-" "Mozilla/5.0 (compatible; Googlebot/2.1; +http://www.google.com/bot.html)"
66.249.79.198 - - [20/Aug/2025:02:34:16 +0000] "GET /?g=89925133487411&channel=4953c2&from=news.php%3Fid%3D1334874-4878%26name%3DROBE+de+FLEURS+Glossy+%E3%82%AD%E3%83%A3%E3%83%90%E3%83%89%E3%83%AC%E3%82%B9+%E3%83%9F%E3%83%8B+%E3%82%BF%E3%82%A4%E3%83%88+%E3%82%BB%E3%83%83%E3%83%88%E3%82%A2%E3%83%83%E3%83%97+XS%E3%80%9CM%E3%82%B5%E3%82%A4%E3%82%BA+%E3%83%AA%E3%83%96%E3%83%8B%E3%83%83%E3%83%88+%E3%83%90%E3%82%B9%E3%83%88%E3%82%B8%E3%83%83%E3%83%91%E3%83%BC+%E3%82%A2%E3%83%A1%E3%83%AA%E3%82%AB%E3%83%B3%E3%82%B9%E3%83%AA%E3%83%BC%E3%83%96+%E3%83%95%E3%83%AD%E3%83%B3%E3%83%88%E3%82%B8%E3%83%83%E3%83%97+%E3%83%AD%E3%83%BC%E3%83%96%E3%83%89%E3%83%95%E3%83%AB%E3%83%BC%E3%83%AB+%E3%82%B0%E3%83%AD%E3%83%83%E3%82%B7%E3%83%BC+%E3%83%89%E3%83%AC%E3%82%B9+%E3%82%BF%E3%82%A4%E3%83%88%E3%82%B9%E3%82%AB%E3%83%BC%E3%83%88+%E9%80%81%E6%96%99%E7%84%A1%E6%96%99+%E3%82%BB%E3%82%AF%E3%82%B7%E3%83%BC+%E3%82%AD%E3%83%A3%E3%83%90%E5%AC%A2+%E3%82%AD%E3%83%A3%E3%83%90%E3%82%AF%E3%83%A9+%E3%83%8E%E3%83%BC%E3%82%B9%E3%83%AA%E3%83%BC%E3%83%96+gl3153 HTTP/1.1" 200 22735 "-" "Mozilla/5.0 (compatible; Googlebot/2.1; +http://www.google.com/bot.html)"
66.249.79.198 - - [20/Aug/2025:02:34:26 +0000] "GET /css/animate.css HTTP/1.1" 200 73008 "https://ugotechnologies.com/?g=89925133487411&channel=4953c2&from=news.php%3Fid%3D1334874-4878%26name%3DROBE+de+FLEURS+Glossy+%E3%82%AD%E3%83%A3%E3%83%90%E3%83%89%E3%83%AC%E3%82%B9+%E3%83%9F%E3%83%8B+%E3%82%BF%E3%82%A4%E3%83%88+%E3%82%BB%E3%83%83%E3%83%88%E3%82%A2%E3%83%83%E3%83%97+XS%E3%80%9CM%E3%82%B5%E3%82%A4%E3%82%BA+%E3%83%AA%E3%83%96%E3%83%8B%E3%83%83%E3%83%88+%E3%83%90%E3%82%B9%E3%83%88%E3%82%B8%E3%83%83%E3%83%91%E3%83%BC+%E3%82%A2%E3%83%A1%E3%83%AA%E3%82%AB%E3%83%B3%E3%82%B9%E3%83%AA%E3%83%BC%E3%83%96+%E3%83%95%E3%83%AD%E3%83%B3%E3%83%88%E3%82%B8%E3%83%83%E3%83%97+%E3%83%AD%E3%83%BC%E3%83%96%E3%83%89%E3%83%95%E3%83%AB%E3%83%BC%E3%83%AB+%E3%82%B0%E3%83%AD%E3%83%83%E3%82%B7%E3%83%BC+%E3%83%89%E3%83%AC%E3%82%B9+%E3%82%BF%E3%82%A4%E3%83%88%E3%82%B9%E3%82%AB%E3%83%BC%E3%83%88+%E9%80%81%E6%96%99%E7%84%A1%E6%96%99+%E3%82%BB%E3%82%AF%E3%82%B7%E3%83%BC+%E3%82%AD%E3%83%A3%E3%83%90%E5%AC%A2+%E3%82%AD%E3%83%A3%E3%83%90%E3%82%AF%E3%83%A9+%E3%83%8E%E3%83%BC%E3%82%B9%E3%83%AA%E3%83%BC%E3%83%96+gl3153" "Mozilla/5.0 AppleWebKit/537.36 (KHTML, like Gecko; compatible; Googlebot/2.1; +http://www.google.com/bot.html) Chrome/138.0.7204.183 Safari/537.36"
66.249.79.198 - - [20/Aug/2025:02:34:35 +0000] "GET /?g=7220827796602&channel=bd0fd1&from=shop.php%3Fid%3D277966-5175%26name%3D%E3%82%B5%E3%83%B3%E3%83%AD%E3%83%BC%E3%83%A9%E3%83%B3%E3%80%80%E3%82%B9%E3%83%91%E3%83%B3%E3%82%B3%E3%83%BC%E3%83%AB%E3%80%80%E3%82%BB%E3%83%83%E3%83%88%E3%82%A2%E3%83%83%E3%83%97 HTTP/1.1" 200 22735 "-" "Mozilla/5.0 (compatible; Googlebot/2.1; +http://www.google.com/bot.html)"
66.249.79.198 - - [20/Aug/2025:02:34:44 +0000] "GET /?g=0213156300103&channel=f9d075&from=goods.php%3Fid%3D563001-6337%26name%3DJ-FISH+%E3%82%B8%E3%82%A7%E3%83%91%E3%82%BD%E3%83%B3+%E3%82%A6%E3%82%A7%E3%83%83%E3%83%88%E3%82%B9%E3%83%BC%E3%83%84+%E3%82%A2%E3%83%89%E3%83%90%E3%83%B3%E3%82%B9+%E3%83%AD%E3%83%B3%E3%82%B0%E3%82%B8%E3%83%A7%E3%83%B3%EF%BC%86%E3%83%9C%E3%83%AC%E3%83%AD+%E4%B8%8A%E4%B8%8B%E3%82%BB%E3%83%83%E3%83%88+%E3%83%95%E3%83%AA%E3%83%BC%E3%82%B9%E3%82%BF%E3%82%A4%E3%83%AB+%E3%83%AC%E3%83%BC%E3%82%B9+%E9%BB%92+%E3%82%B5%E3%82%A4%E3%82%BA+L+PWC+%E3%83%9E%E3%83%AA%E3%83%B3+%E9%99%90%E5%AE%9A+%E5%BB%83%E7%9B%A4 HTTP/1.1" 200 22735 "-" "Mozilla/5.0 (compatible; Googlebot/2.1; +http://www.google.com/bot.html)"
66.249.79.198 - - [20/Aug/2025:02:34:53 +0000] "GET /?g=6990445140906&channel=515d58&from=pin.php%3Fid%3D451409-1347%26name%3D%E3%80%90%E7%BE%8E%E5%93%81%E3%80%91%E3%83%9E%E3%83%B3%E3%83%8F%E3%83%83%E3%82%BF%E3%83%B3%E3%83%9D%E3%83%BC%E3%83%86%E3%83%BC%E3%82%B8+%E3%83%88%E3%83%BC%E3%83%88%E3%83%90%E3%83%83%E3%82%B0+%E3%83%AD%E3%83%95%E3%83%88%E3%80%80%E3%83%96%E3%83%A9%E3%83%83%E3%82%AF%E3%80%80%E3%83%8F%E3%83%B3%E3%83%89%E3%83%90%E3%83%83%E3%82%B0 HTTP/1.1" 200 22735 "-" "Mozilla/5.0 (compatible; Googlebot/2.1; +http://www.google.com/bot.html)"
66.249.79.199 - - [20/Aug/2025:02:35:03 +0000] "GET /?g=8738029895212&channel=0f4a0f&from=pin.php%3Fid%3D298952-471%26name%3DClubman+%E3%82%AF%E3%83%A9%E3%83%96%E3%83%9E%E3%83%B3+%E4%B8%80%E4%BA%BA%E7%94%A8%E3%82%BD%E3%83%95%E3%82%A1+%E3%82%A2%E3%83%B3%E3%83%86%E3%82%A3%E3%83%BC%E3%82%AF+%E3%82%BD%E3%83%95%E3%82%A1+%E3%82%BD%E3%83%95%E3%82%A1%E3%83%BC+%E5%90%88%E7%9A%AE+%E4%B8%80%E4%BA%BA%E6%8E%9B%E3%81%91+1%E4%BA%BA%E6%8E%9B%E3%81%91%E3%82%BD%E3%83%95%E3%82%A1+%E3%83%81%E3%82%A7%E3%82%B9%E3%82%BF%E3%83%BC%E3%83%95%E3%82%A3%E3%83%BC%E3%83%AB%E3%83%89+%E3%82%BD%E3%83%95%E3%82%A1+%E4%B8%80%E4%BA%BA+1%E4%BA%BA%E7%94%A8+%E3%82%AA%E3%83%BC%E3%83%AB%E3%83%89%E3%83%96%E3%83%A9%E3%83%83%E3%82%AF+%E8%8B%B1%E5%9B%BD%E8%AA%BF+%E3%83%B4%E3%82%A3%E3%83%B3%E3%83%86%E3%83%BC%E3%82%B8+%E3%83%93%E3%83%B3%E3%83%86%E3%83%BC%E3%82%B8+%E9%AB%98%E7%B4%9A%E6%84%9F+%E3%81%8A%E3%81%97%E3%82%83%E3%82%8C+%E3%82%A4%E3%83%B3%E3%83%86%E3%83%AA%E3%82%A2+VXB1P87 HTTP/1.1" 200 22735 "-" "Mozilla/5.0 (compatible; Googlebot/2.1; +http://www.google.com/bot.html)"
158.115.254.165 - - [20/Aug/2025:02:35:08 +0000] "GET /?g=98214190203406&channel=808e3c&from=blog.php%3Fid%3D1902034-500&name=%E3%80%90%E7%9C%9F%E7%B4%85%E2%98%85%E3%83%8F%E3%82%A4%E3%83%91%E3%83%BC%E7%84%A1%E7%B7%9A%E3%82%B2%E3%83%BC%E3%83%9F%E3%83%B3%E3%82%B0PC%E3%80%91%E3%83%95%E3%82%A9%E3%83%BC%E3%83%88%E3%83%8A%E3%82%A4%E3%83%88%E2%97%8E HTTP/1.1" 200 22735 "-" "Mozilla/5.0 (X11; Linux x86_64) AppleWebKit/537.36 (KHTML, like Gecko) Chrome/134.0.0.0 Safari/537.36"
158.115.254.165 - - [20/Aug/2025:02:35:10 +0000] "GET /images/digital_solutions_kochi.jpg HTTP/1.1" 200 81539 "-" "Mozilla/5.0 (X11; Linux x86_64) AppleWebKit/537.36 (KHTML, like Gecko) Chrome/134.0.0.0 Safari/537.36"
158.115.254.165 - - [20/Aug/2025:02:35:10 +0000] "GET /images/about_ugo.jpg HTTP/1.1" 200 91628 "-" "Mozilla/5.0 (X11; Linux x86_64) AppleWebKit/537.36 (KHTML, like Gecko) Chrome/134.0.0.0 Safari/537.36"
158.115.254.165 - - [20/Aug/2025:02:35:10 +0000] "GET /images/kapindia_website.jpg HTTP/1.1" 200 34035 "-" "Mozilla/5.0 (X11; Linux x86_64) AppleWebKit/537.36 (KHTML, like Gecko) Chrome/134.0.0.0 Safari/537.36"
158.115.254.165 - - [20/Aug/2025:02:35:10 +0000] "GET /images/sales_catalog_app_kochi.jpg HTTP/1.1" 200 40455 "-" "Mozilla/5.0 (X11; Linux x86_64) AppleWebKit/537.36 (KHTML, like Gecko) Chrome/134.0.0.0 Safari/537.36"
158.115.254.165 - - [20/Aug/2025:02:35:10 +0000] "GET /images/evm_Honda_website.jpg HTTP/1.1" 200 51646 "-" "Mozilla/5.0 (X11; Linux x86_64) AppleWebKit/537.36 (KHTML, like Gecko) Chrome/134.0.0.0 Safari/537.36"
158.115.254.165 - - [20/Aug/2025:02:35:10 +0000] "GET /images/rental_cochin.jpg HTTP/1.1" 200 33662 "-" "Mozilla/5.0 (X11; Linux x86_64) AppleWebKit/537.36 (KHTML, like Gecko) Chrome/134.0.0.0 Safari/537.36"
158.115.254.165 - - [20/Aug/2025:02:35:10 +0000] "GET /images/thakkaaram_website.jpg HTTP/1.1" 200 38614 "-" "Mozilla/5.0 (X11; Linux x86_64) AppleWebKit/537.36 (KHTML, like Gecko) Chrome/134.0.0.0 Safari/537.36"
158.115.254.165 - - [20/Aug/2025:02:35:10 +0000] "GET /images/allguard_website.jpg HTTP/1.1" 200 45328 "-" "Mozilla/5.0 (X11; Linux x86_64) AppleWebKit/537.36 (KHTML, like Gecko) Chrome/134.0.0.0 Safari/537.36"
158.115.254.165 - - [20/Aug/2025:02:35:10 +0000] "GET /images/web_development_icon.png HTTP/1.1" 200 20428 "-" "Mozilla/5.0 (X11; Linux x86_64) AppleWebKit/537.36 (KHTML, like Gecko) Chrome/134.0.0.0 Safari/537.36"
114.119.143.233 - - [20/Aug/2025:02:35:10 +0000] "GET /?g=68896154141602&channel=2ac475&from=brands.php?id%3D1541416-8887%26name%3DAPP%2B%E3%83%96%E3%83%AC%E3%83%BC%E3%82%AD%E3%83%91%E3%83%83%E3%83%89%2BSFIDA%2BKG-1115%2B%E3%83%95%E3%83%AD%E3%83%B3%E3%83%88%2B%E3%83%88%E3%83%A8%E3%82%BF%2B%E3%82%BB%E3%83%AB%E3%82%B7%E3%82%AA%2BUCF30%2BUCF31%2B2000%E5%B9%B408%E6%9C%88%EF%BD%9E%2B%E5%85%A5%E6%95%B0%EF%BC%9A1%E3%82%BB%E3%83%83%E3%83%88(%E5%B7%A6%E5%8F%B3)%2B001F HTTP/1.1" 200 22735 "https://ugotechnologies.com/sitemap.xml" "Mozilla/5.0 (Linux; Android 7.0;) AppleWebKit/537.36 (KHTML, like Gecko) Mobile Safari/537.36 (compatible; PetalBot;+https://webmaster.petalsearch.com/site/petalbot)"
204.217.136.193 - - [20/Aug/2025:02:35:13 +0000] "GET /?g=98214190203406&channel=808e3c&from=blog.php%3Fid%3D1902034-500&name=%E3%80%90%E7%9C%9F%E7%B4%85%E2%98%85%E3%83%8F%E3%82%A4%E3%83%91%E3%83%BC%E7%84%A1%E7%B7%9A%E3%82%B2%E3%83%BC%E3%83%9F%E3%83%B3%E3%82%B0PC%E3%80%91%E3%83%95%E3%82%A9%E3%83%BC%E3%83%88%E3%83%8A%E3%82%A4%E3%83%88%E2%97%8E HTTP/1.1" 200 22735 "-" "Mozilla/5.0 (Windows NT 10.0; Win64; x64) AppleWebKit/537.36 (KHTML, like Gecko) Chrome/134.0.0.0 Safari/537.36"
204.217.136.193 - - [20/Aug/2025:02:35:15 +0000] "GET /css/magnific-popup.css HTTP/1.1" 200 7781 "https://www.ugotechnologies.com/?g=98214190203406&channel=808e3c&from=blog.php?id=1902034-500&name=%E3%80%90%E7%9C%9F%E7%B4%85%E2%98%85%E3%83%8F%E3%82%A4%E3%83%91%E3%83%BC%E7%84%A1%E7%B7%9A%E3%82%B2%E3%83%BC%E3%83%9F%E3%83%B3%E3%82%B0PC%E3%80%91%E3%83%95%E3%82%A9%E3%83%BC%E3%83%88%E3%83%8A%E3%82%A4%E3%83%88%E2%97%8E" "Mozilla/5.0 (Windows NT 10.0; Win64; x64) AppleWebKit/537.36 (KHTML, like Gecko) Chrome/134.0.0.0 Safari/537.36"
204.217.136.193 - - [20/Aug/2025:02:35:15 +0000] "GET /css/themify-icons.css HTTP/1.1" 200 16519 "https://www.ugotechnologies.com/?g=98214190203406&channel=808e3c&from=blog.php?id=1902034-500&name=%E3%80%90%E7%9C%9F%E7%B4%85%E2%98%85%E3%83%8F%E3%82%A4%E3%83%91%E3%83%BC%E7%84%A1%E7%B7%9A%E3%82%B2%E3%83%BC%E3%83%9F%E3%83%B3%E3%82%B0PC%E3%80%91%E3%83%95%E3%82%A9%E3%83%BC%E3%83%88%E3%83%8A%E3%82%A4%E3%83%88%E2%97%8E" "Mozilla/5.0 (Windows NT 10.0; Win64; x64) AppleWebKit/537.36 (KHTML, like Gecko) Chrome/134.0.0.0 Safari/537.36"
204.217.136.193 - - [20/Aug/2025:02:35:15 +0000] "GET /css/animate.css HTTP/1.1" 200 73008 "https://www.ugotechnologies.com/?g=98214190203406&channel=808e3c&from=blog.php?id=1902034-500&name=%E3%80%90%E7%9C%9F%E7%B4%85%E2%98%85%E3%83%8F%E3%82%A4%E3%83%91%E3%83%BC%E7%84%A1%E7%B7%9A%E3%82%B2%E3%83%BC%E3%83%9F%E3%83%B3%E3%82%B0PC%E3%80%91%E3%83%95%E3%82%A9%E3%83%BC%E3%83%88%E3%83%8A%E3%82%A4%E3%83%88%E2%97%8E" "Mozilla/5.0 (Windows NT 10.0; Win64; x64) AppleWebKit/537.36 (KHTML, like Gecko) Chrome/134.0.0.0 Safari/537.36"
204.217.136.193 - - [20/Aug/2025:02:35:15 +0000] "GET /css/icomoon.css HTTP/1.1" 200 25225 "https://www.ugotechnologies.com/?g=98214190203406&channel=808e3c&from=blog.php?id=1902034-500&name=%E3%80%90%E7%9C%9F%E7%B4%85%E2%98%85%E3%83%8F%E3%82%A4%E3%83%91%E3%83%BC%E7%84%A1%E7%B7%9A%E3%82%B2%E3%83%BC%E3%83%9F%E3%83%B3%E3%82%B0PC%E3%80%91%E3%83%95%E3%82%A9%E3%83%BC%E3%83%88%E3%83%8A%E3%82%A4%E3%83%88%E2%97%8E" "Mozilla/5.0 (Windows NT 10.0; Win64; x64) AppleWebKit/537.36 (KHTML, like Gecko) Chrome/134.0.0.0 Safari/537.36"
204.217.136.193 - - [20/Aug/2025:02:35:15 +0000] "GET /css/owl.carousel.min.css HTTP/1.1" 200 3630 "https://www.ugotechnologies.com/?g=98214190203406&channel=808e3c&from=blog.php?id=1902034-500&name=%E3%80%90%E7%9C%9F%E7%B4%85%E2%98%85%E3%83%8F%E3%82%A4%E3%83%91%E3%83%BC%E7%84%A1%E7%B7%9A%E3%82%B2%E3%83%BC%E3%83%9F%E3%83%B3%E3%82%B0PC%E3%80%91%E3%83%95%E3%82%A9%E3%83%BC%E3%83%88%E3%83%8A%E3%82%A4%E3%83%88%E2%97%8E" "Mozilla/5.0 (Windows NT 10.0; Win64; x64) AppleWebKit/537.36 (KHTML, like Gecko) Chrome/134.0.0.0 Safari/537.36"
