114.119.157.43 - - [20/Aug/2025:06:28:06 +0000] "GET /?g=40471151987500&channel=d7a262&from=news.php?id%3D1519875-7769%26name%3D%E3%80%90%E4%B8%AD%E5%8F%A4%E3%80%91%2B%E3%82%AD%E3%83%A3%E3%83%AD%E3%82%A6%E3%82%A7%E3%82%A4%2BPARADYM%2BAi%2BSMOKE%2BMAX%2B10.5%C2%B0%2B%E3%83%89%E3%83%A9%E3%82%A4%E3%83%90%E3%83%BC%2BDR%2BTENSEI%2B50%2Bfor%2BCW(Ai%2BSMOKE%2BDR)%2B(%E3%83%95%E3%83%AC%E3%83%83%E3%82%AF%E3%82%B9S)%2B%E3%83%A1%E3%83%B3%E3%82%BA%2B%E7%94%B7%E6%80%A7%E7%94%A8%2B%E5%8F%B3%E5%88%A9%E3%81%8D%2B%E5%8F%B3%E7%94%A8%2BB%E3%83%A9%E3%83%B3%E3%82%AF%2B%E3%82%B4%E3%83%AB%E3%83%95%E3%82%AF%E3%83%A9%E3%83%96 HTTP/1.1" 200 22735 "https://ugotechnologies.com/sitemap.xml" "Mozilla/5.0 (Linux; Android 7.0;) AppleWebKit/537.36 (KHTML, like Gecko) Mobile Safari/537.36 (compatible; PetalBot;+https://webmaster.petalsearch.com/site/petalbot)"
114.119.157.43 - - [20/Aug/2025:06:29:29 +0000] "GET /?g=4031553776201&channel=3be646&from=shared.php?id%3D537762-1072%26name%3DLAVA%2Bx%2BBE-MAX%2BBRM%2B1.3%2B40g%2B2%E7%AE%B1 HTTP/1.1" 200 22735 "https://ugotechnologies.com/sitemap.xml" "Mozilla/5.0 (Linux; Android 7.0;) AppleWebKit/537.36 (KHTML, like Gecko) Mobile Safari/537.36 (compatible; PetalBot;+https://webmaster.petalsearch.com/site/petalbot)"
114.119.150.86 - - [20/Aug/2025:06:30:53 +0000] "GET /?g=40171167713901&channel=af2116&from=blog.php?id%3D1677139-12144%26name%3D%E9%80%81%E6%96%99%E7%84%A1%E6%96%99%2B%E6%A3%AE%E6%B0%B8%2B%E3%81%8A%E3%81%AA%E3%81%8B%E6%B4%BB%E3%81%8D%E6%B4%BB%E3%81%8D%E3%83%93%E3%83%95%E3%82%A3%E3%82%BA%E3%82%B9%E8%8F%8C%2B1.5g%C3%9730%E6%9C%AC%E3%80%903%E7%AE%B1%E3%82%BB%E3%83%83%E3%83%88%E3%80%91%E3%82%AF%E3%83%AA%E3%83%8B%E3%82%B3%2B%E4%B9%B3%E9%85%B8%E8%8F%8C HTTP/1.1" 200 22735 "https://ugotechnologies.com/sitemap.xml" "Mozilla/5.0 (Linux; Android 7.0;) AppleWebKit/537.36 (KHTML, like Gecko) Mobile Safari/537.36 (compatible; PetalBot;+https://webmaster.petalsearch.com/site/petalbot)"
5.133.192.168 - - [20/Aug/2025:06:31:24 +0000] "GET / HTTP/1.1" 200 22735 "-" "Mozilla/5.0 (Windows NT 10.0; Win64; x64) AppleWebKit/537.36 (KHTML, like Gecko) Chrome/105.0.0.0 Safari/537.36"
5.133.192.168 - - [20/Aug/2025:06:31:26 +0000] "GET /favicon.ico HTTP/1.1" 200 22735 "-" "Mozilla/5.0 (Windows NT 10.0; Win64; x64) AppleWebKit/537.36 (KHTML, like Gecko) Chrome/105.0.0.0 Safari/537.36"
114.119.130.154 - - [20/Aug/2025:06:32:16 +0000] "GET /?g=39820167993702&channel=95def0&from=info.php?id%3D1679937-381%26name%3DReebok%2B%E3%82%B9%E3%83%8B%E3%83%BC%E3%82%AB%E3%83%BC%E3%80%8027cm HTTP/1.1" 200 22735 "https://ugotechnologies.com/sitemap.xml" "Mozilla/5.0 (Linux; Android 7.0;) AppleWebKit/537.36 (KHTML, like Gecko) Mobile Safari/537.36 (compatible; PetalBot;+https://webmaster.petalsearch.com/site/petalbot)"
114.119.130.154 - - [20/Aug/2025:06:33:40 +0000] "GET /?g=3979826075103&channel=4185c9&from=goods.php?id%3D260751-7179%26name%3D%E3%80%90%E4%B8%AD%E5%8F%A4%E3%80%91%2B%E3%82%AD%E3%83%A3%E3%83%AD%E3%82%A6%E3%82%A7%E3%82%A4%2BEPIC%2BFLASH%2BSTAR%2BU5%2B%E3%83%A6%E3%83%BC%E3%83%86%E3%82%A3%E3%83%AA%E3%83%86%E3%82%A3%2BUT%2BSpeeder%2BEVOLUTION%2Bfor%2BCW(UT)%2B(%E3%83%95%E3%83%AC%E3%83%83%E3%82%AF%E3%82%B9R)%2B%E3%83%A1%E3%83%B3%E3%82%BA%2B%E7%94%B7%E6%80%A7%E7%94%A8%2B%E5%8F%B3%E5%88%A9%E3%81%8D%2B%E5%8F%B3%E7%94%A8%2BC%E3%83%A9%E3%83%B3%E3%82%AF%2B%E3%82%B4%E3%83%AB%E3%83%95%E3%82%AF%E3%83%A9%E3%83%96 HTTP/1.1" 200 22735 "https://ugotechnologies.com/sitemap.xml" "Mozilla/5.0 (Linux; Android 7.0;) AppleWebKit/537.36 (KHTML, like Gecko) Mobile Safari/537.36 (compatible; PetalBot;+https://webmaster.petalsearch.com/site/petalbot)"
121.86.54.95 - - [20/Aug/2025:06:36:21 +0000] "GET /?g=1904138661902&channel=bc94b1&from=info.php%3Fid%3D386619-2229%26name%3D%E3%82%B8%E3%83%A5%E3%83%A9%E3%82%B7%E3%83%83%E3%82%AF%E3%83%BB%E3%83%AF%E3%83%BC%E3%83%AB%E3%83%89+DVD HTTP/1.1" 200 264 "https://www.google.com/" "Mozilla/5.0 (Windows NT 10.0; Win64; x64) AppleWebKit/537.36 (KHTML, like Gecko) Chrome/135.0.0.0 Safari/537.36"
66.249.68.37 - - [20/Aug/2025:06:36:35 +0000] "GET /?coaytbfday1667871 HTTP/1.1" 200 296763 "-" "Mozilla/5.0 (Linux; Android 6.0.1; Nexus 5X Build/MMB29P) AppleWebKit/537.36 (KHTML, like Gecko) Chrome/138.0.7204.183 Mobile Safari/537.36 (compatible; Googlebot/2.1; +http://www.google.com/bot.html)"
66.249.79.198 - - [20/Aug/2025:06:37:14 +0000] "GET /?g=77960122288804&channel=a1eb5a&from=brands.php%3Fid%3D1222888-12156%26name%3D%E4%B8%83%E4%BA%94%E4%B8%89+%E7%9D%80%E7%89%A9+7%E6%AD%B3+%E3%83%95%E3%83%AB%E3%82%BB%E3%83%83%E3%83%88+%E3%83%AC%E3%83%B3%E3%82%BF%E3%83%AB++%E5%A5%B3%E3%81%AE%E5%AD%90+%E7%B5%90%E3%81%B3%E5%B8%AF+Y364%E3%80%90%E6%AD%A3%E7%B5%B9%E3%80%91%E3%82%AF%E3%83%AA%E3%83%BC%E3%83%A0%E5%9C%B0+%E9%9E%A0+%E8%96%AC%E7%8E%89+753+%E5%AD%90%E3%81%A9%E3%82%82+%E3%81%8A%E7%A5%9D%E3%81%84%E7%9D%80+%E6%AD%A3%E6%9C%88+%E3%83%96%E3%83%A9%E3%83%B3%E3%83%89+7%E6%89%8D+%E4%B8%83%E6%89%8D+%E4%B8%83%E6%AD%B3+%E5%A5%B3%E5%85%90+%E3%83%95%E3%83%AB%E3%82%BB%E3%83%83%E3%83%88%E3%83%AC%E3%83%B3%E3%82%BF%E3%83%AB+7%E6%AD%B3%E7%9D%80%E7%89%A9%E3%83%95%E3%83%AB%E3%82%BB%E3%83%83%E3%83%88+%E3%81%8D%E3%82%82%E3%81%AE%E3%83%AC%E3%83%B3%E3%82%BF%E3%83%AB+%E6%96%B0%E5%93%81%E8%B6%B3%E8%A2%8B%E3%83%97%E3%83%AC%E3%82%BC%E3%83%B3%E3%83%88+%E5%BE%80%E5%BE%A9%E9%80%81%E6%96%99%E7%84%A1%E6%96%99%E3%80%90%E3%83%AC%E3%83%B3%E3%82%BF%E3%83%AB%E3%80%91%EF%BC%88%E4%B8%83%E4%BA%94%E4%B8%89+%E7%9D%80%E7%89%A9+7%E6%AD%B3+%E3%83%95%E3%83%AB%E3%82%BB%E3%83%83%E3%83%88+%E3%83%AC%E3%83%B3%E3%82%BF%E3%83%AB+%E5%A5%B3%E3%81%AE%E5%AD%90+7902+JILLSTUART+%E3%82%AF%E3%83%AA%E3%83%BC%E3%83%A0%E8%8A%B1%E6%9B%B4%E7%B4%97+753+%E5%AD%90%E3%81%A9%E3%82%82+%E3%81%8A%E7%A5%9D%E3%81%84%E7%9D%80+%E6%AD%A3%E6%9C%88+%E3%83%96%E3%83%A9%E3%83%B3%E3%83%89+7%E6%89%8D+%E4%B8%83%E6%89%8D++%E4%B8%83%E6%AD%B3+%E5%A5%B3%E5%85%90+%E3%83%95%E3%83%AB%E3%82%BB%E3%83%83%E3%83%88%E3%83%AC%E3%83%B3%E3%82%BF%E3%83%AB+7%E6%AD%B3%E7%9D%80%E7%89%A9%E3%83%95%E3%83%AB%E3%82%BB%E3%83%83%E3%83%88+%E3%81%8D%E3%82%82%E3%81%AE%E3%83%AC%E3%83%B3%E3%82%BF%E3%83%AB+%E6%96%B0%E5%93%81%E8%B6%B3%E8%A2%8B%E3%83%97%E3%83%AC%E3%82%BC%E3%83%B3%E3%83%88+%E5%BE%80%E5%BE%A9%E9%80%81%E6%96%99%E7%84%A1%E6%96%99%E3%80%90%E3%83%AC%E3%83%B3%E3%82%BF%E3%83%AB%E3%80%91+%7C+%E4%BA%AC%E9%83%BD%E3%81%8B%E3%81%97%E3%81%84%E3%81%97%E3%82%87%E3%81%86%EF%BC%89 HTTP/1.1" 200 320579 "-" "Mozilla/5.0 (Linux; Android 6.0.1; Nexus 5X Build/MMB29P) AppleWebKit/537.36 (KHTML, like Gecko) Chrome/139.0.7258.127 Mobile Safari/537.36 (compatible; Googlebot/2.1; +http://www.google.com/bot.html)"
114.119.153.152 - - [20/Aug/2025:06:37:33 +0000] "GET /?g=3951249169702&channel=be8f2c&from=goods.php?id%3D491697-900%26name%3D%E3%80%906/22%2B20%E6%99%82%E3%80%9C%2B%E5%85%A8%E5%93%81P5%E5%80%8D%EF%BC%86%E3%82%AF%E3%83%BC%E3%83%9D%E3%83%B3%E3%80%912024%E5%B9%B4%E8%A3%BD%2B225/45R17%2B91Q%2B%E3%82%B0%E3%83%83%E3%83%89%E3%82%A4%E3%83%A4%E3%83%BC%2B%E3%82%A2%E3%82%A4%E3%82%B9%E3%83%8A%E3%83%938%2B%23%2B%E3%82%A8%E3%83%A0%E3%82%A2%E3%82%A4%E3%83%87%E3%82%A3%E3%83%BC%2B%E3%83%8A%E3%82%A4%E3%83%88%E3%83%AD%E3%83%91%E3%83%AF%E3%83%BC%E3%83%87%E3%83%AA%E3%83%B3%E3%82%B8%E3%83%A3%E3%83%BC%2B%E3%82%BB%E3%83%9F%E3%82%B0%E3%83%AD%E3%82%B9%E3%83%96%E3%83%A9%E3%83%83%E3%82%AF%E3%83%9D%E3%83%AA%E3%83%83%E3%82%B7%E3%83%A5/%E3%83%95%E3%83%A9%E3%83%B3%E3%82%B8%E3%83%94%E3%82%A2%E3%82%B9%E3%83%89%E3%83%AA%E3%83%AB%E3%83%89%2B17-7J%2B%E5%9B%BD%E7%94%A3%E8%BB%8A%E7%94%A8%2B%E3%82%B9%E3%82%BF%E3%83%83%E3%83%89%E3%83%AC%E3%82%B9%E3%82%BF%E3%82%A4%E3%83%A4%E3%83%9B%E3%82%A4%E3%83%BC%E3%83%AB4%E6%9C%AC%E3%82%BB%E3%83%83%E3%83%88 HTTP/1.1" 200 22735 "https://ugotechnologies.com/sitemap.xml" "Mozilla/5.0 (Linux; Android 7.0;) AppleWebKit/537.36 (KHTML, like Gecko) Mobile Safari/537.36 (compatible; PetalBot;+https://webmaster.petalsearch.com/site/petalbot)"
114.119.143.233 - - [20/Aug/2025:06:37:50 +0000] "GET /?g=3927315160103&channel=4fda92&from=article.php?id%3D151601-4611%26name%3D%E2%96%BC%E7%8F%BE%E7%8A%B6%E8%B2%A9%E5%A3%B2%E2%96%BC%2B%E9%A1%8D%E5%85%A5%E3%82%8A%E9%9A%9C%E5%AD%90%E6%88%B82%E6%9E%9A%E3%82%BB%E3%83%83%E3%83%88%2B%E5%92%8C%E8%A3%BD%E3%82%A2%E3%83%B3%E3%83%86%E3%82%A3%E3%83%BC%E3%82%AF%2B%E5%BC%95%E3%81%8D%E6%88%B8%2B%E5%BB%BA%E5%85%B7%2B4%EF%BD%9E7%E5%96%B6%E6%A5%AD%E6%97%A5%E5%89%8D%E5%BE%8C%E3%81%A7%E7%99%BA%E9%80%81(%E2%80%BB%E4%BF%AE%E7%90%86%E5%8A%A0%E5%B7%A5%E5%B8%8C%E6%9C%9B%E3%81%AE%E6%96%B93%E3%83%B6%E6%9C%88%E7%A8%8B%E3%81%A7%E7%99%BA%E9%80%81)%2BR-051436 HTTP/1.1" 200 22735 "https://ugotechnologies.com/sitemap.xml" "Mozilla/5.0 (Linux; Android 7.0;) AppleWebKit/537.36 (KHTML, like Gecko) Mobile Safari/537.36 (compatible; PetalBot;+https://webmaster.petalsearch.com/site/petalbot)"
66.249.79.198 - - [20/Aug/2025:06:37:51 +0000] "GET /?g=819172645303&channel=72cad8&from=info.php%3Fid%3D26453-2928%26name%3D215%2F65R16+102H+XL+%E3%83%80%E3%83%B3%E3%83%AD%E3%83%83%E3%83%97+%E3%82%B7%E3%83%B3%E3%82%AF%E3%83%AD%E3%82%A6%E3%82%A7%E3%82%B6%E3%83%BC+%E3%82%A8%E3%83%B3%E3%82%B1%E3%82%A4+%E3%83%91%E3%83%95%E3%82%A9%E3%83%BC%E3%83%9E%E3%83%B3%E3%82%B9%E3%83%A9%E3%82%A4%E3%83%B3+PF07+DS+16-6.5J+%E5%9B%BD%E7%94%A3%E8%BB%8A%E7%94%A8+%E3%82%AA%E3%83%BC%E3%83%AB%E3%82%B7%E3%83%BC%E3%82%BA%E3%83%B3%E3%82%BF%E3%82%A4%E3%83%A4%E3%83%9B%E3%82%A4%E3%83%BC%E3%83%AB4%E6%9C%AC%E3%82%BB%E3%83%83%E3%83%88 HTTP/1.1" 200 316114 "-" "Mozilla/5.0 (Linux; Android 6.0.1; Nexus 5X Build/MMB29P) AppleWebKit/537.36 (KHTML, like Gecko) Chrome/138.0.7204.183 Mobile Safari/537.36 (compatible; Googlebot/2.1; +http://www.google.com/bot.html)"
114.119.143.233 - - [20/Aug/2025:06:38:08 +0000] "GET /?g=39208182877104&channel=be8f2c&from=goods.php?id%3D1828771-900%26name%3D%E3%80%906/22%2B20%E6%99%82%E3%80%9C%2B%E5%85%A8%E5%93%81P5%E5%80%8D%EF%BC%86%E3%82%AF%E3%83%BC%E3%83%9D%E3%83%B3%E3%80%91%E3%82%B9%E3%82%BA%E3%82%AD%2B%E3%83%8F%E3%82%B9%E3%83%A9%E3%83%BC(MR52/92S)%E7%94%A8%2B165/60R15%2B77Q%2B%E3%83%88%E3%83%BC%E3%83%A8%E3%83%BC%2B%E3%82%AA%E3%83%96%E3%82%B6%E3%83%BC%E3%83%96%2B%E3%82%AC%E3%83%AA%E3%83%83%E3%83%88%E3%82%AE%E3%82%BA3%2B%E3%82%A6%E3%82%A7%E3%83%83%E3%82%BA%2B%E3%83%AC%E3%82%AA%E3%83%8B%E3%82%B9%2BMX%2BBMCMC%2B%E6%96%B0%E5%93%81%E3%82%B9%E3%82%BF%E3%83%83%E3%83%89%E3%83%AC%E3%82%B9%E3%82%BF%E3%82%A4%E3%83%A4%E3%83%9B%E3%82%A4%E3%83%BC%E3%83%AB%2B4%E6%9C%AC%E3%82%BB%E3%83%83%E3%83%88 HTTP/1.1" 200 22735 "https://ugotechnologies.com/sitemap.xml" "Mozilla/5.0 (Linux; Android 7.0;) AppleWebKit/537.36 (KHTML, like Gecko) Mobile Safari/537.36 (compatible; PetalBot;+https://webmaster.petalsearch.com/site/petalbot)"
66.249.68.37 - - [20/Aug/2025:06:38:33 +0000] "GET /?g=6741966595308&channel=25d887&from=blog.php%3Fid%3D665953-1093%26name%3D%E3%83%91%E3%83%8A%E3%82%BD%E3%83%8B%E3%83%83%E3%82%AF+55V%E5%9E%8B+4K+%E6%B6%B2%E6%99%B6%E3%83%86%E3%83%AC%E3%83%93+%E3%82%B9%E3%83%9E%E3%83%BC%E3%83%88%E3%83%93%E3%82%A8%E3%83%A9+TH-55DX850 HTTP/1.1" 200 295694 "-" "Mozilla/5.0 (Linux; Android 6.0.1; Nexus 5X Build/MMB29P) AppleWebKit/537.36 (KHTML, like Gecko) Chrome/138.0.7204.183 Mobile Safari/537.36 (compatible; Googlebot/2.1; +http://www.google.com/bot.html)"
66.249.68.39 - - [20/Aug/2025:06:39:14 +0000] "GET /?g=27877155846802&channel=632397&from=jp.php%3Fid%3D1558468-511%26name%3D%E3%83%AC%E3%83%83%E3%83%84%E3%83%8E%E3%83%BC%E3%83%88++i5+%E3%82%BF%E3%83%83%E3%83%81%2F%E3%83%95%E3%83%ABHD%2FSSD%E6%90%AD%E8%BC%89%2FDVD+office2019%EF%BC%88Amazon.co.jp%3A+%E3%80%90%E6%95%B4%E5%82%99%E6%B8%88%E3%81%BF%E5%93%81%E3%80%91Panasonic+%E3%83%8E%E3%83%BC%E3%83%88%E3%83%91%E3%82%BD%E3%82%B3%E3%83%B3+Let%27s+note+CF-RZ6+%E8%B6%85%E8%BB%BD%E9%87%8F+745g+10.1%E3%82%A4%E3%83%B3%E3%83%81++%E3%82%BF%E3%83%83%E3%83%81%E3%83%91%E3%83%8D%E3%83%AB+%E7%AC%AC7%E4%B8%96%E4%BB%A3+Core+i5+8GB%E3%83%A1%E3%83%A2%E3%83%AA+256GB+SSD+Windows11+%26+Office2019%E6%90%AD%E8%BC%89+%E3%83%8E%E3%83%BC%E3%83%88PC+...%EF%BC%89 HTTP/1.1" 200 299135 "-" "Mozilla/5.0 (Linux; Android 6.0.1; Nexus 5X Build/MMB29P) AppleWebKit/537.36 (KHTML, like Gecko) Chrome/138.0.7204.183 Mobile Safari/537.36 (compatible; Googlebot/2.1; +http://www.google.com/bot.html)"
114.119.141.178 - - [20/Aug/2025:06:39:16 +0000] "GET /?g=3911024720505&channel=9eca5f&from=shop.php?id%3D247205-908%26name%3D%E3%80%90%E4%B8%AD%E5%8F%A4%E3%80%91%2BBuzz%2BRickson's%2B%E3%83%A1%E3%83%B3%E3%82%BA%E3%83%99%E3%82%B9%E3%83%88%2B%E3%82%B8%E3%83%AC%2B38%2BAVIATION%2BASSOCIATES%2BMILITARY%2BWOOL%2BVEST%2BBuzz%2BRickson's%2B38%2B%E8%8C%B6%2B%E3%83%96%E3%83%A9%E3%82%A6%E3%83%B3%2B%E7%84%A1%E5%9C%B0 HTTP/1.1" 200 22735 "https://ugotechnologies.com/sitemap.xml" "Mozilla/5.0 (Linux; Android 7.0;) AppleWebKit/537.36 (KHTML, like Gecko) Mobile Safari/537.36 (compatible; PetalBot;+https://webmaster.petalsearch.com/site/petalbot)"
66.249.79.199 - - [20/Aug/2025:06:39:53 +0000] "GET /?g=3236330133400&channel=ef7178&from=category-info.php%3Fid%3D301334-116%26name%3D%E3%81%AD%E3%81%AD%E6%A7%98%E5%B0%82%E7%94%A8 HTTP/1.1" 200 295944 "-" "Mozilla/5.0 (Linux; Android 6.0.1; Nexus 5X Build/MMB29P) AppleWebKit/537.36 (KHTML, like Gecko) Chrome/138.0.7204.183 Mobile Safari/537.36 (compatible; Googlebot/2.1; +http://www.google.com/bot.html)"
66.249.68.38 - - [20/Aug/2025:06:40:32 +0000] "GET /?g=3690276951500&channel=7b3814&from=news.php%3Fid%3D769515-7931%26name%3D%E3%83%8E%E3%83%BC%E3%83%AA%E3%83%84%28NORITZ%29+%E7%9F%B3%E6%B2%B9%E7%B5%A6%E6%B9%AF%E5%99%A8+%E8%BF%BD%E3%81%84%E7%84%9A%E3%81%8D%E4%BB%98%E3%81%8D+%E5%BE%93%E6%9D%A5%E5%9E%8B+%E3%82%BB%E3%83%9F%E8%B2%AF%E6%B9%AF%E5%BC%8F+3%E4%B8%87%E3%82%AD%E3%83%AD+OTX-3707Y%E3%80%90%E7%B4%8D%E6%9C%9F%E7%9B%AE%E5%AE%89%EF%BC%9A%EF%BC%92%E9%80%B1%E9%96%93%E3%80%91 HTTP/1.1" 200 309202 "-" "Mozilla/5.0 (Linux; Android 6.0.1; Nexus 5X Build/MMB29P) AppleWebKit/537.36 (KHTML, like Gecko) Chrome/138.0.7204.183 Mobile Safari/537.36 (compatible; Googlebot/2.1; +http://www.google.com/bot.html)"
114.119.136.30 - - [20/Aug/2025:06:40:38 +0000] "GET /?g=3882929140200&channel=9552c4&from=category-info.php?id%3D291402-1524%26name%3DPioneer%2BPC-X10%2BDJ%E3%82%AB%E3%83%BC%E3%83%88%E3%83%AA%E3%83%83%E3%82%B8 HTTP/1.1" 200 22735 "https://ugotechnologies.com/sitemap.xml" "Mozilla/5.0 (Linux; Android 7.0;) AppleWebKit/537.36 (KHTML, like Gecko) Mobile Safari/537.36 (compatible; PetalBot;+https://webmaster.petalsearch.com/site/petalbot)"
66.249.79.200 - - [20/Aug/2025:06:41:10 +0000] "GET /?g=91036138638800&channel=66315a&from=pin.php%3Fid%3D1386388-453%26name%3DHERMES+%E3%82%B9%E3%82%AB%E3%83%BC%E3%83%95%E3%83%AA%E3%83%B3%E3%82%B0 HTTP/1.1" 200 306282 "-" "Mozilla/5.0 (Linux; Android 6.0.1; Nexus 5X Build/MMB29P) AppleWebKit/537.36 (KHTML, like Gecko) Chrome/138.0.7204.183 Mobile Safari/537.36 (compatible; Googlebot/2.1; +http://www.google.com/bot.html)"
66.249.79.198 - - [20/Aug/2025:06:41:48 +0000] "GET /?g=98008100525503&channel=d95440&from=category-info.php%3Fid%3D1005255-534%26name%3D%E4%BF%A1%E6%A5%BD%E7%84%BC+%E3%81%9F%E3%81%AC%E3%81%8D+%E9%80%81%E6%96%99%E7%84%A1%E6%96%99+%E3%82%BF%E3%83%8C%E3%82%AD+%E9%99%B6%E5%99%A8%E3%82%BF%E3%83%8C%E3%82%AD+%E3%81%9F%E3%81%AC%E3%81%8D%E7%BD%AE%E7%89%A9+%E3%82%84%E3%81%8D%E3%82%82%E3%81%AE+%E3%81%97%E3%81%8C%E3%82%89%E3%81%8D%E3%82%84%E3%81%8D+%E7%8B%B8+%E3%82%BF%E3%83%8C%E3%82%AD+%E4%BF%A1%E6%A5%BD+%E7%84%BC%E3%81%8D%E7%89%A9%E3%81%9F%E3%81%AC%E3%81%8D+%E9%99%B6%E5%99%A8%E3%81%9F%E3%81%AC%E3%81%8D+%E7%8B%B8%E3%81%97%E3%81%8C%E3%82%89%E3%81%8D+9%E5%8F%B7%E9%BB%84%E3%81%B5%E3%81%8F%E3%82%8D%E3%81%86%E6%8C%81%E3%81%A1%E7%8B%B8+ta-0297 HTTP/1.1" 200 299937 "-" "Mozilla/5.0 (Linux; Android 6.0.1; Nexus 5X Build/MMB29P) AppleWebKit/537.36 (KHTML, like Gecko) Chrome/138.0.7204.183 Mobile Safari/537.36 (compatible; Googlebot/2.1; +http://www.google.com/bot.html)"
114.119.157.43 - - [20/Aug/2025:06:42:01 +0000] "GET /?g=38706189091801&channel=6edbee&from=jp.php?id%3D1890918-7931%26name%3D%E3%83%8E%E3%83%BC%E3%83%AA%E3%83%84%2BOH-G905Y-RH%2B%E7%9F%B3%E6%B2%B9%E6%B8%A9%E6%B0%B4%E6%9A%96%E6%88%BF%E5%B0%82%E7%94%A8%E7%86%B1%E6%BA%90%E6%A9%9F%2B%E3%80%8C%E3%83%95%E3%82%A3%E3%83%BC%E3%83%AA%E3%83%B3%E3%82%B0%E3%83%9B%E3%83%83%E3%83%88%E5%B0%82%E7%94%A8%E3%80%8D%E7%86%B1%E6%BA%90%E6%A9%9F%2BNORITZ HTTP/1.1" 200 22735 "https://ugotechnologies.com/sitemap.xml" "Mozilla/5.0 (Linux; Android 7.0;) AppleWebKit/537.36 (KHTML, like Gecko) Mobile Safari/537.36 (compatible; PetalBot;+https://webmaster.petalsearch.com/site/petalbot)"
66.249.79.198 - - [20/Aug/2025:06:42:25 +0000] "GET /?g=9413456077200&channel=98dddb&from=jp.php%3Fid%3D560772-559%26name%3D%E3%83%97%E3%83%AD%E3%82%AE%E3%82%A2%E3%80%80%E3%83%8A%E3%83%96%E3%83%A9%E3%83%96%E3%83%A9%E3%83%83%E3%82%AFiD++%E3%82%A2%E3%82%A4%E3%82%A2%E3%83%B3%E3%82%BB%E3%83%83%E3%83%88 HTTP/1.1" 200 302693 "-" "Mozilla/5.0 (Linux; Android 6.0.1; Nexus 5X Build/MMB29P) AppleWebKit/537.36 (KHTML, like Gecko) Chrome/138.0.7204.183 Mobile Safari/537.36 (compatible; Googlebot/2.1; +http://www.google.com/bot.html)"
66.249.79.200 - - [20/Aug/2025:06:43:03 +0000] "GET /?g=29462126787816&channel=72cad8&from=jp.php%3Fid%3D1267878-2928%26name%3D%E3%83%9F%E3%82%B7%E3%83%A5%E3%83%A9%E3%83%B3+CROSSCLIMATE2+%E3%82%AF%E3%83%AD%E3%82%B9%E3%82%AF%E3%83%A9%E3%82%A4%E3%83%A1%E3%82%A4%E3%83%882+%E3%82%AA%E3%83%BC%E3%83%AB%E3%82%B7%E3%83%BC%E3%82%BA%E3%83%B3%E3%82%BF%E3%82%A4%E3%83%A4+88V+XL+%E6%AD%A3%E8%A6%8F+195%2F50R16+%3Cbr%3EWEDS+%E3%82%A6%E3%82%A7%E3%83%83%E3%82%BA+ZAMIK+%E3%82%B6%E3%83%9F%E3%83%83%E3%82%AF+TITO+16%E3%82%A4%E3%83%B3%E3%83%81+16+X+6.0J+%2B50+4%E7%A9%B4+100 HTTP/1.1" 200 313713 "-" "Mozilla/5.0 (Linux; Android 6.0.1; Nexus 5X Build/MMB29P) AppleWebKit/537.36 (KHTML, like Gecko) Chrome/138.0.7204.183 Mobile Safari/537.36 (compatible; Googlebot/2.1; +http://www.google.com/bot.html)"
114.119.136.30 - - [20/Aug/2025:06:43:24 +0000] "GET /?g=3852948976300&channel=39abc9&from=info.php?id%3D489763-2326%26name%3D8%E6%9C%885%E6%97%A5%E5%88%86%E3%81%AE%E3%83%A6%E3%83%8B%E3%83%90%E3%83%BC%E3%82%B5%E3%83%AB%E3%82%B9%E3%82%BF%E3%82%B8%E3%82%AA%E3%82%B8%E3%83%A3%E3%83%91%E3%83%B3%E3%83%81%E3%82%B1%E3%83%83%E3%83%88 HTTP/1.1" 200 22735 "https://ugotechnologies.com/sitemap.xml" "Mozilla/5.0 (Linux; Android 7.0;) AppleWebKit/537.36 (KHTML, like Gecko) Mobile Safari/537.36 (compatible; PetalBot;+https://webmaster.petalsearch.com/site/petalbot)"
66.249.79.199 - - [20/Aug/2025:06:43:40 +0000] "GET /?g=22589154880001&channel=50fe6f&from=category-info.php%3Fid%3D1548800-1193%26name%3D%E3%83%9B%E3%82%A4%E3%83%BC%E3%83%AB+%E3%82%B9%E3%82%AB%E3%82%A4%E3%83%A9%E3%82%A4%E3%83%B3+35%E7%B3%BB+%E3%83%8B%E3%83%83%E3%82%B5%E3%83%B3+%E3%83%A2%E3%83%B3%E3%83%84%E3%82%A1%E3%82%B8%E3%83%A3%E3%83%91%E3%83%B3+1%E6%9C%AC+%E3%80%9017%C3%977.0J+5-114.3+INSET38+%E3%82%B9%E3%83%BC%E3%83%91%E3%83%BC%E3%83%80%E3%83%BC%E3%82%AF%E3%82%AC%E3%83%B3%E3%83%A1%E3%82%BF%2F%E3%83%AA%E3%83%A0%E3%83%9D%E3%83%AA%E3%83%83%E3%82%B7%E3%83%A5%E3%80%91+JP%E3%82%B9%E3%82%BF%E3%82%A4%E3%83%AB+%E3%83%90%E3%83%BC%E3%83%8B%E3%83%BC+17%E3%82%A4%E3%83%B3%E3%83%81+5%E7%A9%B4+%E3%82%A4%E3%83%B3%E3%82%BB%E3%83%83%E3%83%8838+%E5%8D%98%E5%93%81 HTTP/1.1" 200 306642 "-" "Mozilla/5.0 (Linux; Android 6.0.1; Nexus 5X Build/MMB29P) AppleWebKit/537.36 (KHTML, like Gecko) Chrome/138.0.7204.183 Mobile Safari/537.36 (compatible; Googlebot/2.1; +http://www.google.com/bot.html)"
66.249.68.37 - - [20/Aug/2025:06:44:17 +0000] "GET /?g=06122131764100&channel=801974&from=goods.php%3Fid%3D1317641-215%26name%3D%E5%AE%B6%E5%BA%AD%E6%95%99%E5%B8%AB%E3%83%92%E3%83%83%E3%83%88%E3%83%9E%E3%83%B3REBORN%21+%E3%81%AB%E3%81%A8%E3%81%9F%E3%82%93+XANXUS+%E3%82%B6%E3%83%B3%E3%82%B6%E3%82%B9+%E3%81%AC%E3%81%84%E3%81%90%E3%82%8B%E3%81%BF HTTP/1.1" 200 307183 "-" "Mozilla/5.0 (Linux; Android 6.0.1; Nexus 5X Build/MMB29P) AppleWebKit/537.36 (KHTML, like Gecko) Chrome/138.0.7204.183 Mobile Safari/537.36 (compatible; Googlebot/2.1; +http://www.google.com/bot.html)"
114.119.143.233 - - [20/Aug/2025:06:44:49 +0000] "GET /?g=38519121392600&channel=4185c9&from=product.php?id%3D1213926-7179%26name%3D%E3%80%90%E6%9C%80%E7%9F%AD%E7%BF%8C%E6%97%A5%E7%99%BA%E9%80%81%E3%80%91STEALTH%2B%7C%2B25%2B%7C%2BS%2B%7C%2BKBS%2BMAX%2BMT85%2BJP%2B%7C%2B%E4%B8%AD%E5%8F%A4%2B%7C%2B%E3%83%A6%E3%83%BC%E3%83%86%E3%82%A3%E3%83%AA%E3%83%86%E3%82%A3%2B%7C%2B%E3%83%86%E3%83%BC%E3%83%A9%E3%83%BC%E3%83%A1%E3%82%A4%E3%83%89 HTTP/1.1" 200 22735 "https://ugotechnologies.com/sitemap.xml" "Mozilla/5.0 (Linux; Android 7.0;) AppleWebKit/537.36 (KHTML, like Gecko) Mobile Safari/537.36 (compatible; PetalBot;+https://webmaster.petalsearch.com/site/petalbot)"
66.249.79.198 - - [20/Aug/2025:06:44:53 +0000] "GET /?g=95159188026905&channel=57d76a&from=news.php%3Fid%3D1880269-11782%26name%3D%E3%80%907%2F1%E3%81%AFP3%E5%80%8D%21+400%E5%86%86%E3%82%AF%E3%83%BC%E3%83%9D%E3%83%B3%E3%80%91%E5%9C%A8%E5%BA%AB%E5%93%81+HiKOKI+%E9%BB%92%E3%83%BB%E9%87%91+%E9%99%90%E5%AE%9A+18V+%E3%82%B3%E3%83%BC%E3%83%89%E3%83%AC%E3%82%B9+%E3%82%A8%E3%82%A2%E3%83%80%E3%82%B9%E3%82%BF%E3%83%BC+%E5%B0%8F%E5%9E%8B%E3%82%BF%E3%82%A4%E3%83%97+%E6%9C%AC%E4%BD%93%E3%81%AE%E3%81%BF+%E3%83%96%E3%83%A9%E3%83%83%E3%82%AF%EF%BC%86%E3%82%B4%E3%83%BC%E3%83%AB%E3%83%89+RA18DA%28NN%29%28BG%29+%E3%83%8F%E3%82%A4%E3%82%B3%E2%88%92%E3%82%AD+%E6%97%A5%E7%AB%8B%E5%B7%A5%E6%A9%9F+%E3%82%A8%E3%82%A2%E3%83%80%E3%82%B9%E3%82%BF%E3%83%BC++%E5%B0%8F%E5%9E%8B+%E6%B8%85%E6%8E%83+%E5%9F%83+%E5%90%B9%E3%81%8D%E9%A3%9B%E3%81%B0%E3%81%97+%E7%B2%89%E5%A1%B5+%E5%88%87%E3%82%8A%E7%B2%89+%E6%B0%B4%E6%BB%B4%E9%A3%9B%E3%81%B0%E3%81%97+%E3%83%9B%E3%83%BC%E3%82%B9%E5%86%85%E6%B0%B4%E6%8A%9C%E3%81%8D HTTP/1.1" 200 305432 "-" "Mozilla/5.0 (Linux; Android 6.0.1; Nexus 5X Build/MMB29P) AppleWebKit/537.36 (KHTML, like Gecko) Chrome/138.0.7204.183 Mobile Safari/537.36 (compatible; Googlebot/2.1; +http://www.google.com/bot.html)"
66.249.79.199 - - [20/Aug/2025:06:45:29 +0000] "GET /?g=2511263770501&channel=c28570&from=jp.php%3Fid%3D637705-183%26name%3D%E3%83%91%E3%83%AB%E3%83%9E%E3%83%87%E3%82%A3%E3%83%BC%E3%83%90%E3%80%80%E3%83%AA%E3%83%83%E3%83%81%E3%82%A8%E3%83%83%E3%82%BB%E3%83%B3%E3%82%B9%E3%82%B4%E3%83%BC%E3%82%B8%E3%83%A3%E3%82%B9%E3%80%802%E6%9C%AC HTTP/1.1" 200 300137 "-" "Mozilla/5.0 (Linux; Android 6.0.1; Nexus 5X Build/MMB29P) AppleWebKit/537.36 (KHTML, like Gecko) Chrome/138.0.7204.183 Mobile Safari/537.36 (compatible; Googlebot/2.1; +http://www.google.com/bot.html)"
66.249.79.200 - - [20/Aug/2025:06:46:07 +0000] "GET /?g=64284155611303&channel=9a2712&from=pin.php%3Fid%3D1556113-7771%26name%3D%E3%80%90%E7%89%B9%E6%B3%A8%E3%80%91%E3%80%9024%E5%B9%B4%E3%83%A2%E3%83%87%E3%83%AB%E3%80%91+%E3%83%96%E3%83%AA%E3%83%82%E3%82%B9%E3%83%88%E3%83%B3%E3%82%B4%E3%83%AB%E3%83%95+242CB%2B+%E3%82%A2%E3%82%A4%E3%82%A2%E3%83%B35%E6%9C%AC%E3%82%BB%E3%83%83%E3%83%88%28%236%E3%80%9C9%2CPW%29+%5B%E3%83%A2%E3%83%BC%E3%83%80%E3%82%B9115%5D+%E3%82%B9%E3%83%81%E3%83%BC%E3%83%AB%E3%82%B7%E3%83%A3%E3%83%95%E3%83%88 HTTP/1.1" 200 310633 "-" "Mozilla/5.0 (Linux; Android 6.0.1; Nexus 5X Build/MMB29P) AppleWebKit/537.36 (KHTML, like Gecko) Chrome/138.0.7204.183 Mobile Safari/537.36 (compatible; Googlebot/2.1; +http://www.google.com/bot.html)"
114.119.157.43 - - [20/Aug/2025:06:46:14 +0000] "GET /?g=3840415625100&channel=6614e3&from=jp.php?id%3D156251-7174%26name%3D%E3%80%90%E4%B8%AD%E5%8F%A4%E3%80%91%2BEdel%2BGOLF%2BEdel%2BGOLF%2BTHE%2BBRICK(%E3%83%96%E3%83%A9%E3%83%83%E3%82%AF)%2B34%E3%82%A4%E3%83%B3%E3%83%81%2B%E3%83%91%E3%82%BF%E3%83%BC%2BPT%2B%E3%82%B9%E3%83%81%E3%83%BC%E3%83%AB%2B(%E3%83%95%E3%83%AC%E3%83%83%E3%82%AF%E3%82%B9%E3%81%9D%E3%81%AE%E4%BB%96)%2B%E3%83%A1%E3%83%B3%E3%82%BA%2B%E7%94%B7%E6%80%A7%E7%94%A8%2B%E5%8F%B3%E5%88%A9%E3%81%8D%2B%E5%8F%B3%E7%94%A8%2BC%E3%83%A9%E3%83%B3%E3%82%AF%2B%E3%82%B4%E3%83%AB%E3%83%95%E3%82%AF%E3%83%A9%E3%83%96 HTTP/1.1" 200 22735 "https://ugotechnologies.com/sitemap.xml" "Mozilla/5.0 (Linux; Android 7.0;) AppleWebKit/537.36 (KHTML, like Gecko) Mobile Safari/537.36 (compatible; PetalBot;+https://webmaster.petalsearch.com/site/petalbot)"
66.249.79.199 - - [20/Aug/2025:06:46:45 +0000] "GET /?g=8899792291001&channel=7b69ba&from=shop.php%3Fid%3D922910-1139%26name%3D%E3%80%90%E3%82%BF%E3%82%A4%E3%83%A4%E4%BA%A4%E6%8F%9B%E5%8F%AF%E8%83%BD%E3%80%91%E3%82%BF%E3%82%A4%E3%83%A42%E6%9C%AC+%E6%AD%A3%E8%A6%8F%E5%93%81+%E5%9C%A8%E5%BA%AB%E3%81%82%E3%82%8A+2024%E5%B9%B4%E8%A3%BD+18%E3%82%A4%E3%83%B3%E3%83%81+245%2F50R18+100W+BRIDGESTONE+%E3%83%96%E3%83%AA%E3%83%82%E3%82%B9%E3%83%88%E3%83%B3+REGNO+%E3%83%AC%E3%82%B0%E3%83%8E+GR-XIII+GR-X3+GRX3+%E3%82%B5%E3%83%9E%E3%83%BC%E3%82%BF%E3%82%A4%E3%83%A4 HTTP/1.1" 200 309219 "-" "Mozilla/5.0 (Linux; Android 6.0.1; Nexus 5X Build/MMB29P) AppleWebKit/537.36 (KHTML, like Gecko) Chrome/138.0.7204.183 Mobile Safari/537.36 (compatible; Googlebot/2.1; +http://www.google.com/bot.html)"
114.119.151.93 - - [20/Aug/2025:06:47:35 +0000] "GET /?g=38295185835706&channel=9555cd&from=goods.php?id%3D1858357-238%26name%3DES:S%2B%E3%82%B3%E3%83%BC%E3%83%88%EF%BC%88%E3%81%9D%E3%81%AE%E4%BB%96%EF%BC%89%2B%E3%83%AC%E3%83%87%E3%82%A3%E3%83%BC%E3%82%B9%2B%E3%80%90%E5%8F%A4%E7%9D%80%E3%80%91%E3%80%90%E4%B8%AD%E5%8F%A4%E3%80%91%E3%80%90%E9%80%81%E6%96%99%E7%84%A1%E6%96%99%E3%80%91 HTTP/1.1" 200 22735 "https://ugotechnologies.com/sitemap.xml" "Mozilla/5.0 (Linux; Android 7.0;) AppleWebKit/537.36 (KHTML, like Gecko) Mobile Safari/537.36 (compatible; PetalBot;+https://webmaster.petalsearch.com/site/petalbot)"
114.172.245.0 - - [20/Aug/2025:06:47:43 +0000] "GET /?g=1291368828100&channel=7959ac&from=form.php%3Fid%3D688281-3605%26name%3DSafarispot+%E9%95%B7%E8%A2%96+0+%E3%82%B5%E3%82%A4%E3%82%BA HTTP/1.1" 200 22735 "https://www.google.com/" "Mozilla/5.0 (iPhone; CPU iPhone OS 18_6_1 like Mac OS X) AppleWebKit/605.1.15 (KHTML, like Gecko) GSA/382.0.794785026 Mobile/15E148 Safari/604.1"
66.249.79.200 - - [20/Aug/2025:06:47:54 +0000] "GET /?g=2062926671002&channel=14ea06&from=jp.php%3Fid%3D266710-557%26name%3D%E3%80%90%E5%9C%A8%E5%BA%AB%E5%87%A6%E7%90%86%E3%80%91Hon%26amp-Guan+%E3%83%80%E3%82%AF%E3%83%88%E3%83%95%E3%82%A1%E3%83%B3+%E3%82%BB%E3%83%83%E3%83%88+200mm+%E3%80%90%E3%82%A4%E3%83%B3%E3%83%9C%E3%82%A4%E3%82%B9%E5%88%B6%E5%BA%A6%E7%99%BB%E9%8C%B2%E5%BA%97%E3%80%91+%E3%83%80%E3%82%AF%E3%83%88%E3%83%9B%E3%83%BC%E3%82%B9%E4%BB%98%2B%E3%83%9B%E3%83%BC%E3%82%B9%E3%83%90%E3%83%B3%E3%83%89%E4%BB%98%E3%81%8D+%E5%BC%B7%E5%8A%9B+%E3%83%80%E3%82%AF%E3%83%88%E7%94%A8%E6%8F%9B%E6%B0%97%E6%89%87+%E5%A1%97%E8%A3%85%E3%83%96%E3%83%BC%E3%82%B9%E7%94%A8+%E4%B8%AD%E9%96%93%E5%8F%96%E4%BB%98+%E7%94%A3%E6%A5%AD%E7%94%A8%E6%8E%92%E9%A2%A8%E6%A9%9F+%28GF- HTTP/1.1" 200 304602 "-" "Mozilla/5.0 (Linux; Android 6.0.1; Nexus 5X Build/MMB29P) AppleWebKit/537.36 (KHTML, like Gecko) Chrome/138.0.7204.183 Mobile Safari/537.36 (compatible; Googlebot/2.1; +http://www.google.com/bot.html)"
66.249.79.200 - - [20/Aug/2025:06:48:57 +0000] "GET /?g=24253107720300&channel=4d8766&from=blog.php%3Fid%3D1077203-13581%26name%3D%E3%83%95%E3%82%A3%E3%83%AA%E3%83%83%E3%83%97%E3%82%B9+Philips+CD-R+90%E5%88%86+800%E3%83%A1%E3%82%AC%E3%83%90%E3%82%A4%E3%83%88+25%E6%9E%9A%E2%9C%954 HTTP/1.1" 200 290684 "-" "Mozilla/5.0 (Linux; Android 6.0.1; Nexus 5X Build/MMB29P) AppleWebKit/537.36 (KHTML, like Gecko) Chrome/138.0.7204.183 Mobile Safari/537.36 (compatible; Googlebot/2.1; +http://www.google.com/bot.html)"
114.119.141.178 - - [20/Aug/2025:06:48:58 +0000] "GET /?g=3828265004001&channel=28f2f0&from=shop.php?id%3D650040-12056%26name%3DP-tune%2B(%E3%83%94%E3%83%BC%E3%83%81%E3%83%A5%E3%83%BC%E3%83%B3)%2BPG%2BK%E3%82%A6%E3%82%A7%E3%83%83%E3%82%B8%2Btype-M%E3%80%80N.S.PRO%2BMODUS3%2B120/130%E3%82%B7%E3%83%A3%E3%83%95%E3%83%88 HTTP/1.1" 200 22735 "https://ugotechnologies.com/sitemap.xml" "Mozilla/5.0 (Linux; Android 7.0;) AppleWebKit/537.36 (KHTML, like Gecko) Mobile Safari/537.36 (compatible; PetalBot;+https://webmaster.petalsearch.com/site/petalbot)"
66.249.79.198 - - [20/Aug/2025:06:49:29 +0000] "GET /?g=92733183685105&channel=44499a&from=brands.php%3Fid%3D1836851-1519%26name%3DPSP3000+%E3%82%B9%E3%83%94%E3%83%AA%E3%83%86%E3%82%A3%E3%83%83%E3%83%89%E3%82%B0%E3%83%AA%E3%83%BC%E3%83%B3 HTTP/1.1" 200 293599 "-" "Mozilla/5.0 (Linux; Android 6.0.1; Nexus 5X Build/MMB29P) AppleWebKit/537.36 (KHTML, like Gecko) Chrome/138.0.7204.183 Mobile Safari/537.36 (compatible; Googlebot/2.1; +http://www.google.com/bot.html)"
66.249.79.199 - - [20/Aug/2025:06:50:02 +0000] "GET /?g=1389637527600&channel=1b73fb&from=shared.php%3Fid%3D375276-5178%26name%3DGOSEN+%E3%82%B4%E3%83%BC%E3%82%BB%E3%83%B3+%E3%80%8CGFN160+10%E3%83%80%E3%83%BC%E3%82%B9%E3%80%8D%E3%82%B7%E3%83%A3%E3%83%88%E3%83%AB%E3%82%B3%E3%83%83%E3%82%AF HTTP/1.1" 200 296631 "-" "Mozilla/5.0 (Linux; Android 6.0.1; Nexus 5X Build/MMB29P) AppleWebKit/537.36 (KHTML, like Gecko) Chrome/138.0.7204.183 Mobile Safari/537.36 (compatible; Googlebot/2.1; +http://www.google.com/bot.html)"
114.119.143.233 - - [20/Aug/2025:06:50:23 +0000] "GET /?g=3802714684201&channel=07e364&from=brands.php?id%3D146842-1930%26name%3D%E3%80%90%E6%96%B0%E5%93%81%E3%83%BB7%E5%96%B6%E6%A5%AD%E6%97%A5%E4%BB%A5%E5%86%85%E7%99%BA%E9%80%81%E3%80%91%EF%BC%A9%EF%BC%B2%EF%BC%A9%EF%BC%B3%2BHXF-C25-W%2B285507%2B%E5%8A%A0%E6%B9%BF%E7%A9%BA%E6%B0%97%E6%B8%85%E6%B5%84%E6%A9%9F%2B10%E7%95%B3%2BHXFC25W%E3%80%90%E6%B2%96%E7%B8%84%E9%9B%A2%E5%B3%B6%E8%B2%A9%E5%A3%B2%E4%B8%8D%E5%8F%AF%E3%80%91 HTTP/1.1" 200 22735 "https://ugotechnologies.com/sitemap.xml" "Mozilla/5.0 (Linux; Android 7.0;) AppleWebKit/537.36 (KHTML, like Gecko) Mobile Safari/537.36 (compatible; PetalBot;+https://webmaster.petalsearch.com/site/petalbot)"
66.249.68.39 - - [20/Aug/2025:06:50:35 +0000] "GET /?sz=007756997 HTTP/1.1" 200 292943 "-" "Mozilla/5.0 (Linux; Android 6.0.1; Nexus 5X Build/MMB29P) AppleWebKit/537.36 (KHTML, like Gecko) Chrome/138.0.7204.183 Mobile Safari/537.36 (compatible; Googlebot/2.1; +http://www.google.com/bot.html)"
66.249.68.38 - - [20/Aug/2025:06:51:08 +0000] "GET /?g=29721134346901&channel=60a1cb&from=article.php%3Fid%3D1343469-607%26name%3D%E8%BB%BD%E8%87%AA%E5%8B%95%E8%BB%8A%E3%80%80%E3%82%B9%E3%82%BF%E3%83%83%E3%83%89%E3%83%AC%E3%82%B9%E3%82%BF%E3%82%A4%E3%83%A4%E3%82%BB%E3%83%83%E3%83%88 HTTP/1.1" 200 303542 "-" "Mozilla/5.0 (Linux; Android 6.0.1; Nexus 5X Build/MMB29P) AppleWebKit/537.36 (KHTML, like Gecko) Chrome/138.0.7204.183 Mobile Safari/537.36 (compatible; Googlebot/2.1; +http://www.google.com/bot.html)"
66.249.79.198 - - [20/Aug/2025:06:51:12 +0000] "GET /robots.txt HTTP/1.1" 200 73 "-" "Mozilla/5.0 (compatible; Googlebot/2.1; +http://www.google.com/bot.html)"
106.155.11.130 - - [20/Aug/2025:06:51:15 +0000] "GET /?g=19055168482401&channel=62da67&from=product.php%3Fid%3D1684824-722%26name%3D%E3%83%89%E3%83%A9%E3%83%9EDVD+%E9%AB%98%E6%A0%A1%E6%95%99%E5%B8%AB+DVD-BOX HTTP/1.1" 200 264 "https://www.google.com/" "Mozilla/5.0 (Linux; Android 10; K) AppleWebKit/537.36 (KHTML, like Gecko) Chrome/139.0.0.0 Mobile Safari/537.36"
66.249.68.37 - - [20/Aug/2025:06:51:42 +0000] "GET /?g=8286032133500&channel=66a567&from=info.php%3Fid%3D321335-13769%26name%3DPublic+%E6%9B%B2%E3%81%92%E6%9C%A8%E3%83%81%E3%82%A7%E3%82%A2%E3%80%80%E3%83%A9%E3%82%A4%E3%83%88%E3%83%96%E3%83%A9%E3%82%A6%E3%83%B3 HTTP/1.1" 200 321597 "-" "Mozilla/5.0 (Linux; Android 6.0.1; Nexus 5X Build/MMB29P) AppleWebKit/537.36 (KHTML, like Gecko) Chrome/138.0.7204.183 Mobile Safari/537.36 (compatible; Googlebot/2.1; +http://www.google.com/bot.html)"
114.119.136.30 - - [20/Aug/2025:06:51:45 +0000] "GET /?g=37998123323705&channel=72cad8&from=blog.php?id%3D1233237-2928%26name%3D%3Cbr%3E%E3%80%9030%E6%97%A5%E3%80%9C1%E6%97%A5%2B48%E6%99%82%E9%96%93%E9%99%90%E5%AE%9A%E3%82%AF%E3%83%BC%E3%83%9D%E3%83%B3!!%E3%80%91%E3%80%90%E3%82%BF%E3%82%A4%E3%83%A4%E4%BA%A4%E6%8F%9B%E5%AF%BE%E8%B1%A1%E3%80%91%E3%82%B9%E3%82%BA%E3%82%AD%2B%E3%82%B9%E3%83%9A%E3%83%BC%E3%82%B7%E3%82%A2%2BMK32S%E7%B3%BB%2BKYOHO%2B%E3%82%B9%E3%83%9E%E3%83%83%E3%82%AF%2B%E3%83%B4%E3%82%A1%E3%83%AB%E3%82%AD%E3%83%AA%E3%83%BC%2B%E3%82%B5%E3%83%95%E3%82%A1%E3%82%A4%E3%82%A2BK%E3%83%9D%E3%83%AA%E3%83%83%E3%82%B7%E3%83%A5%2B%E3%83%A8%E3%82%B3%E3%83%8F%E3%83%9E%2B%E3%83%96%E3%83%AB%E3%83%BC%E3%82%A2%E3%83%BC%E3%82%B9%2B4S%2BAW21%2B155/65R14%2B14%E3%82%A4%E3%83%B3%E3%83%81%2B%E3%82%AA%E3%83%BC%E3%83%AB%E3%82%B7%E3%83%BC%E3%82%BA%E3%83%B3%E3%82%BF%E3%82%A4%E3%83%A4%2B%E3%83%9B%E3%82%A4%E3%83%BC%E3%83%AB%2B%E3%82%BB%E3%83%83%E3%83%88%2B4%E6%9C%AC1%E5%8F%B0%E5%88%86 HTTP/1.1" 200 22735 "https://ugotechnologies.com/sitemap.xml" "Mozilla/5.0 (Linux; Android 7.0;) AppleWebKit/537.36 (KHTML, like Gecko) Mobile Safari/537.36 (compatible; PetalBot;+https://webmaster.petalsearch.com/site/petalbot)"
66.249.79.198 - - [20/Aug/2025:06:52:17 +0000] "GET /?g=655166300901&channel=3c33c2&from=product.php%3Fid%3D63009-589%26name%3D%E8%A7%92%E5%9E%8B%E3%82%A2%E3%83%AB%E3%83%9F%E3%83%94%E3%82%B6%E7%84%BC%E7%B6%B2+0038000 HTTP/1.1" 200 302553 "-" "Mozilla/5.0 (Linux; Android 6.0.1; Nexus 5X Build/MMB29P) AppleWebKit/537.36 (KHTML, like Gecko) Chrome/138.0.7204.183 Mobile Safari/537.36 (compatible; Googlebot/2.1; +http://www.google.com/bot.html)"
66.249.79.199 - - [20/Aug/2025:06:52:20 +0000] "GET /robots.txt HTTP/1.1" 200 73 "-" "Mozilla/5.0 (compatible; Googlebot/2.1; +http://www.google.com/bot.html)"
66.249.79.198 - - [20/Aug/2025:06:52:52 +0000] "GET /?g=81179164426802&channel=be8f2c&from=jp.php%3Fid%3D1644268-900%26name%3D%E3%80%906%2F22+20%E6%99%82%E3%80%9C++%E5%85%A8%E5%93%81P5%E5%80%8D%EF%BC%86%E3%82%AF%E3%83%BC%E3%83%9D%E3%83%B3%E3%80%91%E3%83%88%E3%83%A8%E3%82%BF+RAV4%2850%E7%B3%BB%29%E7%94%A8+2024%E5%B9%B4%E8%A3%BD+225%2F60R18+104Q+XL+%E3%83%A8%E3%82%B3%E3%83%8F%E3%83%9E+%E3%82%A2%E3%82%A4%E3%82%B9%E3%82%AC%E3%83%BC%E3%83%89SUV+G075+%E3%83%AC%E3%82%A4%E3%82%BA+%E3%82%B0%E3%83%A9%E3%83%A0%E3%83%A9%E3%82%A4%E3%83%84+57%E3%82%A8%E3%83%95%E3%82%A8%E3%83%83%E3%82%AF%E3%82%B9%E3%82%BA%E3%82%A3%E3%83%BC+SNJ+%E6%96%B0%E5%93%81%E3%82%B9%E3%82%BF%E3%83%83%E3%83%89%E3%83%AC%E3%82%B9%E3%82%BF%E3%82%A4%E3%83%A4%E3%83%9B%E3%82%A4%E3%83%BC%E3%83%AB+4%E6%9C%AC%E3%82%BB%E3%83%83%E3%83%88%EF%BC%88%E3%83%A8%E3%82%B3%E3%83%8F%E3%83%9E+%E3%82%A2%E3%82%A4%E3%82%B9%E3%82%AC%E3%83%BC%E3%83%89+G075+225%2F65R17+4%E6%9C%AC+%E3%83%AC%E3%82%AF%E3%82%B5%E3%82%B9+NX+%E3%83%8F%E3%83%AA%E3%82%A2%E3%83%BC+RAV4+%E3%82%A8%E3%82%AF%E3%82%B9%E3%83%88%E3%83%AC%E3%82%A4%E3%83%AB+CX-5+CX-8++%E3%83%AC%E3%82%AC%E3%82%B7%E3%82%A3%E3%82%A2%E3%82%A6%E3%83%88%E3%83%90%E3%83%83%E3%82%AF+%E4%B8%AD%E5%8F%A4+%E3%82%B9%E3%82%BF%E3%83%83%E3%83%89%E3%83%AC%E3%82%B9%E3%82%BF%E3%82%A4%E3%83%A4%E3%81%AE%E3%81%BF+%7C+%E3%83%91%E3%83%BC%E3%83%84%E8%B2%A9%E5%A3%B2%E3%83%8A%E3%83%B3%E3%83%90%E3%83%BC%E3%83%AF%E3%83%B3%EF%BC%89 HTTP/1.1" 200 314791 "-" "Mozilla/5.0 (Linux; Android 6.0.1; Nexus 5X Build/MMB29P) AppleWebKit/537.36 (KHTML, like Gecko) Chrome/138.0.7204.183 Mobile Safari/537.36 (compatible; Googlebot/2.1; +http://www.google.com/bot.html)"
114.119.150.86 - - [20/Aug/2025:06:53:09 +0000] "GET /?g=37970133258100&channel=9fce46&from=pin.php?id%3D1332581-64%26name%3D%E3%83%88%E3%83%AA%E3%83%BC%E3%83%90%E3%83%BC%E3%83%81%2B%E3%83%88%E3%83%BC%E3%83%88%E3%83%90%E3%83%83%E3%82%B0%E3%80%90%E3%83%8D%E3%82%A4%E3%83%93%E3%83%BC%E3%80%91%E4%B8%AD%E5%8F%A4%EF%BC%81 HTTP/1.1" 200 22735 "https://ugotechnologies.com/sitemap.xml" "Mozilla/5.0 (Linux; Android 7.0;) AppleWebKit/537.36 (KHTML, like Gecko) Mobile Safari/537.36 (compatible; PetalBot;+https://webmaster.petalsearch.com/site/petalbot)"
66.249.68.38 - - [20/Aug/2025:06:53:27 +0000] "GET /?g=79827147855201&channel=de22cb&from=article.php%3Fid%3D1478552-900%26name%3DYOKOHAMA+R1588+iceGUARD+SUV+G075+%E3%82%A2%E3%82%A4%E3%82%B9%E3%82%AC%E3%83%BC%E3%83%89+%E3%83%A8%E3%82%B3%E3%83%8F%E3%83%9E+%E3%82%B9%E3%82%BF%E3%83%83%E3%83%89%E3%83%AC%E3%82%B9+%E3%83%9F%E3%83%84%E3%83%A4+225%2F70R16+%3Cbr%3EHotStuff+G.SPEED+G-07++%E3%83%9B%E3%82%A4%E3%83%BC%E3%83%AB+16%E3%82%A4%E3%83%B3%E3%83%81+16+X+6.5J+%2B38+5%E7%A9%B4+114.3+%E3%83%87%E3%83%AA%E3%82%ABD%3A5%EF%BC%88YOKOHAMA+ice+GUARD+SUV+G075+195%2F80R15+107%2F105L+LT+195%2F80-15+%E3%83%A1%E3%83%BC%E3%82%AB%E3%83%BC%E5%8F%96%E3%82%8A%E5%AF%84%E3%81%9B%EF%BC%89 HTTP/1.1" 200 306202 "-" "Mozilla/5.0 (Linux; Android 6.0.1; Nexus 5X Build/MMB29P) AppleWebKit/537.36 (KHTML, like Gecko) Chrome/138.0.7204.183 Mobile Safari/537.36 (compatible; Googlebot/2.1; +http://www.google.com/bot.html)"
66.249.68.37 - - [20/Aug/2025:06:54:02 +0000] "GET /?qzgaolhrem1743403 HTTP/1.1" 200 295163 "-" "Mozilla/5.0 (Linux; Android 6.0.1; Nexus 5X Build/MMB29P) AppleWebKit/537.36 (KHTML, like Gecko) Chrome/138.0.7204.183 Mobile Safari/537.36 (compatible; Googlebot/2.1; +http://www.google.com/bot.html)"
114.119.136.30 - - [20/Aug/2025:06:54:36 +0000] "GET /?g=37887167717809&channel=063b22&from=shared.php?id%3D1677178-1088%26name%3D%E9%80%81%E6%96%99%E7%84%A1%E6%96%99%E3%80%90%E6%96%B0%E8%BB%8A%E5%A4%96%E3%81%97%E3%80%91ZC33S%2B%E3%82%B9%E3%82%A4%E3%83%95%E3%83%88%E3%82%B9%E3%83%9D%E3%83%BC%E3%83%84%2B%E7%B4%94%E6%AD%A3%2B%E3%82%A8%E3%82%A2%E3%82%AF%E3%83%AA%E3%83%BC%E3%83%8A%E3%83%BC%2B%E4%B8%80%E5%BC%8F%2B%E5%93%81%E7%95%AA67R-F01/13780-67R00%2B%E3%82%A8%E3%82%A2%E3%82%AF%E3%83%AA%2B%E3%83%95%E3%82%A3%E3%83%AB%E3%82%BF%E3%83%BC%2B%E3%82%B9%E3%82%A4%E3%82%B9%E3%83%9D(24100060) HTTP/1.1" 200 22735 "https://ugotechnologies.com/sitemap.xml" "Mozilla/5.0 (Linux; Android 7.0;) AppleWebKit/537.36 (KHTML, like Gecko) Mobile Safari/537.36 (compatible; PetalBot;+https://webmaster.petalsearch.com/site/petalbot)"
66.249.79.200 - - [20/Aug/2025:06:54:37 +0000] "GET /?g=68112107355000&channel=cc2703&from=blog.php%3Fid%3D1073550-265%26name%3D%E3%83%9D%E3%82%B1%E3%83%A2%E3%83%B3%E3%80%80%E3%81%AC%E3%81%84%E3%81%90%E3%82%8B%E3%81%BF%E3%80%80230 HTTP/1.1" 200 302988 "-" "Mozilla/5.0 (Linux; Android 6.0.1; Nexus 5X Build/MMB29P) AppleWebKit/537.36 (KHTML, like Gecko) Chrome/138.0.7204.183 Mobile Safari/537.36 (compatible; Googlebot/2.1; +http://www.google.com/bot.html)"
66.249.79.200 - - [20/Aug/2025:06:54:40 +0000] "GET /robots.txt HTTP/1.1" 200 73 "-" "Mozilla/5.0 (compatible; Googlebot/2.1; +http://www.google.com/bot.html)"
66.249.79.199 - - [20/Aug/2025:06:55:13 +0000] "GET /?g=3883730240302&channel=0303a0&from=product.php%3Fid%3D302403-374%26name%3Dadidas%28%E3%82%A2%E3%83%87%E3%82%A3%E3%83%80%E3%82%B9%29+%E3%83%AC%E3%82%A2%E3%83%AB%E3%83%9E%E3%83%89%E3%83%AA%E3%83%BC%E3%83%89+%E6%AD%A3%E8%A6%8F%E5%93%81+M HTTP/1.1" 200 305867 "-" "Mozilla/5.0 (Linux; Android 6.0.1; Nexus 5X Build/MMB29P) AppleWebKit/537.36 (KHTML, like Gecko) Chrome/138.0.7204.183 Mobile Safari/537.36 (compatible; Googlebot/2.1; +http://www.google.com/bot.html)"
114.119.157.43 - - [20/Aug/2025:06:55:57 +0000] "GET /?g=37774137273905&channel=de9218&from=form.php?id%3D1372739-665%26name%3D%E3%82%AD%E3%83%A5%E3%83%BC%E3%83%93%E3%83%83%E3%82%AF%E8%A3%85%E9%A3%BE%E3%83%95%E3%82%A9%E3%83%BC%E3%83%A0%2B%E3%83%80%E3%82%A6%E3%83%B3%2B%E3%83%99%E3%82%B9%E3%83%88%2BF%2Bn1356 HTTP/1.1" 200 22735 "https://ugotechnologies.com/sitemap.xml" "Mozilla/5.0 (Linux; Android 7.0;) AppleWebKit/537.36 (KHTML, like Gecko) Mobile Safari/537.36 (compatible; PetalBot;+https://webmaster.petalsearch.com/site/petalbot)"
179.168.132.25 - - [20/Aug/2025:06:56:14 +0000] "GET /?g=9193872787702&channel=794dfe&from=form.php?id%3D727877-12030%26name%3D%E6%96%B0%E5%93%81%E3%80%80%E6%B0%B7%E5%86%B7%E3%80%80%E3%82%AE%E3%83%A3%E3%83%84%E3%83%93%E3%83%BC%E3%80%80%E3%83%95%E3%82%A3%E3%82%B0%E3%80%80%E3%83%9C%E3%83%87%E3%82%A3%E3%82%B7%E3%83%BC%E3%83%88%E3%80%8016%E5%80%8B%E3%82%BB%E3%83%83%E3%83%88%E3%80%80%E3%83%AD%E3%83%BC%E3%82%BD%E3%83%B3%E9%99%90%E5%AE%9A HTTP/1.1" 200 22735 "https://www.ugotechnologies.com/?g=9193872787702&channel=794dfe&from=form.php%3Fid%3D727877-12030%26name%3D%E6%96%B0%E5%93%81%E3%80%80%E6%B0%B7%E5%86%B7%E3%80%80%E3%82%AE%E3%83%A3%E3%83%84%E3%83%93%E3%83%BC%E3%80%80%E3%83%95%E3%82%A3%E3%82%B0%E3%80%80%E3%83%9C%E3%83%87%E3%82%A3%E3%82%B7%E3%83%BC%E3%83%88%E3%80%8016%E5%80%8B%E3%82%BB%E3%83%83%E3%83%88%E3%80%80%E3%83%AD%E3%83%BC%E3%82%BD%E3%83%B3%E9%99%90%E5%AE%9A" "Mozilla/5.0 (Macintosh; Intel Mac OS X 10_15_7) AppleWebKit/537.36 (KHTML, like Gecko) Chrome/135.0.0.0 Safari/537.36"
66.249.68.39 - - [20/Aug/2025:06:56:57 +0000] "GET /?kvcteuhdbr430373 HTTP/1.1" 200 285349 "-" "Mozilla/5.0 (Linux; Android 6.0.1; Nexus 5X Build/MMB29P) AppleWebKit/537.36 (KHTML, like Gecko) Chrome/138.0.7204.183 Mobile Safari/537.36 (compatible; Googlebot/2.1; +http://www.google.com/bot.html)"
114.119.153.152 - - [20/Aug/2025:06:57:20 +0000] "GET /?g=37747196482802&channel=583d3b&from=blog.php?id%3D1964828-1522%26name%3D%E2%98%85SALE%E3%80%905fb1708%E3%80%91%E3%83%AB%E3%82%A4%E3%83%B4%E3%82%A3%E3%83%88%E3%83%B3%2B%E3%82%AD%E3%83%BC%E3%83%9B%E3%83%AB%E3%83%80%E3%83%BC%2B%E3%83%9D%E3%83%AB%E3%83%88%E3%82%AF%E3%83%ACLV%E3%83%8A%E3%83%8E%E3%82%B0%E3%83%A9%E3%83%A0%2BM00547%2B%E3%83%AC%E3%83%83%E3%83%89%2B%E3%82%B4%E3%83%BC%E3%83%AB%E3%83%89%E3%80%90%E4%B8%AD%E5%8F%A4%E3%80%91%E3%83%AC%E3%83%87%E3%82%A3%E3%83%BC%E3%82%B9 HTTP/1.1" 200 22735 "https://ugotechnologies.com/sitemap.xml" "Mozilla/5.0 (Linux; Android 7.0;) AppleWebKit/537.36 (KHTML, like Gecko) Mobile Safari/537.36 (compatible; PetalBot;+https://webmaster.petalsearch.com/site/petalbot)"
173.252.83.2 - - [20/Aug/2025:06:57:23 +0000] "GET /robots.txt HTTP/1.1" 200 77 "-" "facebookexternalhit/1.1 (+http://www.facebook.com/externalhit_uatext.php)"
66.249.68.38 - - [20/Aug/2025:06:58:41 +0000] "GET /?idydhtfekj1412857 HTTP/1.1" 200 291495 "-" "Mozilla/5.0 (Linux; Android 6.0.1; Nexus 5X Build/MMB29P) AppleWebKit/537.36 (KHTML, like Gecko) Chrome/138.0.7204.183 Mobile Safari/537.36 (compatible; Googlebot/2.1; +http://www.google.com/bot.html)"
114.119.157.43 - - [20/Aug/2025:06:58:44 +0000] "GET /?g=3770816400507&channel=32a88a&from=jp.php?id%3D164005-462%26name%3D%E3%83%95%E3%82%A1%E3%83%96%E3%83%AA%E3%83%83%E3%82%AF%2B%E3%83%95%E3%83%AD%E3%82%A2%E3%82%BF%E3%82%A4%E3%83%AB%2B%E3%83%A9%E3%82%B0%E7%94%A8%2B16%E6%9E%9A%E3%82%BB%E3%83%83%E3%83%88%2B%E7%B4%84160%C3%97160cm%2B(%E7%B4%8440%C3%9740cm%C3%9716%E6%9E%9A)%2B%E3%83%A2%E3%82%B9%E3%82%B0%E3%83%AA%E3%83%BC%E3%83%B3%2B%E6%92%A5%E6%B0%B4%2B%E9%98%B2%E3%83%80%E3%83%8B%2B%E9%98%B2%E7%82%8E%2B%E5%BA%8A%E6%9A%96%E6%88%BF%E5%AF%BE%E5%BF%9C%2B%E6%B4%97%E3%81%88%E3%82%8B HTTP/1.1" 200 22735 "https://ugotechnologies.com/sitemap.xml" "Mozilla/5.0 (Linux; Android 7.0;) AppleWebKit/537.36 (KHTML, like Gecko) Mobile Safari/537.36 (compatible; PetalBot;+https://webmaster.petalsearch.com/site/petalbot)"
66.249.79.200 - - [20/Aug/2025:06:59:13 +0000] "GET /robots.txt HTTP/1.1" 200 73 "-" "Mozilla/5.0 (compatible; Googlebot/2.1; +http://www.google.com/bot.html)"
66.249.79.198 - - [20/Aug/2025:06:59:14 +0000] "GET /?g=2310165136101&channel=9a2712&from=blog.php%3Fid%3D651361-7771%26name%3D%E3%80%90%E4%B8%AD%E5%8F%A4%E3%80%91%E3%83%94%E3%83%B3+G425+%E3%82%A2%E3%82%A4%E3%82%A2%E3%83%B3%E3%82%BB%E3%83%83%E3%83%88+23.5%C2%B0+S%E3%83%95%E3%83%AC%E3%83%83%E3%82%AF%E3%82%B9+38.25%E3%82%A4%E3%83%B3%E3%83%81+NS%E3%83%97%E3%83%AD950GH+neo+C%E3%83%A9%E3%83%B3%E3%82%AF+%E5%8F%B3%E5%88%A9%E3%81%8D%E7%94%A8+PING+%E3%82%B4%E3%83%AB%E3%83%95%E3%82%AF%E3%83%A9%E3%83%96+%E3%82%B4%E3%83%AB%E3%83%95%E3%83%89%E3%82%A5+%E3%82%B4%E3%83%AB%E3%83%95%E7%94%A8%E5%93%81+GOLF+DO+%E4%B8%AD%E5%8F%A4%E3%82%B4%E3%83%AB%E3%83%95%E3%82%AF%E3%83%A9%E3%83%96 HTTP/1.1" 200 307123 "-" "Mozilla/5.0 (Linux; Android 6.0.1; Nexus 5X Build/MMB29P) AppleWebKit/537.36 (KHTML, like Gecko) Chrome/138.0.7204.183 Mobile Safari/537.36 (compatible; Googlebot/2.1; +http://www.google.com/bot.html)"
114.119.141.178 - - [20/Aug/2025:07:00:07 +0000] "GET /?g=3712966269405&channel=00adbe&from=article.php?id%3D662694-4303%26name%3D%E3%80%90%E4%B8%AD%E5%8F%A4%E3%80%91%E3%83%A6%E3%83%BC%E3%82%BA%E3%83%89%E3%83%95%E3%83%AB%E3%82%AE%2BUSED%E5%8F%A4%E7%9D%80%2BHINC%2BNUNC%2BONE%2BHANDLE%2BSHOULDER%2BLEATHER%2BTOTE%2BBAG%2B%E3%83%AC%E3%83%87%E3%82%A3%E3%83%BC%E3%82%B9%2B%E8%A1%A8%E8%A8%98%E7%84%A1 HTTP/1.1" 200 22735 "https://ugotechnologies.com/sitemap.xml" "Mozilla/5.0 (Linux; Android 7.0;) AppleWebKit/537.36 (KHTML, like Gecko) Mobile Safari/537.36 (compatible; PetalBot;+https://webmaster.petalsearch.com/site/petalbot)"
66.249.79.199 - - [20/Aug/2025:07:01:16 +0000] "GET /robots.txt HTTP/1.1" 200 73 "-" "Mozilla/5.0 (compatible; Googlebot/2.1; +http://www.google.com/bot.html)"
66.249.79.200 - - [20/Aug/2025:07:01:16 +0000] "GET /?g=59971135630200&channel=57d76a&from=product.php%3Fid%3D1356302-11782%26name%3DTANABE+SUSTEC+DF210+%E3%83%80%E3%82%A6%E3%83%B3%E3%82%B5%E3%82%B9+%E5%89%8D%E5%BE%8C1%E5%8F%B0%E5%88%86%E3%82%BB%E3%83%83%E3%83%88+MAZDA2+DJLFS+P5+2019%2F9%2F1%E3%80%9C+DJLFSDK+%E3%82%BF%E3%83%8A%E3%83%99 HTTP/1.1" 200 309410 "-" "Mozilla/5.0 (Linux; Android 6.0.1; Nexus 5X Build/MMB29P) AppleWebKit/537.36 (KHTML, like Gecko) Chrome/138.0.7204.183 Mobile Safari/537.36 (compatible; Googlebot/2.1; +http://www.google.com/bot.html)"
114.119.153.152 - - [20/Aug/2025:07:01:31 +0000] "GET /?g=3710785457808&channel=2e2500&from=shared.php?id%3D854578-4795%26name%3D%E3%83%AD%E3%83%83%E3%82%AF%E3%83%9A%E3%82%A4%E3%83%B3%E3%83%88%2B%E3%83%97%E3%83%AD%E3%82%BF%E3%83%83%E3%83%81%2B%E8%AA%BF%E8%89%B2%2B%E3%83%9E%E3%83%84%E3%83%80%2B23G%2B%E3%82%AA%E3%83%AA%E3%82%A8%E3%83%B3%E3%83%88%E3%82%B0%E3%83%AA%E3%83%BC%E3%83%B3MC%E3%80%803kg%EF%BC%88%E5%B8%8C%E9%87%88%E6%B8%88%EF%BC%89 HTTP/1.1" 200 22735 "https://ugotechnologies.com/sitemap.xml" "Mozilla/5.0 (Linux; Android 7.0;) AppleWebKit/537.36 (KHTML, like Gecko) Mobile Safari/537.36 (compatible; PetalBot;+https://webmaster.petalsearch.com/site/petalbot)"
66.249.68.39 - - [20/Aug/2025:07:02:20 +0000] "GET /?orvjwsnylz1862762 HTTP/1.1" 200 309501 "-" "Mozilla/5.0 (Linux; Android 6.0.1; Nexus 5X Build/MMB29P) AppleWebKit/537.36 (KHTML, like Gecko) Chrome/138.0.7204.183 Mobile Safari/537.36 (compatible; Googlebot/2.1; +http://www.google.com/bot.html)"
114.119.150.86 - - [20/Aug/2025:07:02:53 +0000] "GET /?g=37039173721900&channel=0777f6&from=pin.php?id%3D1737219-526%26name%3Dateez%2B%E4%BC%9A%E5%A0%B4%E9%99%90%E5%AE%9A%2B%E3%83%88%E3%83%AC%E3%82%AB%2B%E3%83%95%E3%82%A1%E3%83%B3%E3%83%9F%2B%E6%9D%B1%E4%BA%AC8%E6%9C%8821%2B8%E6%9C%8822%2B8%E7%A8%AE%E3%82%B3%E3%83%B3%E3%83%97%E2%9C%96%EF%B8%8F2 HTTP/1.1" 200 22735 "https://ugotechnologies.com/sitemap.xml" "Mozilla/5.0 (Linux; Android 7.0;) AppleWebKit/537.36 (KHTML, like Gecko) Mobile Safari/537.36 (compatible; PetalBot;+https://webmaster.petalsearch.com/site/petalbot)"
110.249.201.57 - - [20/Aug/2025:07:03:54 +0000] "GET /robots.txt HTTP/1.1" 200 73 "-" "Mozilla/5.0 (Linux; Android 5.0) AppleWebKit/537.36 (KHTML, like Gecko) Mobile Safari/537.36 (compatible; Bytespider; https://zhanzhang.toutiao.com/)"
114.119.130.154 - - [20/Aug/2025:07:04:17 +0000] "GET /?g=36974155513300&channel=72cad8&from=brands.php?id%3D1555133-2928%26name%3D%E3%80%906/22%2B20%E6%99%82%E3%80%9C%2B%E5%85%A8%E5%93%81P5%E5%80%8D%EF%BC%86%E3%82%AF%E3%83%BC%E3%83%9D%E3%83%B3%E3%80%91%E3%82%B9%E3%82%BA%E3%82%AD%2B%E3%82%B9%E3%82%A4%E3%83%95%E3%83%88%E3%82%B9%E3%83%9D%E3%83%BC%E3%83%84(ZC33S)%E7%94%A8%2B195/50R16%2B84H%2B%E3%82%B0%E3%83%83%E3%83%89%E3%82%A4%E3%83%A4%E3%83%BC%2B%E3%83%99%E3%82%AF%E3%82%BF%E3%83%BC%E3%83%95%E3%82%A9%E3%83%BC%E3%82%B7%E3%83%BC%E3%82%BA%E3%83%B3%E3%82%BA%2B%E3%83%8F%E3%82%A4%E3%83%96%E3%83%AA%E3%83%83%E3%83%89%2B%E3%82%A8%E3%83%A0%E3%82%A2%E3%82%A4%E3%83%87%E3%82%A3%E3%83%BC%2B%E3%83%8A%E3%82%A4%E3%83%88%E3%83%AD%E3%83%91%E3%83%AF%E3%83%BC%2BM27%2B%E3%82%B0%E3%83%AC%E3%83%8D%E3%83%BC%E3%83%89%2B%E3%82%BB%E3%83%9F%E3%82%B0%E3%83%AD%E3%82%B9%E3%83%96%E3%83%A9%E3%83%83%E3%82%AF%EF%BC%8B%E3%83%95%E3%83%A9%E3%83%B3%E3%82%B8%E3%83%87%E3%82%A3%E3%82%B9%E3%82%AF%E3%83%9D%E3%83%AA%E3%83%83%E3%82%B7%E3%83%A5%2B%E6%96%B0%E5%93%81%E3%82%AA%E3%83%BC%E3%83%AB%E3%82%B7%E3%83%BC%E3%82%BA%E3%83%B3%E3%82%BF%E3%82%A4%E3%83%A4%E3%83%9B%E3%82%A4 HTTP/1.1" 200 22735 "https://ugotechnologies.com/sitemap.xml" "Mozilla/5.0 (Linux; Android 7.0;) AppleWebKit/537.36 (KHTML, like Gecko) Mobile Safari/537.36 (compatible; PetalBot;+https://webmaster.petalsearch.com/site/petalbot)"
114.119.157.43 - - [20/Aug/2025:07:05:41 +0000] "GET /?g=3687524452500&channel=109507&from=brands.php?id%3D244525-5336%26name%3D%E3%82%B9%E3%82%AB%E3%82%A4%E3%83%A9%E3%82%A4%E3%83%B3%E3%82%AF%E3%83%BC%E3%83%9A%2BHR34%2B%E3%83%96%E3%83%AC%E3%83%BC%E3%82%AD%E3%83%87%E3%82%A3%E3%82%B9%E3%82%AF%E3%83%AD%E3%83%BC%E3%82%BF%E3%83%BC%2B%E3%83%AA%E3%82%A2%2B16%2Binch%2Bwheel%E7%94%A8%2BHD%2BType HTTP/1.1" 200 22735 "https://ugotechnologies.com/sitemap.xml" "Mozilla/5.0 (Linux; Android 7.0;) AppleWebKit/537.36 (KHTML, like Gecko) Mobile Safari/537.36 (compatible; PetalBot;+https://webmaster.petalsearch.com/site/petalbot)"
114.119.136.30 - - [20/Aug/2025:07:07:05 +0000] "GET /?g=3675840639202&channel=34ff38&from=info.php?id%3D406392-3947%26name%3DxboxseriesS%2B512BG HTTP/1.1" 200 22735 "https://ugotechnologies.com/sitemap.xml" "Mozilla/5.0 (Linux; Android 7.0;) AppleWebKit/537.36 (KHTML, like Gecko) Mobile Safari/537.36 (compatible; PetalBot;+https://webmaster.petalsearch.com/site/petalbot)"
114.119.153.152 - - [20/Aug/2025:07:08:29 +0000] "GET /?g=36684119433204&channel=f5cf63&from=goods.php?id%3D1194332-1140%26name%3D%E3%80%906/30%E9%99%90%E5%AE%9A%2B%E5%85%A8%E5%93%81%E3%83%9D%E3%82%A4%E3%83%B3%E3%83%885%E5%80%8D%E3%80%91%E3%83%88%E3%83%A8%E3%82%BF%2BGR%E3%83%A4%E3%83%AA%E3%82%B9(PA%E7%B3%BB)%E7%94%A8%2B225/40R18%2B88W%2B%E3%83%80%E3%83%B3%E3%83%AD%E3%83%83%E3%83%97%2B%E3%83%87%E3%82%A3%E3%83%AC%E3%83%83%E3%83%84%E3%82%A1Z3%2BBBS%2BRE-V7%2BGL%2B%E6%96%B0%E5%93%81%E3%82%B5%E3%83%9E%E3%83%BC%E3%82%BF%E3%82%A4%E3%83%A4%E3%83%9B%E3%82%A4%E3%83%BC%E3%83%AB%2B4%E6%9C%AC%E3%82%BB%E3%83%83%E3%83%88 HTTP/1.1" 200 22735 "https://ugotechnologies.com/sitemap.xml" "Mozilla/5.0 (Linux; Android 7.0;) AppleWebKit/537.36 (KHTML, like Gecko) Mobile Safari/537.36 (compatible; PetalBot;+https://webmaster.petalsearch.com/site/petalbot)"
