66.249.68.38 - - [20/Aug/2025:05:42:54 +0000] "GET /?g=0881137493711&channel=ec1b9c&from=shop.php%3Fid%3D374937-671%26name%3DITALIAN+LEATHER+BELT HTTP/1.1" 200 22735 "-" "Mozilla/5.0 (Linux; Android 6.0.1; Nexus 5X Build/MMB29P) AppleWebKit/537.36 (KHTML, like Gecko) Chrome/138.0.7204.183 Mobile Safari/537.36 (compatible; Googlebot/2.1; +http://www.google.com/bot.html)"
66.249.79.198 - - [20/Aug/2025:05:43:33 +0000] "GET /?g=8705257610800&channel=827b33&from=goods.php%3Fid%3D576108-7963%26name%3D%E3%83%91%E3%83%BC%E3%83%86%E3%82%A3%E3%83%BC%E3%83%89%E3%83%AC%E3%82%B9+%E3%83%AF%E3%83%B3%E3%82%B7%E3%83%A7%E3%83%AB%E3%83%80%E3%83%BC+%E8%83%8C%E4%B8%AD%E9%96%8B%E3%81%8D+%E3%83%8E%E3%83%BC%E3%82%B9%E3%83%AA%E3%83%BC%E3%83%96+%E3%83%AD%E3%83%B3%E3%82%B0%E4%B8%88+%E7%B5%90%E5%A9%9A%E5%BC%8F%E3%82%A4%E3%83%96%E3%83%8B%E3%83%B3%E3%82%B0%E3%83%89%E3%83%AC%E3%82%B9+%E3%83%95%E3%82%A1%E3%82%B9%E3%83%8A%E3%83%BC%E3%82%BF%E3%82%A4%E3%83%97+%E7%99%BA%E8%A1%A8%E4%BC%9A+%E6%8A%AB%E9%9C%B2%E5%AE%B4WP%E3%81%8A%E3%81%99%E3%81%99%E3%82%81%E6%B3%A8%E7%9B%AE HTTP/1.1" 200 310699 "-" "Mozilla/5.0 (Linux; Android 6.0.1; Nexus 5X Build/MMB29P) AppleWebKit/537.36 (KHTML, like Gecko) Chrome/138.0.7204.183 Mobile Safari/537.36 (compatible; Googlebot/2.1; +http://www.google.com/bot.html)"
170.246.215.31 - - [20/Aug/2025:05:43:33 +0000] "GET /?g=70090115375900&channel=247b4d&from=form.php?id%3D1153759-2765%26name%3D%E3%82%A2%E3%83%B3%E3%83%91%E3%82%B9%E3%82%A3%E3%80%80and+per+se%E3%80%80%E3%82%B9%E3%83%88%E3%83%AC%E3%83%83%E3%83%81+%E3%83%9E%E3%83%AB%E3%83%81%E3%82%A6%E3%82%A7%E3%82%B6%E3%83%BC%E3%82%B8%E3%83%A3%E3%82%B1%E3%83%83%E3%83%88 HTTP/1.1" 200 22735 "https://www.ugotechnologies.com/?g=70090115375900&channel=247b4d&from=form.php%3Fid%3D1153759-2765%26name%3D%E3%82%A2%E3%83%B3%E3%83%91%E3%82%B9%E3%82%A3%E3%80%80and+per+se%E3%80%80%E3%82%B9%E3%83%88%E3%83%AC%E3%83%83%E3%83%81+%E3%83%9E%E3%83%AB%E3%83%81%E3%82%A6%E3%82%A7%E3%82%B6%E3%83%BC%E3%82%B8%E3%83%A3%E3%82%B1%E3%83%83%E3%83%88" "Mozilla/5.0 (Macintosh; Intel Mac OS X 10_15_7) AppleWebKit/537.36 (KHTML, like Gecko) Chrome/134.0.0.0 Safari/537.36"
114.119.150.86 - - [20/Aug/2025:05:43:34 +0000] "GET /?g=4785650438000&channel=be8f2c&from=news.php?id%3D504380-900%26name%3D2024%E5%B9%B4%E8%A3%BD%2B225/40R18%2B92Q%2B%E3%83%A8%E3%82%B3%E3%83%8F%E3%83%9E%2B%E3%82%A2%E3%82%A4%E3%82%B9%E3%82%AC%E3%83%BC%E3%83%897(IG70)%2B%E5%85%B1%E8%B1%8A%2B%E3%82%AC%E3%83%AC%E3%83%AB%E3%83%8A%2B%E3%83%AC%E3%83%95%E3%82%A3%E3%83%BC%E3%83%8E%2Bmade%2Bby%2B%E3%82%A8%E3%83%B3%E3%82%B1%E3%82%A4%2BMB%2B18-7.5J%2B%E5%9B%BD%E7%94%A3%E8%BB%8A%E7%94%A8%2B%E3%82%B9%E3%82%BF%E3%83%83%E3%83%89%E3%83%AC%E3%82%B9%E3%82%BF%E3%82%A4%E3%83%A4%E3%83%9B%E3%82%A4%E3%83%BC%E3%83%AB4%E6%9C%AC%E3%82%BB%E3%83%83%E3%83%88 HTTP/1.1" 200 22735 "https://ugotechnologies.com/sitemap.xml" "Mozilla/5.0 (Linux; Android 7.0;) AppleWebKit/537.36 (KHTML, like Gecko) Mobile Safari/537.36 (compatible; PetalBot;+https://webmaster.petalsearch.com/site/petalbot)"
66.249.79.199 - - [20/Aug/2025:05:44:10 +0000] "GET /?g=23940153284900&channel=6527d8&from=news.php%3Fid%3D1532849-7387%26name%3D%28%E6%A5%AD%E5%8B%99%E7%94%A83%E3%82%BB%E3%83%83%E3%83%88%29+%E3%80%90%E7%B4%94%E6%AD%A3%E5%93%81%E3%80%91+EPSON+%E3%82%A8%E3%83%97%E3%82%BD%E3%83%B3+%E3%82%A4%E3%83%B3%E3%82%AF%E3%82%AB%E3%83%BC%E3%83%88%E3%83%AA%E3%83%83%E3%82%B8+%E3%80%90ICLC63+%E3%83%A9%E3%82%A4%E3%83%88%E3%82%B7%E3%82%A2%E3%83%B3%E3%80%91 HTTP/1.1" 200 301249 "-" "Mozilla/5.0 (Linux; Android 6.0.1; Nexus 5X Build/MMB29P) AppleWebKit/537.36 (KHTML, like Gecko) Chrome/138.0.7204.183 Mobile Safari/537.36 (compatible; Googlebot/2.1; +http://www.google.com/bot.html)"
66.249.79.198 - - [20/Aug/2025:05:44:48 +0000] "GET /?g=8801782368700&channel=1d67f5&from=category-info.php%3Fid%3D823687-12739%26name%3DHiKOKI+%E3%82%B9%E3%82%BF%E3%83%BC%E3%82%BF%E3%83%BC%E3%82%AD%E3%83%83%E3%83%884+UC18YFSL%28L%29+%E3%83%AA%E3%83%81%E3%82%A6%E3%83%A0%E3%82%A4%E3%82%AA%E3%83%B3%E9%9B%BB%E6%B1%A0BSL1840M%2B%E6%80%A5%E9%80%9F%E5%85%85%E9%9B%BB%E5%99%A8UC18YFSL+18V%E5%AF%BE%E5%BF%9C+5119-9701+%E3%83%8F%E3%82%A4%E3%82%B3%E3%83%BC%E3%82%AD+%E6%97%A5%E7%AB%8B HTTP/1.1" 200 303577 "-" "Mozilla/5.0 (Linux; Android 6.0.1; Nexus 5X Build/MMB29P) AppleWebKit/537.36 (KHTML, like Gecko) Chrome/138.0.7204.183 Mobile Safari/537.36 (compatible; Googlebot/2.1; +http://www.google.com/bot.html)"
114.119.136.30 - - [20/Aug/2025:05:44:55 +0000] "GET /?g=4777255186500&channel=50fe6f&from=shop.php?id%3D551865-1193%26name%3D%E3%80%90%E3%83%9B%E3%82%A4%E3%83%BC%E3%83%AB%E5%8D%98%E5%93%814%E6%9C%AC%E3%82%BB%E3%83%83%E3%83%88%E3%80%91%3CBR%3E%2BMONZA%2B%E3%83%A2%E3%83%B3%E3%83%84%E3%82%A1%2BHI-BLOCK%2B%E3%82%BF%E3%83%BC%E3%83%9E%E3%83%BC%3CBR%3E%2B5.5J%2B15%E3%82%A4%E3%83%B3%E3%83%81(%E9%80%81%E6%96%99%E7%84%A1%E6%96%99) HTTP/1.1" 200 22735 "https://ugotechnologies.com/sitemap.xml" "Mozilla/5.0 (Linux; Android 7.0;) AppleWebKit/537.36 (KHTML, like Gecko) Mobile Safari/537.36 (compatible; PetalBot;+https://webmaster.petalsearch.com/site/petalbot)"
66.249.68.38 - - [20/Aug/2025:05:45:25 +0000] "GET /?g=2030240355704&channel=2fff1e&from=shop.php%3Fid%3D403557-7912%26name%3DLED%E5%A4%A9%E4%BA%95%E7%85%A7%E6%98%8E%2C+%E3%82%AF%E3%83%AA%E3%82%A8%E3%82%A4%E3%83%86%E3%82%A3%E3%83%96+%26%2339%3B%26%2339%3B%E7%AB%B9%E3%83%A9%E3%83%B3%E3%82%BF%E3%83%B3+%E3%83%9A%E3%83%B3%E3%83%80%E3%83%B3%E3%83%88+%E3%83%A9%E3%83%B3%E3%83%97+%E3%83%AC%E3%83%88%E3%83%AD%E3%81%AA%E4%B8%AD%E5%9B%BD%E9%A2%A8%E3%81%AE%E3%82%B7%E3%83%A3%E3%83%B3%E3%83%87%E3%83%AA%E3%82%A2+E27+%E3%82%B7%E3%83%A3%E3%83%B3%E3%83%87 HTTP/1.1" 200 304050 "-" "Mozilla/5.0 (Linux; Android 6.0.1; Nexus 5X Build/MMB29P) AppleWebKit/537.36 (KHTML, like Gecko) Chrome/138.0.7204.183 Mobile Safari/537.36 (compatible; Googlebot/2.1; +http://www.google.com/bot.html)"
66.249.79.198 - - [20/Aug/2025:05:46:03 +0000] "GET /?g=74160198338206&channel=be8f2c&from=jp.php%3Fid%3D1983382-900%26name%3D%E3%83%80%E3%82%A4%E3%83%8F%E3%83%84+%E3%82%B3%E3%83%9A%E3%83%B3%28LA400K%29%E7%94%A8+165%2F60R15+77Q+%E3%82%B0%E3%83%AA%E3%83%83%E3%83%97%E3%83%9E%E3%83%83%E3%82%AF%E3%82%B9+%E3%82%B0%E3%83%AA%E3%83%83%E3%83%97%E3%82%A2%E3%82%A4%E3%82%B9X+%E3%83%9B%E3%83%AF%E3%82%A4%E3%83%88%E3%83%AC%E3%82%BF%E3%83%BC+%E3%83%AF%E3%83%BC%E3%82%AF+%E3%82%AF%E3%83%A9%E3%83%83%E3%82%B0+CKV+BCC+%E6%96%B0%E5%93%81%E3%82%B9%E3%82%BF%E3%83%83%E3%83%89%E3%83%AC%E3%82%B9%E3%82%BF%E3%82%A4%E3%83%A4%E3%83%9B%E3%82%A4%E3%83%BC%E3%83%AB+4%E6%9C%AC%E3%82%BB%E3%83%83%E3%83%88 HTTP/1.1" 200 319336 "-" "Mozilla/5.0 (Linux; Android 6.0.1; Nexus 5X Build/MMB29P) AppleWebKit/537.36 (KHTML, like Gecko) Chrome/138.0.7204.183 Mobile Safari/537.36 (compatible; Googlebot/2.1; +http://www.google.com/bot.html)"
114.119.143.233 - - [20/Aug/2025:05:46:22 +0000] "GET /?g=4747120850802&channel=5bfd8f&from=pin.php?id%3D208508-1006%26name%3D%E5%8F%8E%E7%B4%8D%E3%83%A9%E3%83%83%E3%82%AF%2B%E5%8F%8E%E7%B4%8D%2B%E3%82%A4%E3%83%B3%E3%83%86%E3%83%AA%E3%82%A2%2B%E3%83%97%E3%83%A9%E3%82%B9%E3%83%81%E3%83%83%E3%82%AF%2B%E6%8A%98%E3%82%8A%E3%81%9F%E3%81%9F%E3%81%BF%2B%E5%8F%8E%E7%B4%8D%E3%83%9C%E3%83%83%E3%82%AF%E3%82%B9%2B1pc%2B%E5%8F%96%E3%82%8A%E4%BB%98%E3%81%91%E4%B8%8D%E8%A6%81%2B%E3%82%AF%E3%83%AD%E3%83%BC%E3%82%BC%E3%83%83%E3%83%88%E3%82%AA%E3%83%BC%E3%82%AC%E3%83%8A%E3%82%A4%E3%82%B6%E3%83%BC%E3%81%A8%E5%8F%8E%E7%B4%8D%2B%E3%82%AF%E3%83%AD%E3%83%BC%E3%82%BC%E3%83%83%E3%83%88%E5%8F%8E%E7%B4%8D%E7%AE%B1%2B%E6%95%B4%E7%90%86%2B%E5%8F%8E%E7%B4%8D%E3%82%B3%E3%83%B3%E3%83%86%E3%83%8A%2B%E3%83%89%E3%82%A2%E4%BB%98%E3%81%8D%E5%8F%8E%E7%B4%8D%2B%E6%9C%AC%2B%E8%A1%A3%E9%A1%9E%2B%E3%81%8A%E3%82%82%E3%81%A1%E3%82%83%2B%E7%A9%8D%E3%81%BF%E9%87%8D%E3%81%AD%E5%8F%AF%E8%83%BD%2B%E5%8F%8E%E7%B4%8D%E5%AE%B9%E5%99%A8%2B%E3%82%AF%E3%83%AD%E3%83%BC%E3%82%BC%E3%83%83%E3%83%88%2B%E5%AF%9D%E5%AE%A4%2B%E3%82%AA%E3%83%95%E3%82%A3%E3%82%B9 HTTP/1.1" 200 22735 "https://ugotechnologies.com/sitemap.xml" "Mozilla/5.0 (Linux; Android 7.0;) AppleWebKit/537.36 (KHTML, like Gecko) Mobile Safari/537.36 (compatible; PetalBot;+https://webmaster.petalsearch.com/site/petalbot)"
66.249.79.199 - - [20/Aug/2025:05:46:40 +0000] "GET /?g=77094186323615&channel=72cad8&from=goods.php%3Fid%3D1863236-2928%26name%3DKUMHO+SOLUS+4S+HA32+%E3%82%BD%E3%83%AB%E3%82%A6%E3%82%B9+%E3%82%AA%E3%83%BC%E3%83%AB%E3%82%B7%E3%83%BC%E3%82%BA%E3%83%B3%E3%82%BF%E3%82%A4%E3%83%A4+235%2F50R18+%3Cbr%3ERAYS+%E3%80%90%E6%AC%A0%E5%93%81%E6%AC%A1%E5%9B%9E6%7E7%E6%9C%88%E3%80%91+%E3%83%AC%E3%82%A4%E3%82%BA+DAYTONA+%E3%83%87%E3%82%A4%E3%83%88%E3%83%8A+F6+drive+%E3%83%9B%E3%82%A4%E3%83%BC%E3%83%AB+18%E3%82%A4%E3%83%B3%E3%83%81+18+X+7.5J+%2B43+5%E7%A9%B4+114.3+30%E7%B3%BB%E3%82%A2%E3%83%AB%E3%83%95%E3%82%A1%E3%83%BC%E3%83%89+30%E7%B3%BB%E3%83%B4%E3%82%A7%E3%83%AB%E3%83%95%E3%82%A1%E3%82%A4%E3%82%A2+20%E7%B3%BB%E3%82%A2%E3%83%AB%E3%83%95%E3%82%A1%E3%83%BC%E3%83%89 HTTP/1.1" 200 312036 "-" "Mozilla/5.0 (Linux; Android 6.0.1; Nexus 5X Build/MMB29P) AppleWebKit/537.36 (KHTML, like Gecko) Chrome/138.0.7204.183 Mobile Safari/537.36 (compatible; Googlebot/2.1; +http://www.google.com/bot.html)"
66.249.79.200 - - [20/Aug/2025:05:47:17 +0000] "GET /?g=36071115524604&channel=72cad8&from=shared.php%3Fid%3D1155246-2928%26name%3DKUMHO+SOLUS+4S+HA32+%E3%82%BD%E3%83%AB%E3%82%A6%E3%82%B9+%E3%82%AA%E3%83%BC%E3%83%AB%E3%82%B7%E3%83%BC%E3%82%BA%E3%83%B3%E3%82%BF%E3%82%A4%E3%83%A4+185%2F60R15+%3Cbr%3EKYOHO+SMACK+GRAIVE+%E3%82%B9%E3%83%9E%E3%83%83%E3%82%AF+%E3%82%B0%E3%83%AC%E3%82%A4%E3%83%B4+%E3%83%9B%E3%82%A4%E3%83%BC%E3%83%AB+15%E3%82%A4%E3%83%B3%E3%83%81+15+X+5.5J+%2B50+4%E7%A9%B4+100+GR%E3%83%BBGS%E7%B3%BB%E3%83%95%E3%82%A3%E3%83%83%E3%83%88+GP5%E3%83%BB6%E3%83%95%E3%82%A3%E3%83%83%E3%83%88HV HTTP/1.1" 200 314348 "-" "Mozilla/5.0 (Linux; Android 6.0.1; Nexus 5X Build/MMB29P) AppleWebKit/537.36 (KHTML, like Gecko) Chrome/138.0.7204.183 Mobile Safari/537.36 (compatible; Googlebot/2.1; +http://www.google.com/bot.html)"
114.119.151.93 - - [20/Aug/2025:05:47:43 +0000] "GET /?g=47393109552801&channel=efe95e&from=news.php?id%3D1095528-40%26name%3D%E3%81%A1%E3%81%84%E3%81%8B%E3%82%8F%2B%E3%81%A1%E3%81%84%E3%81%8B%E3%82%8F%E3%81%A8%E3%81%84%E3%81%A3%E3%81%97%E3%82%87DX%E3%82%BB%E3%83%83%E3%83%88 HTTP/1.1" 200 22735 "https://ugotechnologies.com/sitemap.xml" "Mozilla/5.0 (Linux; Android 7.0;) AppleWebKit/537.36 (KHTML, like Gecko) Mobile Safari/537.36 (compatible; PetalBot;+https://webmaster.petalsearch.com/site/petalbot)"
66.249.79.198 - - [20/Aug/2025:05:47:54 +0000] "GET /?g=9721415612000&channel=d1a480&from=pin.php%3Fid%3D156120-7045%26name%3DORTLIEB%28%E3%82%AA%E3%83%AB%E3%83%88%E3%83%AA%E3%83%BC%E3%83%96%29+%E3%83%90%E3%83%83%E3%82%AF%E3%83%AD%E3%83%BC%E3%83%A9%E3%83%BC+%E3%82%AF%E3%83%A9%E3%82%B7%E3%83%83%E3%82%AF+F5301+%E3%83%96%E3%83%A9%E3%83%83%E3%82%AF+%E4%B8%AD HTTP/1.1" 200 309263 "-" "Mozilla/5.0 (Linux; Android 6.0.1; Nexus 5X Build/MMB29P) AppleWebKit/537.36 (KHTML, like Gecko) Chrome/138.0.7204.183 Mobile Safari/537.36 (compatible; Googlebot/2.1; +http://www.google.com/bot.html)"
66.249.68.38 - - [20/Aug/2025:05:48:40 +0000] "GET /?g=28971140277709&channel=2e915e&from=brands.php%3Fid%3D1402777-687%26name%3D%E3%80%90%E5%85%AC%E5%BC%8F%E3%82%B9%E3%83%88%E3%82%A2%E3%80%91+%E3%82%A8%E3%83%B3%E3%82%B8%E3%82%A7%E3%83%AB%E3%83%8F%E3%83%BC%E3%83%88+%E6%A9%8B%E6%9C%AC%E7%92%B0%E5%A5%88++Angel+Heart+%E3%83%AC%E3%83%87%E3%82%A3%E3%83%BC%E3%82%B9+%E8%85%95%E6%99%82%E8%A8%88+%E3%82%BD%E3%83%BC%E3%83%A9%E3%83%BC%E3%82%AF%E3%82%A9%E3%83%BC%E3%83%84+ST26BU+%E6%99%82%E8%A8%88+%E3%82%AF%E3%83%AA%E3%82%B9%E3%83%9E%E3%82%B9+%E3%82%AE%E3%83%95%E3%83%88+3%E6%B0%97%E5%9C%A7%E9%98%B2%E6%B0%B4 HTTP/1.1" 200 22735 "-" "Mozilla/5.0 (Linux; Android 6.0.1; Nexus 5X Build/MMB29P) AppleWebKit/537.36 (KHTML, like Gecko) Chrome/138.0.7204.183 Mobile Safari/537.36 (compatible; Googlebot/2.1; +http://www.google.com/bot.html)"
114.119.141.178 - - [20/Aug/2025:05:49:05 +0000] "GET /?g=47281106904702&channel=f5cf63&from=category-info.php?id%3D1069047-1140%26name%3D%E3%80%90%E6%96%B0%E5%93%81%E5%9B%BD%E7%94%A35%E7%A9%B4114.3%E8%BB%8A%E3%80%91%3CBR%3E%2B%E5%A4%8F%E3%82%BF%E3%82%A4%E3%83%A4%2B%E3%83%9B%E3%82%A4%E3%83%BC%E3%83%AB4%E6%9C%AC%E3%82%BB%E3%83%83%E3%83%88%3CBR%3E%2B245/40R20%3CBR%3E%2B%E3%83%80%E3%83%B3%E3%83%AD%E3%83%83%E3%83%97%2B%E3%82%A8%E3%83%8A%E3%82%BB%E3%83%BC%E3%83%96%2BRV505%3CBR%3E%2BWEDS%2B%E3%82%A6%E3%82%A7%E3%83%83%E3%82%BA%2B%E3%83%9E%E3%83%BC%E3%83%99%E3%83%AA%E3%83%83%E3%82%AF%2B1705S%3CBR%3E%2B20%E3%82%A4%E3%83%B3%E3%83%81(%E9%80%81%E6%96%99%E7%84%A1%E6%96%99)%2B%E3%82%B5%E3%83%9E%E3%83%BC%E3%82%BF%E3%82%A4%E3%83%A4 HTTP/1.1" 200 22735 "https://ugotechnologies.com/sitemap.xml" "Mozilla/5.0 (Linux; Android 7.0;) AppleWebKit/537.36 (KHTML, like Gecko) Mobile Safari/537.36 (compatible; PetalBot;+https://webmaster.petalsearch.com/site/petalbot)"
66.249.79.200 - - [20/Aug/2025:05:49:27 +0000] "GET /?g=35197163572114&channel=3ba579&from=blog.php%3Fid%3D1635721-5225%26name%3D%E3%82%A6%E3%82%A7%E3%83%83%E3%82%BA%E3%82%A2%E3%83%89%E3%83%99%E3%83%B3%E3%83%81%E3%83%A3%E3%83%BC+%E3%83%9E%E3%83%83%E3%83%89%E3%83%B4%E3%82%A1%E3%83%B3%E3%82%B908+%E3%83%8F%E3%82%A4%E3%82%A8%E3%83%BC%E3%82%B9%E3%83%AF%E3%82%B4%E3%83%B3+200%E7%B3%BB+16%E3%82%A4%E3%83%B3%E3%83%81+%E3%82%A2%E3%83%AB%E3%83%9F%E3%83%9B%E3%82%A4%E3%83%BC%E3%83%AB+4%E6%9C%AC+%E3%83%95%E3%83%AA%E3%83%B3%E3%83%88%E3%83%96%E3%83%A9%E3%83%83%E3%82%AF+0041128+WEDS+WEDS+ADVENTURE+MUDVANCE+08 HTTP/1.1" 200 302865 "-" "Mozilla/5.0 (Linux; Android 6.0.1; Nexus 5X Build/MMB29P) AppleWebKit/537.36 (KHTML, like Gecko) Chrome/138.0.7204.183 Mobile Safari/537.36 (compatible; Googlebot/2.1; +http://www.google.com/bot.html)"
66.249.79.199 - - [20/Aug/2025:05:50:14 +0000] "GET /?g=8099951837101&channel=72cad8&from=blog.php%3Fid%3D518371-2928%26name%3D%E3%83%9F%E3%82%B7%E3%83%A5%E3%83%A9%E3%83%B3+CROSSCLIMATE2+SUV+%E3%82%AF%E3%83%AD%E3%82%B9%E3%82%AF%E3%83%A9%E3%82%A4%E3%83%A1%E3%82%A4%E3%83%882+SUV+%E3%82%AA%E3%83%BC%E3%83%AB%E3%82%B7%E3%83%BC%E3%82%BA%E3%83%B3%E3%82%BF%E3%82%A4%E3%83%A4+96W+XL+%E6%AD%A3%E8%A6%8F+225%2F45R19+%3Cbr%3EWEDS+MAVERICK+1212F+S-LoDisk+19%E3%82%A4%E3%83%B3%E3%83%81+2%E3%83%94%E3%83%BC%E3%82%B9+19+X+8.0J+%2B44+5%E7%A9%B4+114.3+10%E7%B3%BB%E3%82%AB%E3%83%AD%E3%83%BC%E3%83%A9%E3%82%AF%E3%83%AD%E3%82%B9+MAZDA6 HTTP/1.1" 200 310414 "-" "Mozilla/5.0 (Linux; Android 6.0.1; Nexus 5X Build/MMB29P) AppleWebKit/537.36 (KHTML, like Gecko) Chrome/138.0.7204.183 Mobile Safari/537.36 (compatible; Googlebot/2.1; +http://www.google.com/bot.html)"
114.119.143.233 - - [20/Aug/2025:05:50:30 +0000] "GET /?g=47194111335703&channel=72cad8&from=info.php?id%3D1113357-2928%26name%3D%E3%82%BB%E3%83%AC%E3%83%8A%2B205/50R17%2B93W%2BXL%2B%3Cbr%3E%E3%83%8F%E3%83%B3%E3%82%B3%E3%83%83%E3%82%AF%2BKInERGy%2B4s%2B2%2B(H750)%2B%3Cbr%3EHotStuff%2B%E3%83%90%E3%83%BC%E3%82%AF%E3%83%AC%E3%82%A4%2B%E3%83%8F%E3%83%BC%E3%83%89%E3%83%AD%E3%83%83%E3%82%AF%2B%E3%83%AA%E3%82%B6%E3%83%BC%E3%83%89%2B%E3%82%BB%E3%83%9F%E3%82%B0%E3%83%AD%E3%82%B9%E3%83%96%E3%83%A9%E3%83%83%E3%82%AF%2B%3Cbr%3E17%E3%82%A4%E3%83%B3%E3%83%81%2B7.0J%2B5H114.3%2B%3Cbr%3E%E3%82%AA%E3%83%BC%E3%83%AB%E3%82%B7%E3%83%BC%E3%82%BA%E3%83%B3%E3%82%BF%E3%82%A4%E3%83%A4%E3%83%9B%E3%82%A4%E3%83%BC%E3%83%AB%E3%82%BB%E3%83%83%E3%83%88%2B%3Cbr%3E HTTP/1.1" 200 22735 "https://ugotechnologies.com/sitemap.xml" "Mozilla/5.0 (Linux; Android 7.0;) AppleWebKit/537.36 (KHTML, like Gecko) Mobile Safari/537.36 (compatible; PetalBot;+https://webmaster.petalsearch.com/site/petalbot)"
66.249.79.199 - - [20/Aug/2025:05:50:59 +0000] "GET /?g=82829112721203&channel=9eea2e&from=article.php%3Fid%3D1127212-11281%26name%3D%E3%83%9E%E3%82%AC%E3%82%B8%E3%83%B3%E3%83%A9%E3%83%83%E3%82%AF+%E3%83%91%E3%83%B3%E3%83%95%E3%83%AC%E3%83%83%E3%83%88+%E3%82%AB%E3%82%BF%E3%83%AD%E3%82%B0+%E9%9B%91%E8%AA%8C+%E7%B5%B5%E6%9C%AC+%E3%81%8A%E3%82%82%E3%81%A1%E3%82%83++%E5%8F%8E%E7%B4%8D%E3%83%9C%E3%83%83%E3%82%AF%E3%82%B9+%E3%83%A9%E3%83%83%E3%82%AF+%E6%9C%AC%E6%A3%9A+%E3%82%AD%E3%83%83%E3%82%BA%E3%83%A9%E3%83%83%E3%82%AF+%E5%AD%90%E4%BE%9B%E9%83%A8%E5%B1%8B%EF%BC%88%E3%83%9E%E3%82%AC%E3%82%B8%E3%83%B3%E3%83%A9%E3%83%83%E3%82%AF%E6%9C%A8%E8%A3%BD%E3%81%AE%E9%80%9A%E8%B2%A9+%7C+%E5%8F%8E%E7%B4%8D%E5%AE%B6%E5%85%B7%E3%81%AE%E4%BE%A1%E6%A0%BC%E6%AF%94%E8%BC%83%E3%81%AA%E3%82%89%E3%83%93%E3%82%AB%E3%83%A0%EF%BC%89 HTTP/1.1" 200 305361 "-" "Mozilla/5.0 (Linux; Android 6.0.1; Nexus 5X Build/MMB29P) AppleWebKit/537.36 (KHTML, like Gecko) Chrome/138.0.7204.183 Mobile Safari/537.36 (compatible; Googlebot/2.1; +http://www.google.com/bot.html)"
66.249.79.198 - - [20/Aug/2025:05:51:43 +0000] "GET /?g=37911174093707&channel=e077d4&from=blog.php%3Fid%3D1740937-9842%26name%3D%E3%80%90%E4%B8%AD%E5%8F%A4%E3%80%91%E3%82%AD%E3%83%A3%E3%82%B9%E3%82%B3%E3%80%80POWER+TORNADO%E3%80%80UFO+SpeedSole+by+POWER+TORNADO+%E3%83%A6%E3%83%BC%E3%83%86%E3%82%A3%E3%83%AA%E3%83%86%E3%82%A3+Falcon+Shaft%E3%80%80%3Cbr%3E%E3%80%90U6%E3%80%91%3Cbr%3E%E3%82%B7%E3%83%A3%E3%83%95%E3%83%88%EF%BC%9AFalcon+Shaft%3Cbr%3ECD%E3%83%A9%E3%83%B3%E3%82%AF%E3%80%80%E3%83%95%E3%83%AC%E3%83%83%E3%82%AF%E3%82%B9R%E3%80%80%E7%94%B7%E6%80%A7%E7%94%A8+%E3%83%A1%E3%83%B3%E3%82%BA%E7%94%A8%E3%80%80%E5%8F%B3%E7%94%A8 HTTP/1.1" 200 307680 "-" "Mozilla/5.0 (Linux; Android 6.0.1; Nexus 5X Build/MMB29P) AppleWebKit/537.36 (KHTML, like Gecko) Chrome/138.0.7204.183 Mobile Safari/537.36 (compatible; Googlebot/2.1; +http://www.google.com/bot.html)"
114.119.153.152 - - [20/Aug/2025:05:51:54 +0000] "GET /?g=4709117649800&channel=caec9c&from=blog.php?id%3D176498-7455%26name%3D%E3%82%AB%E3%82%B9%E3%82%BF%E3%83%A0%E3%82%B7%E3%83%A3%E3%83%95%E3%83%88%2B%E6%96%B0%E5%93%81%2B%E3%82%B9%E3%83%AA%E3%83%BC%E3%83%96%E4%BB%98%E3%82%B7%E3%83%A3%E3%83%95%E3%83%88%2B%E3%83%AC%E3%83%BC%E3%83%B4%2BREVE%2BREVER%2BARMORED%2BREADY%2B%E3%82%A2%E3%83%BC%E3%83%9E%E3%83%BC%E3%83%89%2B%E3%83%AC%E3%83%87%E3%82%A3%2BEPON%2B%E3%82%A8%E3%83%9D%E3%83%B3%2BEF-01%2BAF-155i%2B335tip%2B%E3%83%89%E3%83%A9%E3%82%A4%E3%83%90%E3%83%BC%E7%94%A8 HTTP/1.1" 200 22735 "https://ugotechnologies.com/sitemap.xml" "Mozilla/5.0 (Linux; Android 7.0;) AppleWebKit/537.36 (KHTML, like Gecko) Mobile Safari/537.36 (compatible; PetalBot;+https://webmaster.petalsearch.com/site/petalbot)"
66.249.79.200 - - [20/Aug/2025:05:52:25 +0000] "GET /?g=8598976500605&channel=a46353&from=goods.php%3Fid%3D765006-11811%26name%3D%E3%80%90%E4%B8%AD%E5%8F%A4%E3%80%91%E3%80%90%E5%AE%89%E5%BF%83%E4%BF%9D%E8%A8%BC%E3%80%91+Xiaomi+14T+XIG07%5B256GB%5D+au+%E3%83%81%E3%82%BF%E3%83%B3%E3%82%B0%E3%83%AC%E3%83%BC HTTP/1.1" 200 291565 "-" "Mozilla/5.0 (Linux; Android 6.0.1; Nexus 5X Build/MMB29P) AppleWebKit/537.36 (KHTML, like Gecko) Chrome/138.0.7204.183 Mobile Safari/537.36 (compatible; Googlebot/2.1; +http://www.google.com/bot.html)"
66.249.79.200 - - [20/Aug/2025:05:53:06 +0000] "GET /?g=0331125709402&channel=26d982&from=brands.php%3Fid%3D257094-8944%26name%3D%E3%80%90%E9%80%81%E6%96%99%E7%84%A1%E6%96%99%E3%80%91+%E3%82%B9%E3%83%81%E3%83%A5%E3%82%A2%E3%83%BC%E3%83%88+%E3%83%AF%E3%82%A4%E3%83%84%E3%83%9E%E3%83%B3+%E3%83%AC%E3%83%87%E3%82%A3%E3%83%BC%E3%82%B9+%E3%83%92%E3%83%BC%E3%83%AB+%E3%82%B7%E3%83%A5%E3%83%BC%E3%82%BA+Stuart+75+Slingback+Pump+Ginger HTTP/1.1" 200 297352 "-" "Mozilla/5.0 (Linux; Android 6.0.1; Nexus 5X Build/MMB29P) AppleWebKit/537.36 (KHTML, like Gecko) Chrome/138.0.7204.183 Mobile Safari/537.36 (compatible; Googlebot/2.1; +http://www.google.com/bot.html)"
114.119.136.30 - - [20/Aug/2025:05:53:16 +0000] "GET /?g=46619122603900&channel=0fba7a&from=form.php?id%3D1226039-4959%26name%3D%E5%8F%A4%E6%B2%B3%E3%83%90%E3%83%83%E3%83%86%E3%83%AA%E3%83%BC%2BAltica%2B%E3%83%88%E3%83%A9%E3%83%83%E3%82%AF%E3%83%BB%E3%83%90%E3%82%B9/%E3%82%A2%E3%83%AB%E3%83%86%E3%82%A3%E3%82%AB%E3%83%88%E3%83%A9%E3%83%83%E3%82%AF%E3%83%BB%E3%83%90%E3%82%B9%2B%E3%83%87%E3%83%A5%E3%83%88%E3%83%AD%2B2KG-XZU7%E7%B3%BB%2B17/05%E3%80%9C%2BN04C-VU%2BM/T%2B%E6%96%B0%E8%BB%8A%E6%90%AD%E8%BC%89:130F51%2B2%E5%80%8B%E5%93%81%E7%95%AA:TB-150F51%2B2%E5%80%8B HTTP/1.1" 200 22735 "https://ugotechnologies.com/sitemap.xml" "Mozilla/5.0 (Linux; Android 7.0;) AppleWebKit/537.36 (KHTML, like Gecko) Mobile Safari/537.36 (compatible; PetalBot;+https://webmaster.petalsearch.com/site/petalbot)"
66.249.68.39 - - [20/Aug/2025:05:53:46 +0000] "GET /?g=1377140824200&channel=1c4bdf&from=pin.php%3Fid%3D408242-297%26name%3D%E3%83%AD%E3%83%BC%E3%83%86%E3%83%BC%E3%83%96%E3%83%AB+%EF%BC%88%E3%80%90soil%E3%80%91%E3%83%AD%E3%83%BC%E3%83%86%E3%83%BC%E3%83%96%E3%83%AB%E3%80%90150cm+180cm%E3%80%91%EF%BC%89 HTTP/1.1" 200 298782 "-" "Mozilla/5.0 (Linux; Android 6.0.1; Nexus 5X Build/MMB29P) AppleWebKit/537.36 (KHTML, like Gecko) Chrome/138.0.7204.183 Mobile Safari/537.36 (compatible; Googlebot/2.1; +http://www.google.com/bot.html)"
66.249.79.199 - - [20/Aug/2025:05:54:25 +0000] "GET /?g=30874195604707&channel=470f9e&from=form.php%3Fid%3D1956047-405%26name%3D%E3%83%9E%E3%82%A4%E3%82%B1%E3%83%AB%E3%82%B3%E3%83%BC%E3%82%B9+2WAY%E3%83%88%E3%83%BC%E3%83%88%E3%83%90%E3%83%83%E3%82%B0+%E3%83%8F%E3%83%9F%E3%83%AB%E3%83%88%E3%83%B3+%E3%83%AC%E3%83%83%E3%83%89 HTTP/1.1" 200 300786 "-" "Mozilla/5.0 (Linux; Android 6.0.1; Nexus 5X Build/MMB29P) AppleWebKit/537.36 (KHTML, like Gecko) Chrome/138.0.7204.183 Mobile Safari/537.36 (compatible; Googlebot/2.1; +http://www.google.com/bot.html)"
114.119.136.30 - - [20/Aug/2025:05:54:40 +0000] "GET /?g=46261198514709&channel=f5cf63&from=jp.php?id%3D1985147-1140%26name%3D%E3%82%A8%E3%82%B9%E3%83%86%E3%82%A3%E3%83%9E%2B%E3%82%AB%E3%83%AD%E3%83%BC%E3%83%A9%E3%82%AF%E3%83%AD%E3%82%B9%2B%E7%AD%89%2B%E3%83%A8%E3%82%B3%E3%83%8F%E3%83%9E%2BBluEarth-XT%2BAE61%2B225/50R18%2B%E6%96%B0%E5%93%81%2B%E3%82%BF%E3%82%A4%E3%83%A4%2B%E4%B8%AD%E5%8F%A4%2B%E3%82%A2%E3%83%AB%E3%83%9F%2B4%E6%9C%AC%E3%82%BB%E3%83%83%E3%83%88%2B18%E3%82%A4%E3%83%B3%E3%83%81%2B%E3%83%9E%E3%83%AB%E3%82%AB%E3%82%B5%E3%83%BC%E3%83%93%E3%82%B9%2BA-TECH%2BSCHNEIDER%2BSaber%2BRondo%2B%E3%82%B7%E3%83%A5%E3%83%8A%E3%82%A4%E3%83%80%E3%83%BC%2B%E3%82%BB%E3%82%A4%E3%83%90%E3%83%BC%E3%83%AD%E3%83%B3%E3%83%89%2B8.0J%2B%2B45%2B5H114.3%2B%E3%83%96%E3%83%A9%E3%83%83%E3%82%AF/%E3%83%AA%E3%83%A0%E3%83%9D%E3%83%AA%E3%83%83%E3%82%B7%E3%83%A5%2B%E3%83%9B%E3%82%A4%E3%83%BC%E3%83%AB%E3%82%BB%E3%83%83%E3%83%88%2B%E3%82%B9%E3%82%AB%E3%82%A4%E3%83%A9%E3%82%A4%E3%83%B3%2B%E7%AD%89 HTTP/1.1" 200 22735 "https://ugotechnologies.com/sitemap.xml" "Mozilla/5.0 (Linux; Android 7.0;) AppleWebKit/537.36 (KHTML, like Gecko) Mobile Safari/537.36 (compatible; PetalBot;+https://webmaster.petalsearch.com/site/petalbot)"
66.249.79.199 - - [20/Aug/2025:05:55:04 +0000] "GET /?g=8829811179203&channel=a2f1ab&from=brands.php%3Fid%3D111792-6046%26name%3D%E3%80%90%E8%BE%B2%E8%96%AC%E4%B8%8D%E4%BD%BF%E7%94%A8%E3%80%91%E3%83%AC%E3%83%83%E3%83%89%E3%83%89%E3%83%A9%E3%82%B4%E3%83%B3%E3%83%95%E3%83%AB%E3%83%BC%E3%83%84%E3%80%80%E5%A4%AA%E3%82%81%E3%82%AB%E3%83%83%E3%83%88%E8%8B%97%E6%9C%A8%E3%80%80100%E6%9C%AC%E5%89%8D%E5%BE%8C HTTP/1.1" 200 283649 "-" "Mozilla/5.0 (Linux; Android 6.0.1; Nexus 5X Build/MMB29P) AppleWebKit/537.36 (KHTML, like Gecko) Chrome/138.0.7204.183 Mobile Safari/537.36 (compatible; Googlebot/2.1; +http://www.google.com/bot.html)"
114.119.136.30 - - [20/Aug/2025:05:56:06 +0000] "GET /?g=4608988602805&channel=9a2712&from=shared.php?id%3D886028-7771%26name%3D%E3%82%AD%E3%83%A3%E3%83%AD%E3%82%A6%E3%82%A7%E3%82%A4%EF%BC%88CALLAWAY%EF%BC%89%EF%BC%88%E3%83%A1%E3%83%B3%E3%82%BA%EF%BC%89%E3%80%90%E5%85%88%E8%A1%8C%E4%BA%88%E7%B4%84%E5%95%86%E5%93%81%E3%80%91X%2B%E3%83%95%E3%82%A9%E3%83%BC%E3%82%B8%E3%83%89%2BMAX%2BSTAR%E3%82%A2%E3%82%A4%E3%82%A2%E3%83%B3%E3%82%BB%E3%83%83%E3%83%88%2B5%E6%9C%AC(6I%E3%80%9C9I%E3%80%81PW)N.S.PRO%2BMODUS3%2BTOUR%2B105 HTTP/1.1" 200 22735 "https://ugotechnologies.com/sitemap.xml" "Mozilla/5.0 (Linux; Android 7.0;) AppleWebKit/537.36 (KHTML, like Gecko) Mobile Safari/537.36 (compatible; PetalBot;+https://webmaster.petalsearch.com/site/petalbot)"
66.249.79.198 - - [20/Aug/2025:05:56:16 +0000] "GET /?g=14780110227502&channel=3ba579&from=category-info.php%3Fid%3D1102275-5225%26name%3DMID+RMP+025FRN+%E3%82%A2%E3%83%AB%E3%83%9F%E3%83%9B%E3%82%A4%E3%83%BC%E3%83%AB+4%E6%9C%AC+RAV4+30%E7%B3%BB%2818%C3%978J+5-114.3+INSET42+%E3%83%AA%E3%83%83%E3%83%81%E3%83%8E%E3%83%AF%E3%83%BC%E3%83%AB%29 HTTP/1.1" 200 306899 "-" "Mozilla/5.0 (Linux; Android 6.0.1; Nexus 5X Build/MMB29P) AppleWebKit/537.36 (KHTML, like Gecko) Chrome/138.0.7204.183 Mobile Safari/537.36 (compatible; Googlebot/2.1; +http://www.google.com/bot.html)"
66.249.79.200 - - [20/Aug/2025:05:57:19 +0000] "GET /?g=7670667270100&channel=b7ccf1&from=pin.php%3Fid%3D672701-807%26name%3D48x20cm_White+NUOLUX+%E3%83%9A%E3%83%B3%E3%83%80%E3%83%B3%E3%83%88%E3%83%A9%E3%83%B3%E3%83%97%E3%82%B7%E3%82%A7%E3%83%BC%E3%83%89+%E7%85%A7%E6%98%8E+%E3%82%AB%E3%83%90%E3%83%BC+%E5%92%8C%E7%B4%99+%E6%8F%90%E7%81%AF+%E9%9B%BB%E7%90%83%E3%82%AB%E3%83%90%E3%83%BC+%E3%83%A9%E3%83%B3%E3%83%97%E3%82%B7%E3%82%A7%E3%83%BC%E3%83%89+%E5%82%98%E3%81%AE%E3%81%BF+%E3%83%A9%E3%82%A4%E3%83%88%E3%82%AB%E3%83%90%E3%83%BC+%E3%81%B6%E3%82%89%E4%B8%8B%E3%81%92+%E6%8F%90%E7%81%AF%E3%83%A9%E3%83%B3%E3%83%97+%E6%8A%98%E3%82%8A%E7%95%B3%E3%81%BF%E3%81%A7%E3%81%8D%E3%82%8B+%E5%AF%9D%E5%AE%A4%2F%E5%B1%85%E9%96%93+%E8%A3%85%E9%A3%BE%E7%94%A8+%E7%85%A7%E6%98%8E%E5%99%A8%E5%85%B7%EF%BC%8848x20cm%EF%BC%89 HTTP/1.1" 200 315628 "-" "Mozilla/5.0 (Linux; Android 6.0.1; Nexus 5X Build/MMB29P) AppleWebKit/537.36 (KHTML, like Gecko) Chrome/138.0.7204.183 Mobile Safari/537.36 (compatible; Googlebot/2.1; +http://www.google.com/bot.html)"
114.119.141.178 - - [20/Aug/2025:05:57:28 +0000] "GET /?g=45963160759300&channel=e059df&from=goods.php?id%3D1607593-14389%26name%3D%E3%80%90%E6%97%A5%E6%9D%B1%E9%87%91%E5%B1%9E%E5%B7%A5%E6%A5%AD%2BNITTO%E3%80%91%3Cbr%3E%E6%97%A5%E6%9D%B1%E9%87%91%E5%B1%9E%E5%B7%A5%E6%A5%AD%2BCTL-27%2BPFL%2B%E5%AF%86%E9%96%89%E5%BC%8F%E3%82%B9%E3%83%86%E3%83%B3%E3%83%AC%E3%82%B9%E3%82%BF%E3%83%B3%E3%82%AF%2B%E3%83%90%E3%83%B3%E3%83%89%E3%82%BF%E3%82%A4%E3%83%97%2BCTL-27%2BL%E5%9E%8B%E3%83%90%E3%82%A4%E3%83%88%E3%83%B3%E3%83%91%E3%83%83%E3%82%AD%E3%83%B3%E4%BB%98%2B15L HTTP/1.1" 200 22735 "https://ugotechnologies.com/sitemap.xml" "Mozilla/5.0 (Linux; Android 7.0;) AppleWebKit/537.36 (KHTML, like Gecko) Mobile Safari/537.36 (compatible; PetalBot;+https://webmaster.petalsearch.com/site/petalbot)"
66.249.79.199 - - [20/Aug/2025:05:57:52 +0000] "GET /?g=0199263544805&channel=c3cab1&from=goods.php%3Fid%3D635448-588%26name%3D%E3%82%AA%E3%83%BC%E3%83%88%E3%82%A2%E3%83%BC%E3%83%88%2F1%2F18%2F%E3%83%A1%E3%83%AB%E3%82%BB%E3%83%87%E3%82%B9%E3%83%99%E3%83%B3%E3%83%84%2FAMG%2F%E3%82%B2%E3%83%AC%E3%83%B3%E3%83%87%2FG63%2F%E9%99%90%E5%AE%9A%2F%E6%9C%AA%E4%BD%BF%E7%94%A8 HTTP/1.1" 200 295381 "-" "Mozilla/5.0 (Linux; Android 6.0.1; Nexus 5X Build/MMB29P) AppleWebKit/537.36 (KHTML, like Gecko) Chrome/138.0.7204.183 Mobile Safari/537.36 (compatible; Googlebot/2.1; +http://www.google.com/bot.html)"
66.249.79.200 - - [20/Aug/2025:05:58:25 +0000] "GET /?g=72171176402401&channel=9963c1&from=pin.php%3Fid%3D1764024-302%26name%3Dpino%E3%80%80%E3%83%97%E3%83%AD%E3%83%95%E3%81%94%E4%B8%80%E8%AA%AD%E3%81%8F%E3%81%A0%E3%81%95%E3%81%84%E3%81%BE%E3%81%9B%E3%80%82%E6%A7%98+%E3%83%AA%E3%82%AF%E3%82%A8%E3%82%B9%E3%83%88+2%E7%82%B9+%E3%81%BE%E3%81%A8%E3%82%81%E5%95%86%E5%93%81+%EF%BC%88pino+%E3%83%97%E3%83%AD%E3%83%95%E3%81%94%E4%B8%80%E8%AA%AD%E3%81%8F%E3%81%A0%E3%81%95%E3%81%84%E3%81%BE%E3%81%9B%E3%80%82%E6%A7%98+%E3%83%AA%E3%82%AF%E3%82%A8%E3%82%B9%E3%83%88+2%E7%82%B9+%E3%81%BE%E3%81%A8%E3%82%81%E5%95%86%E5%93%81%EF%BC%89 HTTP/1.1" 200 297768 "-" "Mozilla/5.0 (Linux; Android 6.0.1; Nexus 5X Build/MMB29P) AppleWebKit/537.36 (KHTML, like Gecko) Chrome/138.0.7204.183 Mobile Safari/537.36 (compatible; Googlebot/2.1; +http://www.google.com/bot.html)"
114.119.150.86 - - [20/Aug/2025:05:58:52 +0000] "GET /?g=45905128575202&channel=162258&from=shop.php?id%3D1285752-637%26name%3D%E6%96%B0%E5%9E%A3%E7%B5%90%E8%A1%A3%2Bhuhu%2B%E3%83%95%E3%83%BC%E3%83%87%E3%82%A3%2B%E3%83%91%E3%83%BC%E3%82%AB%E3%83%BC%2BPHOTO%2BPRINT HTTP/1.1" 200 22735 "https://ugotechnologies.com/sitemap.xml" "Mozilla/5.0 (Linux; Android 7.0;) AppleWebKit/537.36 (KHTML, like Gecko) Mobile Safari/537.36 (compatible; PetalBot;+https://webmaster.petalsearch.com/site/petalbot)"
66.249.79.199 - - [20/Aug/2025:05:58:57 +0000] "GET /?g=9911429357816&channel=50fe6f&from=shop.php%3Fid%3D293578-1193%26name%3D%E3%83%95%E3%82%A7%E3%82%A2%E3%83%AC%E3%83%87%E3%82%A3Z+RZ34+%E3%82%A2%E3%83%AB%E3%83%9F%E3%83%9B%E3%82%A4%E3%83%BC%E3%83%AB+MID+RMP+050F%E3%80%9018%C3%978J+5-114+INSET42%E3%80%91%E3%83%9E%E3%83%AB%E3%82%AB%E3%82%B5%E3%83%BC%E3%83%93%E3%82%B9+18%E3%82%A4%E3%83%B3%E3%83%81+5%E7%A9%B4+114.3+%2B42+%E3%82%A4%E3%83%B3%E3%82%BB%E3%83%83%E3%83%8842+FAIRLADY+Z+%E8%BB%8A%E7%94%A8%E3%83%9B%E3%82%A4%E3%83%BC%E3%83%AB+1%E6%9C%AC+4%E6%9C%AC%E3%82%BB%E3%83%83%E3%83%88+1%E5%8F%B0%E5%88%86+%E4%B8%80%E5%8F%B0%E5%88%86+1%E6%9E%9A+4%E6%9E%9A%E3%80%90%E5%BA%97%E9%A0%AD%E5%8F%97%E5%8F%96%E5%AF%BE%E5%BF%9C%E5%95%86%E5%93%81%E3%80%91 HTTP/1.1" 200 304484 "-" "Mozilla/5.0 (Linux; Android 6.0.1; Nexus 5X Build/MMB29P) AppleWebKit/537.36 (KHTML, like Gecko) Chrome/138.0.7204.183 Mobile Safari/537.36 (compatible; Googlebot/2.1; +http://www.google.com/bot.html)"
66.249.79.198 - - [20/Aug/2025:05:59:31 +0000] "GET /?g=91510189170201&channel=f482f7&from=brands.php%3Fid%3D1891702-1167%26name%3D%E3%81%82%E3%81%B4%E7%BC%B6%E2%99%A1%E5%B0%82%E7%94%A8%E3%83%9A%E3%83%BC%E3%82%B8 HTTP/1.1" 200 306072 "-" "Mozilla/5.0 (Linux; Android 6.0.1; Nexus 5X Build/MMB29P) AppleWebKit/537.36 (KHTML, like Gecko) Chrome/138.0.7204.183 Mobile Safari/537.36 (compatible; Googlebot/2.1; +http://www.google.com/bot.html)"
66.249.79.198 - - [20/Aug/2025:06:00:04 +0000] "GET /?g=9254844873801&channel=c735a3&from=shared.php%3Fid%3D448738-7178%26name%3D%E3%80%90%E6%9C%80%E7%9F%AD%E7%BF%8C%E6%97%A5%E7%99%BA%E9%80%81%E3%80%91SIM2+%7C+15+%7C+S+%7C+TENSEI+SILVER+TM50%28SIM2%29+%7C+%E4%B8%AD%E5%8F%A4+%7C+%E3%83%95%E3%82%A7%E3%82%A2%E3%82%A6%E3%82%A7%E3%82%A4%E3%82%A6%E3%83%83%E3%83%89+%7C+%E3%83%86%E3%83%BC%E3%83%A9%E3%83%BC%E3%83%A1%E3%82%A4%E3%83%89 HTTP/1.1" 200 298499 "-" "Mozilla/5.0 (Linux; Android 6.0.1; Nexus 5X Build/MMB29P) AppleWebKit/537.36 (KHTML, like Gecko) Chrome/138.0.7204.183 Mobile Safari/537.36 (compatible; Googlebot/2.1; +http://www.google.com/bot.html)"
114.119.157.43 - - [20/Aug/2025:06:00:15 +0000] "GET /?g=4554328897302&channel=8090f2&from=article.php?id%3D288973-4805%26name%3D%E3%83%95%E3%82%A1%E3%82%A8%E3%83%86%E3%82%A3%2B%E3%83%AC%E3%83%87%E3%82%A3%E3%83%BC%E3%82%B9%2B%E3%82%B7%E3%83%A3%E3%83%84%2B%E3%83%88%E3%83%83%E3%83%97%E3%82%B9%2BSunwashed%2BEssential%2BTee%2BSummer%2BSunrise%2BStripe HTTP/1.1" 200 22735 "https://ugotechnologies.com/sitemap.xml" "Mozilla/5.0 (Linux; Android 7.0;) AppleWebKit/537.36 (KHTML, like Gecko) Mobile Safari/537.36 (compatible; PetalBot;+https://webmaster.petalsearch.com/site/petalbot)"
66.249.79.199 - - [20/Aug/2025:06:00:38 +0000] "GET /?g=80809179431201&channel=9fce46&from=info.php%3Fid%3D1794312-64%26name%3D%E7%BE%8E%E5%93%81%E3%80%80%E3%82%B1%E3%82%A4%E3%83%88%E3%82%B9%E3%83%9A%E3%83%BC%E3%83%89%E3%83%8B%E3%83%A5%E3%83%BC%E3%83%A8%E3%83%BC%E3%82%AF%E3%80%80%E3%83%88%E3%83%BC%E3%83%88%E3%83%90%E3%83%83%E3%82%B0%E3%80%80%E3%82%B7%E3%83%80%E3%83%BC%E3%82%B9%E3%83%88%E3%83%AA%E3%83%BC%E3%83%88%E3%80%80%E4%BF%9D%E5%AD%98%E8%A2%8B%E4%BB%98%E3%81%8D+%EF%BC%88kate+spade+new+york%28%E3%82%B1%E3%82%A4%E3%83%88%E3%82%B9%E3%83%9A%E3%83%BC%E3%83%89%E3%83%8B%E3%83%A5%E3%83%BC%E3%83%A8%E3%83%BC%E3%82%AF%29+%2F+%E3%83%88%E3%83%BC%E3%83%88%E3%83%90%E3%83%83%E3%82%B0%2F%E3%83%AC%E3%82%B6%E3%83%BC%2FPNK%2FK6113+%7C+%E4%B8%AD%E5%8F%A4%E5%93%81%E3%81%AE%E8%B2%A9%E5%A3%B2%E3%83%BB%E9%80%9A%E8%B2%A9%E3%81%AA%E3%82%89%E3%82%BB%E3%82%AB%E3%83%B3%E3%83%89+%E3%82%B9%E3%83%88%E3%83%AA%E3%83%BC%E3%83%88%EF%BC%89 HTTP/1.1" 200 301416 "-" "Mozilla/5.0 (Linux; Android 6.0.1; Nexus 5X Build/MMB29P) AppleWebKit/537.36 (KHTML, like Gecko) Chrome/138.0.7204.183 Mobile Safari/537.36 (compatible; Googlebot/2.1; +http://www.google.com/bot.html)"
66.249.79.198 - - [20/Aug/2025:06:01:12 +0000] "GET /?g=2290930176806&channel=a849bf&from=shared.php%3Fid%3D301768-730%26name%3D%E3%80%9036coup%C3%A9%E6%A7%98%E5%B0%82%E7%94%A8%E3%80%91%E6%8E%A8%E3%81%97%E3%81%AE%E5%AD%90+%E3%82%A2%E3%82%A4+%E3%83%AA%E3%83%9A%E3%82%A4%E3%83%B3%E3%83%88+%E3%83%95%E3%82%A3%E3%82%AE%E3%83%A5%E3%82%A2 HTTP/1.1" 200 291650 "-" "Mozilla/5.0 (Linux; Android 6.0.1; Nexus 5X Build/MMB29P) AppleWebKit/537.36 (KHTML, like Gecko) Chrome/138.0.7204.183 Mobile Safari/537.36 (compatible; Googlebot/2.1; +http://www.google.com/bot.html)"
114.119.151.93 - - [20/Aug/2025:06:01:38 +0000] "GET /?g=4541091563700&channel=256a42&from=brands.php?id%3D915637-3049%26name%3D%E3%80%90%E3%82%86%E3%81%84%E3%81%93%E6%A7%98%E3%80%91%E2%98%85%E9%98%B2%E7%8A%AF%E7%99%BB%E9%8C%B2%E4%BB%98%E2%98%85%E6%96%B0%E5%93%81%2B%E3%83%95%E3%82%A1%E3%83%83%E3%83%88%E3%83%90%E3%82%A4%E3%82%AF%2B26inch%EF%BC%88%E3%83%AC%E3%83%83%E3%83%89%EF%BC%89 HTTP/1.1" 200 22735 "https://ugotechnologies.com/sitemap.xml" "Mozilla/5.0 (Linux; Android 7.0;) AppleWebKit/537.36 (KHTML, like Gecko) Mobile Safari/537.36 (compatible; PetalBot;+https://webmaster.petalsearch.com/site/petalbot)"
66.249.79.199 - - [20/Aug/2025:06:01:46 +0000] "GET /?g=97746182563502&channel=f57d5b&from=brands.php%3Fid%3D1825635-29%26name%3D%E3%80%90%E5%AE%8C%E5%A3%B2%E5%93%81%E3%80%91%E3%82%A2%E3%83%B3%E3%83%80%E3%83%BC%E3%83%AB%28andar%29+Ice+Tencel+%E3%83%87%E3%83%8B%E3%83%A0%E3%83%AF%E3%82%A4%E3%83%89%E3%83%91%E3%83%B3%E3%83%84%E2%96%A0L HTTP/1.1" 200 299856 "-" "Mozilla/5.0 (Linux; Android 6.0.1; Nexus 5X Build/MMB29P) AppleWebKit/537.36 (KHTML, like Gecko) Chrome/138.0.7204.183 Mobile Safari/537.36 (compatible; Googlebot/2.1; +http://www.google.com/bot.html)"
66.249.79.200 - - [20/Aug/2025:06:02:30 +0000] "GET /?g=28792192731306&channel=be8f2c&from=jp.php%3Fid%3D1927313-900%26name%3D%E3%80%906%2F22+20%E6%99%82%E3%80%9C+%E5%85%A8%E5%93%81P5%E5%80%8D%EF%BC%86%E3%82%AF%E3%83%BC%E3%83%9D%E3%83%B3%E3%80%91%E3%82%B9%E3%82%BA%E3%82%AD+%E3%82%B9%E3%82%A4%E3%83%95%E3%83%88%E3%82%B9%E3%83%9D%E3%83%BC%E3%83%84%28ZC33S%29%E7%94%A8+185%2F55R16+83Q+%E3%83%88%E3%83%BC%E3%83%A8%E3%83%BC+%E3%82%AA%E3%83%96%E3%82%B6%E3%83%BC%E3%83%96+%E3%82%AC%E3%83%AA%E3%83%83%E3%83%88%E3%82%AE%E3%82%BA+%E3%83%93%E3%83%83%E3%82%AF%E3%82%A6%E3%82%A7%E3%82%A4+%E3%83%93%E3%83%BC%E3%83%A9%E3%82%B0%E3%83%8A%E3%82%B9+%E3%83%93%E3%83%BC%E3%82%A2%E3%83%BC%E3%83%AB%E3%83%87%E3%82%A3%E3%83%BC+%E3%83%9E%E3%83%83%E3%83%88%E3%83%96%E3%83%A9%E3%83%83%E3%82%AF+%E6%96%B0%E5%93%81%E3%82%B9%E3%82%BF%E3%83%83%E3%83%89%E3%83%AC%E3%82%B9%E3%82%BF%E3%82%A4%E3%83%A4%E3%83%9B%E3%82%A4%E3%83%BC%E3%83%AB+4%E6%9C%AC%E3%82%BB%E3%83%83%E3%83%88 HTTP/1.1" 200 324686 "-" "Mozilla/5.0 (Linux; Android 6.0.1; Nexus 5X Build/MMB29P) AppleWebKit/537.36 (KHTML, like Gecko) Chrome/138.0.7204.183 Mobile Safari/537.36 (compatible; Googlebot/2.1; +http://www.google.com/bot.html)"
114.119.136.30 - - [20/Aug/2025:06:03:02 +0000] "GET /?g=4496611866702&channel=87d992&from=shared.php?id%3D118667-501%26name%3DCrespi%E3%80%80%E3%82%AF%E3%83%AC%E3%82%B9%E3%83%94%E3%80%80%E5%8D%8A%E8%A2%96%E3%83%AF%E3%83%B3%E3%83%94%E3%83%BC%E3%82%B9%E3%80%80%E8%8A%B1%E6%9F%84%E3%80%80%E6%A4%8D%E7%89%A9%E3%80%80%E3%83%96%E3%83%A9%E3%83%83%E3%82%AF%E3%80%80%E9%BB%92 HTTP/1.1" 200 22735 "https://ugotechnologies.com/sitemap.xml" "Mozilla/5.0 (Linux; Android 7.0;) AppleWebKit/537.36 (KHTML, like Gecko) Mobile Safari/537.36 (compatible; PetalBot;+https://webmaster.petalsearch.com/site/petalbot)"
66.249.79.199 - - [20/Aug/2025:06:03:54 +0000] "GET /?g=9919759648700&channel=57d76a&from=brands.php%3Fid%3D596487-11782%26name%3DKYB+%E3%82%B7%E3%83%A7%E3%83%83%E3%82%AF%E3%82%A2%E3%83%96%E3%82%BD%E3%83%BC%E3%83%90%E3%83%BC+New+SR+SPECIAL+%E3%83%AA%E3%82%A2%E7%94%A82%E6%9C%AC+%E3%82%A2%E3%83%AB%E3%83%88+CN22S+90%2F01%E3%80%9C+NSG8006A+%E3%82%AB%E3%83%A4%E3%83%90 HTTP/1.1" 200 299638 "-" "Mozilla/5.0 (Linux; Android 6.0.1; Nexus 5X Build/MMB29P) AppleWebKit/537.36 (KHTML, like Gecko) Chrome/138.0.7204.183 Mobile Safari/537.36 (compatible; Googlebot/2.1; +http://www.google.com/bot.html)"
114.119.143.233 - - [20/Aug/2025:06:04:26 +0000] "GET /?g=4444863418902&channel=d38791&from=product.php?id%3D634189-8048%26name%3D%E3%83%88%E3%83%A9%E3%82%B9%E3%82%B3(TRUSCO)%2BSUS430%E8%A3%BD%E8%BB%BD%E9%87%8F%E6%A3%9A%E7%94%A8%E6%A3%9A%E6%9D%BF1200X450%2B465%2Bx%2B1215%2Bx%2B50%2Bmm%2BSU4-44 HTTP/1.1" 200 22735 "https://ugotechnologies.com/sitemap.xml" "Mozilla/5.0 (Linux; Android 7.0;) AppleWebKit/537.36 (KHTML, like Gecko) Mobile Safari/537.36 (compatible; PetalBot;+https://webmaster.petalsearch.com/site/petalbot)"
66.249.79.200 - - [20/Aug/2025:06:04:35 +0000] "GET /?g=0294143355205&channel=8f6929&from=category-info.php%3Fid%3D433552-872%26name%3DSHARP+%E3%83%89%E3%83%A9%E3%83%A0%E5%BC%8F%E6%B4%97%E6%BF%AF%E6%A9%9F+ES-S7C-WL+7kg+%E5%AE%B6%E9%9B%BB+J075 HTTP/1.1" 200 295494 "-" "Mozilla/5.0 (Linux; Android 6.0.1; Nexus 5X Build/MMB29P) AppleWebKit/537.36 (KHTML, like Gecko) Chrome/138.0.7204.183 Mobile Safari/537.36 (compatible; Googlebot/2.1; +http://www.google.com/bot.html)"
114.119.151.93 - - [20/Aug/2025:06:05:49 +0000] "GET /?g=43972141471600&channel=b8a77a&from=jp.php?id%3D1414716-4797%26name%3D%E3%83%96%E3%83%AA%E3%83%83%E3%83%84/BLITZ%2B%E3%82%B9%E3%83%9E%E3%82%B9%E3%83%AD%2BBMW%2B320i%2B%E3%82%AF%E3%83%BC%E3%83%9A%2B%2BSumasuro HTTP/1.1" 200 22735 "https://ugotechnologies.com/sitemap.xml" "Mozilla/5.0 (Linux; Android 7.0;) AppleWebKit/537.36 (KHTML, like Gecko) Mobile Safari/537.36 (compatible; PetalBot;+https://webmaster.petalsearch.com/site/petalbot)"
66.249.79.198 - - [20/Aug/2025:06:05:54 +0000] "GET /?g=08780194965901&channel=ddc71a&from=article.php%3Fid%3D1949659-5211%26name%3D%E3%80%90%E9%80%81%E6%96%99%E7%84%A1%E6%96%99%E3%80%91+NGK+4%E6%9C%AC+%E3%82%A4%E3%82%B0%E3%83%8B%E3%83%83%E3%82%B7%E3%83%A7%E3%83%B3+%E3%82%B3%E3%82%A4%E3%83%AB+U5029+%E3%83%88%E3%83%A8%E3%82%BF+%E3%82%AB%E3%83%AD%E3%83%BC%E3%83%A9+ZZE122+ZZE124+90919-02262 HTTP/1.1" 200 307289 "-" "Mozilla/5.0 (Linux; Android 6.0.1; Nexus 5X Build/MMB29P) AppleWebKit/537.36 (KHTML, like Gecko) Chrome/138.0.7204.183 Mobile Safari/537.36 (compatible; Googlebot/2.1; +http://www.google.com/bot.html)"
66.249.79.200 - - [20/Aug/2025:06:06:32 +0000] "GET /?g=7004138891206&channel=f5cf63&from=blog.php%3Fid%3D388912-1140%26name%3D%3Cbr%3E%E3%80%9030%E6%97%A5%E3%80%9C1%E6%97%A5+48%E6%99%82%E9%96%93%E9%99%90%E5%AE%9A%E3%82%AF%E3%83%BC%E3%83%9D%E3%83%B3%21%21%E3%80%91%E3%80%90%E3%82%BF%E3%82%A4%E3%83%A4%E4%BA%A4%E6%8F%9B%E5%AF%BE%E8%B1%A1%E3%80%91%E3%82%B9%E3%82%BA%E3%82%AD+%E3%82%A8%E3%83%96%E3%83%AA%E3%82%A3%E3%83%AF%E3%82%B4%E3%83%B3+DA64W+%E3%82%A6%E3%82%A7%E3%83%83%E3%82%BA+%E3%83%AC%E3%82%AA%E3%83%8B%E3%82%B9+%E3%83%8A%E3%83%B4%E3%82%A9%E3%82%A208+PSB+%E3%83%A8%E3%82%B3%E3%83%8F%E3%83%9E+%E3%82%A2%E3%83%89%E3%83%90%E3%83%B3+%E3%83%95%E3%83%AC%E3%83%90+V701+165%2F55R15+15%E3%82%A4%E3%83%B3%E3%83%81+%E3%82%B5%E3%83%9E%E3%83%BC%E3%82%BF%E3%82%A4%E3%83%A4%26%E3%83%9B%E3%82%A4%E3%83%BC%E3%83%AB%E3%82%BB%E3%83%83%E3%83%88+4%E6%9C%AC1%E5%8F%B0%E5%88%86 HTTP/1.1" 200 313238 "-" "Mozilla/5.0 (Linux; Android 6.0.1; Nexus 5X Build/MMB29P) AppleWebKit/537.36 (KHTML, like Gecko) Chrome/138.0.7204.183 Mobile Safari/537.36 (compatible; Googlebot/2.1; +http://www.google.com/bot.html)"
66.249.79.199 - - [20/Aug/2025:06:07:10 +0000] "GET /?g=78402157506201&channel=9db6a7&from=form.php%3Fid%3D1575062-15743%26name%3D%E6%96%B0%E5%93%81%EF%BC%819in1+%E3%83%93%E3%83%AB%E3%83%87%E3%82%A3%E3%83%B3%E3%82%B0%E3%83%96%E3%83%AD%E3%83%83%E3%82%AF+%E3%83%AD%E3%83%9C%E3%83%83%E3%83%88+%E9%87%8D%E6%A9%9F+%E3%83%96%E3%83%AB%E3%83%89%E3%83%BC%E3%82%B6%E3%83%BC+686PCS HTTP/1.1" 200 305579 "-" "Mozilla/5.0 (Linux; Android 6.0.1; Nexus 5X Build/MMB29P) AppleWebKit/537.36 (KHTML, like Gecko) Chrome/138.0.7204.183 Mobile Safari/537.36 (compatible; Googlebot/2.1; +http://www.google.com/bot.html)"
114.119.153.152 - - [20/Aug/2025:06:07:12 +0000] "GET /?g=43861127226803&channel=bbf837&from=goods.php?id%3D1272268-6271%26name%3D%E3%83%AB%E3%82%A4%E3%83%BB%E3%83%B4%E3%82%A3%E3%83%88%E3%83%B3%2BLOUIS%2BVUITTON%2B%E3%82%BD%E3%83%9F%E3%83%A5%E3%83%BC%E3%83%AB30%2B%E3%83%A2%E3%83%8E%E3%82%B0%E3%83%A9%E3%83%A0%2B%E3%82%B7%E3%83%A7%E3%83%AB%E3%83%80%E3%83%BC%E3%83%90%E3%83%83%E3%82%B0%2B%E3%83%90%E3%83%83%E3%82%B0%2BPVC%E3%82%B3%E3%83%BC%E3%83%86%E3%82%A3%E3%83%B3%E3%82%B0%E3%82%AD%E3%83%A3%E3%83%B3%E3%83%90%E3%82%B9%2B%E3%83%AC%E3%82%B6%E3%83%BC%2B%E3%83%AC%E3%83%87%E3%82%A3%E3%83%BC%E3%82%B9%2B%E3%83%96%E3%83%A9%E3%82%A6%E3%83%B3%E7%B3%BB%2BM42256%2B%E3%80%90%E4%B8%AD%E5%8F%A4%E3%80%91 HTTP/1.1" 200 22735 "https://ugotechnologies.com/sitemap.xml" "Mozilla/5.0 (Linux; Android 7.0;) AppleWebKit/537.36 (KHTML, like Gecko) Mobile Safari/537.36 (compatible; PetalBot;+https://webmaster.petalsearch.com/site/petalbot)"
114.119.130.154 - - [20/Aug/2025:06:08:36 +0000] "GET /?g=43785182048101&channel=3b9a57&from=info.php?id%3D1820481-8004%26name%3D%E3%82%B9%E3%83%86%E3%83%83%E3%83%97%E3%83%AF%E3%82%B4%E3%83%B3%2B215/45R18%2B%E3%83%9B%E3%82%A4%E3%83%BC%E3%83%AB%E3%82%BB%E3%83%83%E3%83%88%2B%7C%2B%E3%83%A8%E3%82%B3%E3%83%8F%E3%83%9E%2B%E3%82%A2%E3%83%89%E3%83%90%E3%83%B3%2Bdb%2BV553%2B%26%2BGTX03%2B18%E3%82%A4%E3%83%B3%E3%83%81%2B5%E7%A9%B4114.3 HTTP/1.1" 200 22735 "https://ugotechnologies.com/sitemap.xml" "Mozilla/5.0 (Linux; Android 7.0;) AppleWebKit/537.36 (KHTML, like Gecko) Mobile Safari/537.36 (compatible; PetalBot;+https://webmaster.petalsearch.com/site/petalbot)"
114.119.141.178 - - [20/Aug/2025:06:10:03 +0000] "GET /?g=43624140600103&channel=b21b25&from=shop.php?id%3D1406001-819%26name%3D%E2%98%85New%E2%98%85%E9%81%B8%E3%81%B9%E3%82%8B%E3%83%94%E3%82%A2%E3%82%B9%E3%83%BB%E3%82%A4%E3%83%A4%E3%83%AA%E3%83%B3%E3%82%B0%E2%99%AF467 HTTP/1.1" 200 22735 "https://ugotechnologies.com/sitemap.xml" "Mozilla/5.0 (Linux; Android 7.0;) AppleWebKit/537.36 (KHTML, like Gecko) Mobile Safari/537.36 (compatible; PetalBot;+https://webmaster.petalsearch.com/site/petalbot)"
114.119.151.93 - - [20/Aug/2025:06:11:23 +0000] "GET /?g=4339564973804&channel=efd78a&from=shop.php?id%3D649738-677%26name%3D%E3%82%AD%E3%83%BC%E3%83%88%E3%83%B3%E3%80%80%E3%82%AD%E3%83%88%E3%83%B3%E3%80%80%E3%82%B9%E3%83%BC%E3%83%84%E3%80%80%E3%82%BB%E3%83%83%E3%83%88%E3%82%A2%E3%83%83%E3%83%97%E3%80%802%E7%82%B9%E3%82%BB%E3%83%83%E3%83%88 HTTP/1.1" 200 22735 "https://ugotechnologies.com/sitemap.xml" "Mozilla/5.0 (Linux; Android 7.0;) AppleWebKit/537.36 (KHTML, like Gecko) Mobile Safari/537.36 (compatible; PetalBot;+https://webmaster.petalsearch.com/site/petalbot)"
114.119.157.43 - - [20/Aug/2025:06:12:47 +0000] "GET /?g=4318740708205&channel=0fefc4&from=shared.php?id%3D407082-380%26name%3D%E6%9C%AA%E4%BD%BF%E7%94%A8%2B%E3%83%AA%E3%83%9C%E3%83%AB%E3%83%86%E3%83%83%E3%82%AF%2B%E3%83%88%E3%83%A9%E3%82%A4%E3%82%AC%E3%83%B3%2B%E3%83%B4%E3%82%A1%E3%83%83%E3%82%B7%E3%83%A5%E3%83%BB%E3%82%B6%E3%83%BB%E3%82%B9%E3%82%BF%E3%83%B3%E3%83%94%E3%83%BC%E3%83%89 HTTP/1.1" 200 22735 "https://ugotechnologies.com/sitemap.xml" "Mozilla/5.0 (Linux; Android 7.0;) AppleWebKit/537.36 (KHTML, like Gecko) Mobile Safari/537.36 (compatible; PetalBot;+https://webmaster.petalsearch.com/site/petalbot)"
114.119.143.233 - - [20/Aug/2025:06:14:11 +0000] "GET /?g=4298859682100&channel=57d76a&from=jp.php?id%3D596821-11782%26name%3Dbrembo%2B(%E3%83%96%E3%83%AC%E3%83%B3%E3%83%9C)%2B%E3%83%96%E3%83%AC%E3%83%BC%E3%82%AD%E3%83%AD%E3%83%BC%E3%82%BF%E3%83%BC%2B%E3%83%95%E3%83%AD%E3%83%B3%E3%83%88%E5%B7%A6%E5%8F%B3%2BTOYOTA%2B%E3%83%8F%E3%82%A4%E3%83%A9%E3%83%83%E3%82%AF%E3%82%B9%2BLN147%2BRZN147%2B97/08%E3%80%9C99/08%2B%5B09.5017.10%5D HTTP/1.1" 200 22735 "https://ugotechnologies.com/sitemap.xml" "Mozilla/5.0 (Linux; Android 7.0;) AppleWebKit/537.36 (KHTML, like Gecko) Mobile Safari/537.36 (compatible; PetalBot;+https://webmaster.petalsearch.com/site/petalbot)"
114.119.143.233 - - [20/Aug/2025:06:15:34 +0000] "GET /?g=42807134177901&channel=f6919c&from=article.php?id%3D1341779-8885%26name%3D%E3%83%9E%E3%83%BC%E3%82%AFII%2B%E3%82%AF%E3%83%AC%E3%82%B9%E3%82%BF%2B%E3%83%81%E3%82%A7%E3%82%A4%E3%82%B5%E3%83%BC%2BGX100%2BLX100%2BSX100%2B98/8%EF%BD%9E01/06%2B%E3%83%96%E3%83%AC%E3%83%BC%E3%82%AD%E3%83%91%E3%83%83%E3%83%89%2B%E3%83%95%E3%83%AD%E3%83%B3%E3%83%88%2BDIXCEL%2B%E3%83%87%E3%82%A3%E3%82%AF%E3%82%BB%E3%83%AB%2BM%2Btype%2BM311372%2B%E9%80%81%E6%96%99%E7%84%A1%E6%96%99 HTTP/1.1" 200 22735 "https://ugotechnologies.com/sitemap.xml" "Mozilla/5.0 (Linux; Android 7.0;) AppleWebKit/537.36 (KHTML, like Gecko) Mobile Safari/537.36 (compatible; PetalBot;+https://webmaster.petalsearch.com/site/petalbot)"
114.119.151.93 - - [20/Aug/2025:06:17:02 +0000] "GET /?g=4218194477606&channel=9fce46&from=category-info.php?id%3D944776-64%26name%3D%E3%83%87%E3%82%A3%E3%83%BC%E3%83%B3%E3%82%A2%E3%83%B3%E3%83%89%E3%83%87%E3%83%AB%E3%83%BC%E3%82%AB%E3%80%80%E3%83%8F%E3%83%AF%E3%82%A4%E3%80%80%E9%99%90%E5%AE%9A%E3%80%80%E3%83%90%E3%83%83%E3%82%B0%E3%80%80%E3%82%AF%E3%83%AA%E3%82%A2%E3%80%80%E3%83%96%E3%83%AB%E3%83%BC%E3%80%80hibiscus HTTP/1.1" 200 22735 "https://ugotechnologies.com/sitemap.xml" "Mozilla/5.0 (Linux; Android 7.0;) AppleWebKit/537.36 (KHTML, like Gecko) Mobile Safari/537.36 (compatible; PetalBot;+https://webmaster.petalsearch.com/site/petalbot)"
114.119.151.93 - - [20/Aug/2025:06:18:21 +0000] "GET /?g=41802154228101&channel=7ce312&from=info.php?id%3D1542281-489%26name%3D0.5ct%2B%E3%83%80%E3%82%A4%E3%83%A4%E3%83%A2%E3%83%B3%E3%83%89%E3%83%8D%E3%83%83%E3%82%AF%E3%83%AC%E3%82%B9 HTTP/1.1" 200 22735 "https://ugotechnologies.com/sitemap.xml" "Mozilla/5.0 (Linux; Android 7.0;) AppleWebKit/537.36 (KHTML, like Gecko) Mobile Safari/537.36 (compatible; PetalBot;+https://webmaster.petalsearch.com/site/petalbot)"
114.119.143.233 - - [20/Aug/2025:06:19:44 +0000] "GET /?g=41547150179606&channel=a7bb93&from=pin.php?id%3D1501796-1039%26name%3Dsunsurf%2B%22Moonlight%2BPalms%22%2B%E3%82%B5%E3%83%B3%E3%82%B5%E3%83%BC%E3%83%95%2B%E3%82%A2%E3%83%AD%E3%83%8F%E3%82%B7%E3%83%A3%E3%83%84%2BL HTTP/1.1" 200 22735 "https://ugotechnologies.com/sitemap.xml" "Mozilla/5.0 (Linux; Android 7.0;) AppleWebKit/537.36 (KHTML, like Gecko) Mobile Safari/537.36 (compatible; PetalBot;+https://webmaster.petalsearch.com/site/petalbot)"
114.119.141.178 - - [20/Aug/2025:06:21:07 +0000] "GET /?g=4121051737901&channel=fda6d3&from=news.php?id%3D517379-9761%26name%3D%E3%83%95%E3%82%A3%E3%83%83%E3%83%882WD%E5%BE%8C%E6%9C%9F/15XLHondaSENSING%E5%9E%8B%E5%BC%8FGK5%E3%82%A8%E3%82%B9%E3%83%9A%E3%83%AA%E3%82%A2SuperDOWNSUS%E3%81%A8%5B%E3%83%80%E3%82%A6%E3%83%B3%E3%82%B5%E3%82%B9%E3%83%A9%E3%83%90%E3%83%BC%E3%83%95%E3%83%AD%E3%83%B3%E3%83%88/%E3%83%AA%E3%82%A2%5DSET%E5%93%81%E2%97%86%E5%93%81%E7%95%AAESH-3622-BR-1277F-BR-1277R%3Cbr%3E%E2%80%BB%E5%BE%8C%E6%89%95%E3%81%84%E6%B1%BA%E6%B8%88%E4%B8%8D%E5%8F%AF HTTP/1.1" 200 22735 "https://ugotechnologies.com/sitemap.xml" "Mozilla/5.0 (Linux; Android 7.0;) AppleWebKit/537.36 (KHTML, like Gecko) Mobile Safari/537.36 (compatible; PetalBot;+https://webmaster.petalsearch.com/site/petalbot)"
114.119.151.93 - - [20/Aug/2025:06:22:33 +0000] "GET /?g=40930170167507&channel=72cad8&from=brands.php?id%3D1701675-2928%26name%3D%E3%83%9F%E3%83%8B%2B%E3%83%9F%E3%83%8B%E3%82%AF%E3%83%BC%E3%83%91%E3%83%BC(%E9%9B%BB%E6%B0%97%E8%87%AA%E5%8B%95%E8%BB%8A)(J01)%E7%94%A8%2B205/50R17%2B93V%2BXL%2B%E3%83%A8%E3%82%B3%E3%83%8F%E3%83%9E%2B%E3%83%96%E3%83%AB%E3%83%BC%E3%82%A2%E3%83%BC%E3%82%B94S%2BAW21%2B%E3%83%88%E3%83%94%E3%83%BC%2B%E3%83%81%E3%83%BC%E3%83%A0%E3%82%B9%E3%83%91%E3%83%AB%E3%82%B3%2B%E3%83%B4%E3%82%A1%E3%83%AD%E3%83%BC%E3%82%B6%2B%E3%83%90%E3%83%BC%E3%82%B8%E3%83%A7%E3%83%B302%2BMG%2B%E6%96%B0%E5%93%81%E3%82%AA%E3%83%BC%E3%83%AB%E3%82%B7%E3%83%BC%E3%82%BA%E3%83%B3%E3%82%BF%E3%82%A4%E3%83%A4%E3%83%9B%E3%82%A4%E3%83%BC%E3%83%AB%2B4%E6%9C%AC%E3%82%BB%E3%83%83%E3%83%88 HTTP/1.1" 200 22735 "https://ugotechnologies.com/sitemap.xml" "Mozilla/5.0 (Linux; Android 7.0;) AppleWebKit/537.36 (KHTML, like Gecko) Mobile Safari/537.36 (compatible; PetalBot;+https://webmaster.petalsearch.com/site/petalbot)"
114.119.153.152 - - [20/Aug/2025:06:23:55 +0000] "GET /?g=40835153755907&channel=f8936e&from=jp.php?id%3D1537559-207%26name%3D%E6%A5%B5%E7%BE%8E%E5%93%81%E2%AD%90%EF%B8%8F%E3%83%AB%E3%82%A4%E3%83%B4%E3%82%A3%E3%83%88%E3%83%B3%2B%E3%83%9D%E3%83%AB%E3%83%88%E3%83%95%E3%82%A9%E3%82%A4%E3%83%A6%2B%E3%82%B5%E3%83%A9%2B%E3%83%A2%E3%83%8E%E3%82%B0%E3%83%A9%E3%83%A0%2B%E3%82%A2%E3%83%B3%E3%83%97%E3%83%A9%E3%83%B3%E3%83%88%2B%E9%95%B7%E8%B2%A1%E5%B8%83 HTTP/1.1" 200 22735 "https://ugotechnologies.com/sitemap.xml" "Mozilla/5.0 (Linux; Android 7.0;) AppleWebKit/537.36 (KHTML, like Gecko) Mobile Safari/537.36 (compatible; PetalBot;+https://webmaster.petalsearch.com/site/petalbot)"
114.119.141.178 - - [20/Aug/2025:06:25:18 +0000] "GET /?g=4078662749100&channel=94a33e&from=category-info.php?id%3D627491-9676%26name%3D%E3%80%9012%E5%80%8B%E3%82%BB%E3%83%83%E3%83%88%E3%80%91%2B%EF%BC%AE%EF%BC%B3%E3%83%95%E3%82%A1%E3%83%BC%E3%83%95%E3%82%A1%E3%83%BB%E3%82%B8%E3%83%A3%E3%83%91%E3%83%B3%2BFA%2B%E3%83%95%E3%82%A1%E3%82%A4%E3%83%B3%E3%83%95%E3%83%AC%E3%82%B0%E3%83%A9%E3%83%B3%E3%82%B9%2B%E3%82%B7%E3%82%A8%E3%83%AB840M%E6%9B%BF HTTP/1.1" 200 22735 "https://ugotechnologies.com/sitemap.xml" "Mozilla/5.0 (Linux; Android 7.0;) AppleWebKit/537.36 (KHTML, like Gecko) Mobile Safari/537.36 (compatible; PetalBot;+https://webmaster.petalsearch.com/site/petalbot)"
114.119.130.154 - - [20/Aug/2025:06:26:42 +0000] "GET /?g=4078199834300&channel=1cc56c&from=brands.php?id%3D998343-11808%26name%3D%E3%80%90%E5%9B%BD%E5%86%85%E7%9B%A4DVD%E3%80%91%E3%80%90%E6%96%B0%E5%93%81%E3%80%91%E6%9F%B4%E7%94%B0%E5%8B%9D%E9%A0%BC%E3%83%87%E3%83%93%E3%83%A5%E3%83%BC20%E5%91%A8%E5%B9%B4DVD%2B%5B3%E6%9E%9A%E7%B5%84%5D HTTP/1.1" 200 22735 "https://ugotechnologies.com/sitemap.xml" "Mozilla/5.0 (Linux; Android 7.0;) AppleWebKit/537.36 (KHTML, like Gecko) Mobile Safari/537.36 (compatible; PetalBot;+https://webmaster.petalsearch.com/site/petalbot)"
