66.249.79.198 - - [19/Aug/2025:17:58:36 +0000] "GET /?g=01010182721706&channel=2939b2&from=brands.php%3Fid%3D1827217-256%26name%3D%E2%98%85%E3%83%AA%E3%83%A1%E3%82%A4%E3%82%AF%E2%98%85%E5%A4%A7%E5%B3%B6%E7%B4%AC%E3%80%80%E3%83%81%E3%83%A5%E3%83%8B%E3%83%83%E3%82%AF%E3%80%802%E7%82%B9%E3%80%80%E3%83%95%E3%83%AA%E3%83%BC%E3%82%B5%E3%82%A4%E3%82%BA HTTP/1.1" 200 296984 "-" "Mozilla/5.0 (Linux; Android 6.0.1; Nexus 5X Build/MMB29P) AppleWebKit/537.36 (KHTML, like Gecko) Chrome/138.0.7204.183 Mobile Safari/537.36 (compatible; Googlebot/2.1; +http://www.google.com/bot.html)"
181.217.89.118 - - [19/Aug/2025:17:58:56 +0000] "GET /?channel=00ee5a&from=shop.php?id%3D1382173-1279%26name%3D%E3%83%AF%E3%83%B3%E3%83%94%E3%83%BC%E3%82%B9+%E5%90%84%E7%A8%AE%E3%83%95%E3%82%A3%E3%82%AE%E3%83%A5%E3%82%A2&g=74297138217302 HTTP/1.1" 200 22735 "-" "Mozilla/5.0 (Linux; Android 11; moto e20 Build/RONS31.267-94-14) AppleWebKit/537.36 (KHTML, like Gecko) Chrome/122.0.6261.64 Mobile Safari/537.36"
114.119.150.86 - - [19/Aug/2025:17:59:00 +0000] "GET /?g=9895020811001&channel=6b6f6f&from=category-info.php?id%3D208110-751%26name%3D%E3%83%86%E3%82%A3%E3%83%BC%E3%82%BF%E3%82%A4%E3%83%A0%E3%83%86%E3%83%BC%E3%83%96%E3%83%AB%E3%80%80%E4%B8%B8 HTTP/1.1" 200 22735 "https://ugotechnologies.com/sitemap.xml" "Mozilla/5.0 (Linux; Android 7.0;) AppleWebKit/537.36 (KHTML, like Gecko) Mobile Safari/537.36 (compatible; PetalBot;+https://webmaster.petalsearch.com/site/petalbot)"
170.80.70.231 - - [19/Aug/2025:17:59:12 +0000] "GET /?channel=8c52b7&from=pin.php?id%3D1219063-1328%26name%3D%E3%82%B7%E3%83%9E%E3%83%8E%E3%80%80%E3%82%B3%E3%83%AB%E3%83%88%E3%82%B9%E3%83%8A%E3%82%A4%E3%83%91%E3%83%BCBB+S906M+%E3%82%B7%E3%83%A7%E3%82%A2%E3%82%B8%E3%82%AE%E3%83%B3%E3%82%B0%E3%83%AD%E3%83%83%E3%83%89&g=95705121906302 HTTP/1.1" 200 22735 "-" "Mozilla/5.0 (iPhone; CPU iPhone OS 17_1 like Mac OS X) AppleWebKit/605.1.15 (KHTML, like Gecko) EdgiOS/121.0.2277.107 Version/17.0 Mobile/15E148 Safari/604.1"
66.249.68.37 - - [19/Aug/2025:17:59:29 +0000] "GET /?g=8249787729007&channel=44d2a7&from=shared.php%3Fid%3D877290-413%26name%3D%E3%83%A1%E3%83%AC%E3%83%80%E3%82%A4%E3%83%A4+%E3%83%87%E3%82%B6%E3%82%A4%E3%83%B3%E3%83%AA%E3%83%B3%E3%82%B0+YG+%E3%82%A4%E3%82%A8%E3%83%AD%E3%83%BC%E3%82%B4%E3%83%BC%E3%83%AB%E3%83%89+%E6%8C%87%E8%BC%AA+%E3%83%AA%E3%83%B3%E3%82%B0+11%E5%8F%B7+K22+%E3%83%80%E3%82%A4%E3%83%A4%E3%83%A2%E3%83%B3%E3%83%89+%E3%83%AC%E3%83%87%E3%82%A3%E3%83%BC%E3%82%B9++%E3%80%90%E4%B8%AD%E5%8F%A4%E3%80%91%EF%BC%88%E3%83%90%E3%82%A4%E3%82%BB%E3%83%AB%E5%85%AC%E5%BC%8F%E3%80%91%E3%83%A1%E3%83%AC%E3%83%80%E3%82%A4%E3%83%A4+%E3%83%87%E3%82%B6%E3%82%A4%E3%83%B3%E3%83%AA%E3%83%B3%E3%82%B0+YG+%E3%82%A4%E3%82%A8%E3%83%AD%E3%83%BC%E3%82%B4%E3%83%BC%E3%83%AB%E3%83%89+%E6%8C%87%E8%BC%AA+%E3%83%AA%E3%83%B3%E3%82%B0+11%E5%8F%B7+K10+%E3%83%80%E3%82%A4%E3%83%A4%E3%83%A2%E3%83%B3%E3%83%89+%E3%83%AC%E3%83%87%E3%82%A3%E3%83%BC%E3%82%B9+%E3%80%90%E4%B8%AD%E5%8F%A4%E3%80%91nbjwl+-++%E3%83%90%E3%82%A4%E3%82%BB%E3%83%AB%E3%83%96%E3%83%A9%E3%83%B3%E3%82%B7%E3%82%A7%EF%BC%89 HTTP/1.1" 200 294071 "-" "Mozilla/5.0 (Linux; Android 6.0.1; Nexus 5X Build/MMB29P) AppleWebKit/537.36 (KHTML, like Gecko) Chrome/138.0.7204.183 Mobile Safari/537.36 (compatible; Googlebot/2.1; +http://www.google.com/bot.html)"
66.249.79.198 - - [19/Aug/2025:18:00:21 +0000] "GET /?g=5188942875701&channel=5abeed&from=shared.php%3Fid%3D428757-9270%26name%3D5%E5%80%8B%E3%82%BB%E3%83%83%E3%83%88+%E9%85%92%E5%99%A8+%E5%8D%97%E8%9B%AE%E5%90%B9%E3%81%8D%E9%85%8E%E6%9D%AF%E3%82%AB%E3%83%83%E3%83%97+%5B8.5+x+11cm+360cc%5D+%E5%BC%B7%E5%8C%96+%7C+%E7%84%BC%E9%85%8E+%E3%83%AD%E3%83%83%E3%82%AF%E3%82%AB%E3%83%83%E3%83%97+%E3%82%B3%E3%83%83%E3%83%97+%E7%84%BC%E9%85%8E%E3%82%AB%E3%83%83%E3%83%97+%E3%83%90%E3%83%BC+bar+%E6%99%A9%E9%85%8C+%E4%BA%BA%E6%B0%97+%E3%81%8A%E3%81%99%E3%81%99%E3%82%81+%E9%A3%9F%E5%99%A8+%E6%A5%AD%E5%8B%99%E7%94%A8+%E9%A3%B2%E9%A3%9F%E5%BA%97+%E3%82%AB%E3%83%95%E3%82%A7+%E3%81%86%E3%81%A4%E3%82%8F+%E5%99%A8+%E3%81%8A%E3%81%97%E3%82%83%E3%82%8C+%E3%81%8B%E3%82%8F%E3%81%84%E3%81%84+%E3%82%AE%E3%83%95%E3%83%88+%E3%83%97%E3%83%AC%E3%82%BC%E3%83%B3%E3%83%88+%E5%BC%95%E3%81%8D%E5%87%BA%E7%89%A9+%E8%AA%95%E7%94%9F%E6%97%A5+%E8%B4%88%E3%82%8A%E7%89%A9+%E8%B4%88%E7%AD%94%E5%93%81+%E9%A3%9F%E5%99%A8%E3%82%BB%E3%83%83%E3%83%88 HTTP/1.1" 200 327064 "-" "Mozilla/5.0 (Linux; Android 6.0.1; Nexus 5X Build/MMB29P) AppleWebKit/537.36 (KHTML, like Gecko) Chrome/138.0.7204.183 Mobile Safari/537.36 (compatible; Googlebot/2.1; +http://www.google.com/bot.html)"
114.119.143.233 - - [19/Aug/2025:18:00:24 +0000] "GET /?g=98901198076100&channel=7dcb51&from=pin.php?id%3D1980761-1898%26name%3D%E5%AE%9D%E7%9F%B3%E3%81%AE%E7%9D%A1%E8%93%AE%2B%E6%8B%A1%E5%BC%B5%2B%E8%8B%B1%E8%AA%9E%2B%E7%B5%B1%E7%8E%87%E8%80%85%E3%83%AC%E3%82%B8%E3%82%A7%E3%83%B3%E3%82%BA%2B%E4%BA%BA%E6%B0%97 HTTP/1.1" 200 22735 "https://ugotechnologies.com/sitemap.xml" "Mozilla/5.0 (Linux; Android 7.0;) AppleWebKit/537.36 (KHTML, like Gecko) Mobile Safari/537.36 (compatible; PetalBot;+https://webmaster.petalsearch.com/site/petalbot)"
114.130.159.77 - - [19/Aug/2025:18:01:10 +0000] "GET / HTTP/1.1" 200 22735 "-" "Mozilla/5.0 (Windows NT 10.0; Win64; x64) AppleWebKit/537.36 (KHTML, like Gecko) Chrome/139.0.0.0 Safari/537.36"
114.130.159.77 - - [19/Aug/2025:18:01:13 +0000] "GET /css/animate.css HTTP/1.1" 200 73008 "https://ugotechnologies.com/" "Mozilla/5.0 (Windows NT 10.0; Win64; x64) AppleWebKit/537.36 (KHTML, like Gecko) Chrome/139.0.0.0 Safari/537.36"
114.130.159.77 - - [19/Aug/2025:18:01:13 +0000] "GET /css/icomoon.css HTTP/1.1" 200 25225 "https://ugotechnologies.com/" "Mozilla/5.0 (Windows NT 10.0; Win64; x64) AppleWebKit/537.36 (KHTML, like Gecko) Chrome/139.0.0.0 Safari/537.36"
114.130.159.77 - - [19/Aug/2025:18:01:13 +0000] "GET /css/themify-icons.css HTTP/1.1" 200 16519 "https://ugotechnologies.com/" "Mozilla/5.0 (Windows NT 10.0; Win64; x64) AppleWebKit/537.36 (KHTML, like Gecko) Chrome/139.0.0.0 Safari/537.36"
114.130.159.77 - - [19/Aug/2025:18:01:14 +0000] "GET /css/magnific-popup.css HTTP/1.1" 200 7781 "https://ugotechnologies.com/" "Mozilla/5.0 (Windows NT 10.0; Win64; x64) AppleWebKit/537.36 (KHTML, like Gecko) Chrome/139.0.0.0 Safari/537.36"
114.130.159.77 - - [19/Aug/2025:18:01:14 +0000] "GET /css/owl.carousel.min.css HTTP/1.1" 200 3630 "https://ugotechnologies.com/" "Mozilla/5.0 (Windows NT 10.0; Win64; x64) AppleWebKit/537.36 (KHTML, like Gecko) Chrome/139.0.0.0 Safari/537.36"
114.130.159.77 - - [19/Aug/2025:18:01:14 +0000] "GET /css/owl.theme.default.min.css HTTP/1.1" 200 1055 "https://ugotechnologies.com/" "Mozilla/5.0 (Windows NT 10.0; Win64; x64) AppleWebKit/537.36 (KHTML, like Gecko) Chrome/139.0.0.0 Safari/537.36"
114.130.159.77 - - [19/Aug/2025:18:01:14 +0000] "GET /css/bootstrap.css HTTP/1.1" 200 134656 "https://ugotechnologies.com/" "Mozilla/5.0 (Windows NT 10.0; Win64; x64) AppleWebKit/537.36 (KHTML, like Gecko) Chrome/139.0.0.0 Safari/537.36"
114.130.159.77 - - [19/Aug/2025:18:01:14 +0000] "GET /css/flexslider.css HTTP/1.1" 200 6864 "https://ugotechnologies.com/" "Mozilla/5.0 (Windows NT 10.0; Win64; x64) AppleWebKit/537.36 (KHTML, like Gecko) Chrome/139.0.0.0 Safari/537.36"
114.130.159.77 - - [19/Aug/2025:18:01:14 +0000] "GET /css/style.css HTTP/1.1" 200 44250 "https://ugotechnologies.com/" "Mozilla/5.0 (Windows NT 10.0; Win64; x64) AppleWebKit/537.36 (KHTML, like Gecko) Chrome/139.0.0.0 Safari/537.36"
114.130.159.77 - - [19/Aug/2025:18:01:14 +0000] "GET /js/modernizr-2.6.2.min.js HTTP/1.1" 200 15413 "https://ugotechnologies.com/" "Mozilla/5.0 (Windows NT 10.0; Win64; x64) AppleWebKit/537.36 (KHTML, like Gecko) Chrome/139.0.0.0 Safari/537.36"
114.130.159.77 - - [19/Aug/2025:18:01:14 +0000] "GET /images/digital_solutions_kochi.jpg HTTP/1.1" 200 81539 "https://ugotechnologies.com/" "Mozilla/5.0 (Windows NT 10.0; Win64; x64) AppleWebKit/537.36 (KHTML, like Gecko) Chrome/139.0.0.0 Safari/537.36"
114.130.159.77 - - [19/Aug/2025:18:01:14 +0000] "GET /images/web_development_icon.png HTTP/1.1" 200 20428 "https://ugotechnologies.com/" "Mozilla/5.0 (Windows NT 10.0; Win64; x64) AppleWebKit/537.36 (KHTML, like Gecko) Chrome/139.0.0.0 Safari/537.36"
114.130.159.77 - - [19/Aug/2025:18:01:14 +0000] "GET /css/reset.css HTTP/1.1" 200 22735 "https://ugotechnologies.com/" "Mozilla/5.0 (Windows NT 10.0; Win64; x64) AppleWebKit/537.36 (KHTML, like Gecko) Chrome/139.0.0.0 Safari/537.36"
114.130.159.77 - - [19/Aug/2025:18:01:14 +0000] "GET /js/modernizr.js HTTP/1.1" 200 22735 "https://ugotechnologies.com/" "Mozilla/5.0 (Windows NT 10.0; Win64; x64) AppleWebKit/537.36 (KHTML, like Gecko) Chrome/139.0.0.0 Safari/537.36"
114.130.159.77 - - [19/Aug/2025:18:01:14 +0000] "GET /js/jquery-2.1.1.js HTTP/1.1" 200 22735 "https://ugotechnologies.com/" "Mozilla/5.0 (Windows NT 10.0; Win64; x64) AppleWebKit/537.36 (KHTML, like Gecko) Chrome/139.0.0.0 Safari/537.36"
114.130.159.77 - - [19/Aug/2025:18:01:16 +0000] "GET /js/main.js HTTP/1.1" 200 9147 "https://ugotechnologies.com/" "Mozilla/5.0 (Windows NT 10.0; Win64; x64) AppleWebKit/537.36 (KHTML, like Gecko) Chrome/139.0.0.0 Safari/537.36"
114.130.159.77 - - [19/Aug/2025:18:01:16 +0000] "GET /js/jquery.min.js HTTP/1.1" 200 84380 "https://ugotechnologies.com/" "Mozilla/5.0 (Windows NT 10.0; Win64; x64) AppleWebKit/537.36 (KHTML, like Gecko) Chrome/139.0.0.0 Safari/537.36"
114.130.159.77 - - [19/Aug/2025:18:01:16 +0000] "GET /js/jquery.easing.1.3.js HTTP/1.1" 200 8111 "https://ugotechnologies.com/" "Mozilla/5.0 (Windows NT 10.0; Win64; x64) AppleWebKit/537.36 (KHTML, like Gecko) Chrome/139.0.0.0 Safari/537.36"
114.130.159.77 - - [19/Aug/2025:18:01:16 +0000] "GET /js/bootstrap.min.js HTTP/1.1" 200 36816 "https://ugotechnologies.com/" "Mozilla/5.0 (Windows NT 10.0; Win64; x64) AppleWebKit/537.36 (KHTML, like Gecko) Chrome/139.0.0.0 Safari/537.36"
114.130.159.77 - - [19/Aug/2025:18:01:16 +0000] "GET /js/jquery.waypoints.min.js HTTP/1.1" 200 8835 "https://ugotechnologies.com/" "Mozilla/5.0 (Windows NT 10.0; Win64; x64) AppleWebKit/537.36 (KHTML, like Gecko) Chrome/139.0.0.0 Safari/537.36"
114.130.159.77 - - [19/Aug/2025:18:01:16 +0000] "GET /js/owl.carousel.min.js HTTP/1.1" 200 40401 "https://ugotechnologies.com/" "Mozilla/5.0 (Windows NT 10.0; Win64; x64) AppleWebKit/537.36 (KHTML, like Gecko) Chrome/139.0.0.0 Safari/537.36"
114.130.159.77 - - [19/Aug/2025:18:01:16 +0000] "GET /js/jquery.countTo.js HTTP/1.1" 200 3760 "https://ugotechnologies.com/" "Mozilla/5.0 (Windows NT 10.0; Win64; x64) AppleWebKit/537.36 (KHTML, like Gecko) Chrome/139.0.0.0 Safari/537.36"
114.130.159.77 - - [19/Aug/2025:18:01:16 +0000] "GET /js/jquery.flexslider-min.js HTTP/1.1" 200 22342 "https://ugotechnologies.com/" "Mozilla/5.0 (Windows NT 10.0; Win64; x64) AppleWebKit/537.36 (KHTML, like Gecko) Chrome/139.0.0.0 Safari/537.36"
114.130.159.77 - - [19/Aug/2025:18:01:16 +0000] "GET /js/jquery.magnific-popup.min.js HTTP/1.1" 200 20932 "https://ugotechnologies.com/" "Mozilla/5.0 (Windows NT 10.0; Win64; x64) AppleWebKit/537.36 (KHTML, like Gecko) Chrome/139.0.0.0 Safari/537.36"
114.130.159.77 - - [19/Aug/2025:18:01:16 +0000] "GET /js/magnific-popup-options.js HTTP/1.1" 200 1284 "https://ugotechnologies.com/" "Mozilla/5.0 (Windows NT 10.0; Win64; x64) AppleWebKit/537.36 (KHTML, like Gecko) Chrome/139.0.0.0 Safari/537.36"
114.130.159.77 - - [19/Aug/2025:18:01:16 +0000] "GET /images/about_ugo.jpg HTTP/1.1" 200 91628 "https://ugotechnologies.com/" "Mozilla/5.0 (Windows NT 10.0; Win64; x64) AppleWebKit/537.36 (KHTML, like Gecko) Chrome/139.0.0.0 Safari/537.36"
114.130.159.77 - - [19/Aug/2025:18:01:17 +0000] "GET /images/allguard_website.jpg HTTP/1.1" 200 45328 "https://ugotechnologies.com/" "Mozilla/5.0 (Windows NT 10.0; Win64; x64) AppleWebKit/537.36 (KHTML, like Gecko) Chrome/139.0.0.0 Safari/537.36"
114.130.159.77 - - [19/Aug/2025:18:01:17 +0000] "GET /images/evm_Honda_website.jpg HTTP/1.1" 200 51646 "https://ugotechnologies.com/" "Mozilla/5.0 (Windows NT 10.0; Win64; x64) AppleWebKit/537.36 (KHTML, like Gecko) Chrome/139.0.0.0 Safari/537.36"
114.130.159.77 - - [19/Aug/2025:18:01:17 +0000] "GET /images/kapindia_website.jpg HTTP/1.1" 200 34035 "https://ugotechnologies.com/" "Mozilla/5.0 (Windows NT 10.0; Win64; x64) AppleWebKit/537.36 (KHTML, like Gecko) Chrome/139.0.0.0 Safari/537.36"
114.130.159.77 - - [19/Aug/2025:18:01:17 +0000] "GET /images/sales_catalog_app_kochi.jpg HTTP/1.1" 200 40455 "https://ugotechnologies.com/" "Mozilla/5.0 (Windows NT 10.0; Win64; x64) AppleWebKit/537.36 (KHTML, like Gecko) Chrome/139.0.0.0 Safari/537.36"
114.130.159.77 - - [19/Aug/2025:18:01:17 +0000] "GET /images/rental_cochin.jpg HTTP/1.1" 200 33662 "https://ugotechnologies.com/" "Mozilla/5.0 (Windows NT 10.0; Win64; x64) AppleWebKit/537.36 (KHTML, like Gecko) Chrome/139.0.0.0 Safari/537.36"
114.130.159.77 - - [19/Aug/2025:18:01:17 +0000] "GET /images/thakkaaram_website.jpg HTTP/1.1" 200 38614 "https://ugotechnologies.com/" "Mozilla/5.0 (Windows NT 10.0; Win64; x64) AppleWebKit/537.36 (KHTML, like Gecko) Chrome/139.0.0.0 Safari/537.36"
114.130.159.77 - - [19/Aug/2025:18:01:16 +0000] "GET /services/jquery-2.1.1.js HTTP/1.1" 200 22735 "https://ugotechnologies.com/" "Mozilla/5.0 (Windows NT 10.0; Win64; x64) AppleWebKit/537.36 (KHTML, like Gecko) Chrome/139.0.0.0 Safari/537.36"
114.130.159.77 - - [19/Aug/2025:18:01:18 +0000] "GET /fonts/themify-icons/themify.woff?-fvbane HTTP/1.1" 200 56108 "https://ugotechnologies.com/css/themify-icons.css" "Mozilla/5.0 (Windows NT 10.0; Win64; x64) AppleWebKit/537.36 (KHTML, like Gecko) Chrome/139.0.0.0 Safari/537.36"
66.249.79.198 - - [19/Aug/2025:18:01:15 +0000] "GET /?g=22078183898908&channel=72cad8&from=jp.php%3Fid%3D1838989-2928%26name%3D%E3%80%906%2F22+20%E6%99%82%E3%80%9C+%E5%85%A8%E5%93%81P5%E5%80%8D%EF%BC%86%E3%82%AF%E3%83%BC%E3%83%9D%E3%83%B3%E3%80%91%E3%83%9B%E3%83%B3%E3%83%80+ZR-V%28RZ4%29%E7%94%A8+225%2F55R18+102W+XL+%E3%82%B0%E3%83%83%E3%83%89%E3%82%A4%E3%83%A4%E3%83%BC+%E3%83%99%E3%82%AF%E3%82%BF%E3%83%BC4%E3%82%B7%E3%83%BC%E3%82%BA%E3%83%B3%E3%82%BA+%E3%82%B8%E3%82%A7%E3%83%B33+%E3%83%AF%E3%83%BC%E3%82%AF+%E3%82%A8%E3%83%A2%E3%83%BC%E3%82%B7%E3%83%A7%E3%83%B3+CR%E6%A5%B5+GTS+%E6%96%B0%E5%93%81%E3%82%AA%E3%83%BC%E3%83%AB%E3%82%B7%E3%83%BC%E3%82%BA%E3%83%B3%E3%82%BF%E3%82%A4%E3%83%A4%E3%83%9B%E3%82%A4%E3%83%BC%E3%83%AB+4%E6%9C%AC%E3%82%BB%E3%83%83%E3%83%88 HTTP/1.1" 200 318616 "-" "Mozilla/5.0 (Linux; Android 6.0.1; Nexus 5X Build/MMB29P) AppleWebKit/537.36 (KHTML, like Gecko) Chrome/138.0.7204.183 Mobile Safari/537.36 (compatible; Googlebot/2.1; +http://www.google.com/bot.html)"
114.130.159.77 - - [19/Aug/2025:18:01:16 +0000] "GET /services/main.js HTTP/1.1" 200 22735 "https://ugotechnologies.com/" "Mozilla/5.0 (Windows NT 10.0; Win64; x64) AppleWebKit/537.36 (KHTML, like Gecko) Chrome/139.0.0.0 Safari/537.36"
114.130.159.77 - - [19/Aug/2025:18:01:18 +0000] "GET /fonts/icomoon/icomoon.ttf?srf3rx HTTP/1.1" 200 102868 "https://ugotechnologies.com/css/style.css" "Mozilla/5.0 (Windows NT 10.0; Win64; x64) AppleWebKit/537.36 (KHTML, like Gecko) Chrome/139.0.0.0 Safari/537.36"
114.130.159.77 - - [19/Aug/2025:18:01:18 +0000] "GET /images/loader.gif HTTP/1.1" 200 48068 "https://ugotechnologies.com/css/style.css" "Mozilla/5.0 (Windows NT 10.0; Win64; x64) AppleWebKit/537.36 (KHTML, like Gecko) Chrome/139.0.0.0 Safari/537.36"
114.130.159.77 - - [19/Aug/2025:18:01:18 +0000] "GET /images/Web_Development_Banner.jpg HTTP/1.1" 200 121858 "https://ugotechnologies.com/" "Mozilla/5.0 (Windows NT 10.0; Win64; x64) AppleWebKit/537.36 (KHTML, like Gecko) Chrome/139.0.0.0 Safari/537.36"
114.130.159.77 - - [19/Aug/2025:18:01:19 +0000] "GET /images/Software_Development_Banner.jpg HTTP/1.1" 200 143419 "https://ugotechnologies.com/" "Mozilla/5.0 (Windows NT 10.0; Win64; x64) AppleWebKit/537.36 (KHTML, like Gecko) Chrome/139.0.0.0 Safari/537.36"
114.130.159.77 - - [19/Aug/2025:18:01:19 +0000] "GET /images/Android_Apps.jpg HTTP/1.1" 200 102497 "https://ugotechnologies.com/" "Mozilla/5.0 (Windows NT 10.0; Win64; x64) AppleWebKit/537.36 (KHTML, like Gecko) Chrome/139.0.0.0 Safari/537.36"
114.130.159.77 - - [19/Aug/2025:18:01:19 +0000] "GET /images/Mobile_App_Banner.jpg HTTP/1.1" 200 127637 "https://ugotechnologies.com/" "Mozilla/5.0 (Windows NT 10.0; Win64; x64) AppleWebKit/537.36 (KHTML, like Gecko) Chrome/139.0.0.0 Safari/537.36"
114.130.159.77 - - [19/Aug/2025:18:01:19 +0000] "GET /images/bg12.jpg HTTP/1.1" 200 103665 "https://ugotechnologies.com/css/style.css" "Mozilla/5.0 (Windows NT 10.0; Win64; x64) AppleWebKit/537.36 (KHTML, like Gecko) Chrome/139.0.0.0 Safari/537.36"
114.130.159.77 - - [19/Aug/2025:18:01:19 +0000] "GET /images/bg13.jpg HTTP/1.1" 200 118372 "https://ugotechnologies.com/" "Mozilla/5.0 (Windows NT 10.0; Win64; x64) AppleWebKit/537.36 (KHTML, like Gecko) Chrome/139.0.0.0 Safari/537.36"
114.130.159.77 - - [19/Aug/2025:18:01:21 +0000] "GET /favicon.ico HTTP/1.1" 200 22735 "https://ugotechnologies.com/" "Mozilla/5.0 (Windows NT 10.0; Win64; x64) AppleWebKit/537.36 (KHTML, like Gecko) Chrome/139.0.0.0 Safari/537.36"
114.119.143.233 - - [19/Aug/2025:18:01:49 +0000] "GET /?g=98794124394400&channel=a3aac8&from=goods.php?id%3D1243944-13913%26name%3DSKH%2B%E3%83%AD%E3%83%B3%E3%82%B0%E3%82%AC%E3%82%B9%E3%82%BF%E3%83%83%E3%83%97%2BL%3D150%2B1%EF%BC%8F2PS%2B%E2%80%BB%E5%8F%96%E5%AF%84%E3%81%9B%E5%93%81%2BISF(%E3%82%A4%E3%82%B7%E3%83%8F%E3%82%B7%E7%B2%BE%E5%B7%A5)%2BIS-H-L150-1/2PS HTTP/1.1" 200 22735 "https://ugotechnologies.com/sitemap.xml" "Mozilla/5.0 (Linux; Android 7.0;) AppleWebKit/537.36 (KHTML, like Gecko) Mobile Safari/537.36 (compatible; PetalBot;+https://webmaster.petalsearch.com/site/petalbot)"
66.249.79.198 - - [19/Aug/2025:18:02:09 +0000] "GET /?g=104123338500&channel=6f35a1&from=info.php%3Fid%3D33385-2426%26name%3D%E3%80%90%E6%96%B0%E5%93%81%E3%83%BB3%E5%96%B6%E6%A5%AD%E6%97%A5%E3%81%A7%E7%99%BA%E9%80%81%E3%80%91Wera%E7%A4%BE+Wera+7400+%E3%82%AF%E3%83%A9%E3%83%95%E3%83%88%E3%83%95%E3%82%A9%E3%83%BC%E3%83%A0+ESD%E3%83%88%E3%83%AB%E3%82%AF%E3%83%93%E3%83%83%E3%83%88%E3%83%95%E3%82%A9%E3%83%AB%E3%83%80%E3%83%BC+0.3%EF%BD%9E1.++074730%EF%BC%88%E5%B3%B6%E8%A3%BD%E4%BD%9C%E6%89%80+%E3%83%A1%E3%83%AD%E3%83%87%E3%82%A3+%E3%82%B9%E3%83%A0%E3%83%BC%E3%82%BA+KBR+%E3%82%AF%E3%83%AD%E3%82%B3%E3%83%80%E3%82%A4%E3%83%ABBK+%E3%83%A1%E3%83%BC%E3%82%AB%E3%83%BC%E7%9B%B4%E9%80%81%EF%BC%89 HTTP/1.1" 200 310004 "-" "Mozilla/5.0 (Linux; Android 6.0.1; Nexus 5X Build/MMB29P) AppleWebKit/537.36 (KHTML, like Gecko) Chrome/138.0.7204.183 Mobile Safari/537.36 (compatible; Googlebot/2.1; +http://www.google.com/bot.html)"
179.67.79.12 - - [19/Aug/2025:18:02:53 +0000] "GET /?channel=2d0ec5&from=goods.php?id%3D826361-1496%26name%3D%3Ckoti+BEAUTY%26YOUTH%3E+W/SHIELD+%E3%83%95%E3%83%AA%E3%83%BC%E3%82%B9+%E3%82%B8%E3%83%A3%E3%82%B1%E3%83%83%E3%83%88&g=9327982636136 HTTP/1.1" 200 22735 "-" "Mozilla/5.0 (Windows NT 10.0; Win64; x64) AppleWebKit/537.36 (KHTML, like Gecko) Chrome/122.0.0.0 Safari/537.36"
66.249.79.200 - - [19/Aug/2025:18:03:04 +0000] "GET /?g=07217147983203&channel=a00728&from=news.php%3Fid%3D1479832-2196%26name%3D%E3%80%90%E6%96%B0%E5%93%81%E6%9C%AA%E4%BD%BF%E7%94%A8%E3%80%91iOCHOW+%E3%82%B7%E3%83%A5%E3%83%AC%E3%83%83%E3%83%80%E3%83%BC+%E9%9B%BB%E5%8B%95+%E5%AE%B6%E5%BA%AD%E7%94%A8+%E3%83%9E%E3%82%A4%E3%82%AF%E3%83%AD%E3%82%AF%E3%83%AD%E3%82%B9%E3%82%AB%E3%83%83%E3%83%884x10mm HTTP/1.1" 200 305610 "-" "Mozilla/5.0 (Linux; Android 6.0.1; Nexus 5X Build/MMB29P) AppleWebKit/537.36 (KHTML, like Gecko) Chrome/138.0.7204.183 Mobile Safari/537.36 (compatible; Googlebot/2.1; +http://www.google.com/bot.html)"
114.119.157.43 - - [19/Aug/2025:18:03:10 +0000] "GET /?g=98759187428000&channel=2ac475&from=shared.php?id%3D1874280-8887%26name%3D%E3%82%B9%E3%82%A6%E3%82%A3%E3%83%95%E3%83%88/swift%2B%E3%83%96%E3%83%AC%E3%83%BC%E3%82%AD%E3%83%91%E3%83%83%E3%83%89%2Btype%2BSS%2B%E3%83%AA%E3%82%A2%2B%E3%83%88%E3%83%A8%E3%82%BF%2B%E3%82%B9%E3%83%BC%E3%83%97%E3%83%A9%2BJZA80%2B%E3%82%B0%E3%83%AC%E3%83%BC%E3%83%89SZ%2B3000cc%2B1993%E5%B9%B405%E6%9C%88%EF%BD%9E2002%E5%B9%B408%E6%9C%88%2B%E5%85%A5%E6%95%B0%EF%BC%9A1%E3%82%BB%E3%83%83%E3%83%88(%E5%B7%A6%E5%8F%B3)%2BVR326 HTTP/1.1" 200 22735 "https://ugotechnologies.com/sitemap.xml" "Mozilla/5.0 (Linux; Android 7.0;) AppleWebKit/537.36 (KHTML, like Gecko) Mobile Safari/537.36 (compatible; PetalBot;+https://webmaster.petalsearch.com/site/petalbot)"
66.249.79.198 - - [19/Aug/2025:18:03:58 +0000] "GET /?g=5033118229700&channel=7fcf31&from=article.php%3Fid%3D182297-7925%26name%3D%E3%80%90%E4%B8%89%E8%8F%B1%E9%9B%BB%E6%A9%9F%E7%85%A7%E6%98%8E%E3%80%80MITSUBISHI%E3%80%91%3Cbr%3E%E4%B8%89%E8%8F%B1+EL-D02%2F2%28152NH%29AHZ+%E3%83%99%E3%83%BC%E3%82%B9%E3%83%80%E3%82%A6%E3%83%B3%E3%83%A9%E3%82%A4%E3%83%88 HTTP/1.1" 200 310086 "-" "Mozilla/5.0 (Linux; Android 6.0.1; Nexus 5X Build/MMB29P) AppleWebKit/537.36 (KHTML, like Gecko) Chrome/138.0.7204.183 Mobile Safari/537.36 (compatible; Googlebot/2.1; +http://www.google.com/bot.html)"
114.119.136.30 - - [19/Aug/2025:18:04:52 +0000] "GET /?g=9867880281203&channel=72cad8&from=goods.php?id%3D802812-2928%26name%3D%3Cbr%3E%E3%80%9030%E6%97%A5%E3%80%9C1%E6%97%A5%2B48%E6%99%82%E9%96%93%E9%99%90%E5%AE%9A%E3%82%AF%E3%83%BC%E3%83%9D%E3%83%B3!!%E3%80%91%E3%80%90%E3%82%BF%E3%82%A4%E3%83%A4%E4%BA%A4%E6%8F%9B%E5%AF%BE%E8%B1%A1%E3%80%91%E3%83%9B%E3%83%B3%E3%83%80%2B%E3%82%B7%E3%83%93%E3%83%83%E3%82%AF%E3%82%BB%E3%83%80%E3%83%B3%2BFC1%2B%E3%83%9B%E3%83%83%E3%83%88%E3%82%B9%E3%82%BF%E3%83%83%E3%83%95%2B%E3%83%97%E3%83%AC%E3%82%B7%E3%83%A3%E3%82%B9%2BHS-2%2B%E3%83%A1%E3%82%BF%E3%83%AA%E3%83%83%E3%82%AFBK/PO%2B%E3%83%A8%E3%82%B3%E3%83%8F%E3%83%9E%2B%E3%83%96%E3%83%AB%E3%83%BC%E3%82%A2%E3%83%BC%E3%82%B9%2B4S%2BAW21%2B215/50R17%2B17%E3%82%A4%E3%83%B3%E3%83%81%2B%E3%82%AA%E3%83%BC%E3%83%AB%E3%82%B7%E3%83%BC%E3%82%BA%E3%83%B3%E3%82%BF%E3%82%A4%E3%83%A4%26%E3%83%9B%E3%82%A4%E3%83%BC%E3%83%AB%E3%82%BB%E3%83%83%E3%83%88%2B4%E6%9C%AC1%E5%8F%B0%E5%88%86 HTTP/1.1" 200 22735 "https://ugotechnologies.com/sitemap.xml" "Mozilla/5.0 (Linux; Android 7.0;) AppleWebKit/537.36 (KHTML, like Gecko) Mobile Safari/537.36 (compatible; PetalBot;+https://webmaster.petalsearch.com/site/petalbot)"
66.249.68.37 - - [19/Aug/2025:18:04:53 +0000] "GET /?g=26117183009612&channel=11591f&from=category-info.php%3Fid%3D1830096-25344%26name%3D%E3%82%AD%E3%83%A3%E3%83%B3%E3%83%89%E3%83%AB%E3%82%A6%E3%82%A3%E3%83%83%E3%82%AF%E3%80%80%E3%82%BB%E3%83%83%E3%83%88%E3%80%80%E7%B3%B8%E8%8A%AF%E3%80%80%E6%9C%A8%E8%8A%AF HTTP/1.1" 200 22735 "-" "Mozilla/5.0 (Linux; Android 6.0.1; Nexus 5X Build/MMB29P) AppleWebKit/537.36 (KHTML, like Gecko) Chrome/138.0.7204.183 Mobile Safari/537.36 (compatible; Googlebot/2.1; +http://www.google.com/bot.html)"
66.249.79.198 - - [19/Aug/2025:18:05:47 +0000] "GET /?g=72382138037700&channel=ba1f31&from=article.php%3Fid%3D1380377-6190%26name%3D%E3%83%86%E3%83%BC%E3%83%A9%E3%83%BC%E3%83%A1%E3%82%A4%E3%83%89+SIM+SIM+%E3%83%9E%E3%83%83%E3%82%AF%E3%82%B9+%E3%83%AC%E3%82%B9%E3%82%AD%E3%83%A5%E3%83%BC+%E3%83%A6%E3%83%BC%E3%83%86%E3%82%A3%E3%83%AA%E3%83%86%E3%82%A3+TENSEI+BLUE+TM60+%E3%80%90U4%E3%80%91+%E3%82%B7%E3%83%A3%E3%83%95%E3%83%88%EF%BC%9ATENSEI+BLUE+TM60 HTTP/1.1" 200 318057 "-" "Mozilla/5.0 (Linux; Android 6.0.1; Nexus 5X Build/MMB29P) AppleWebKit/537.36 (KHTML, like Gecko) Chrome/138.0.7204.183 Mobile Safari/537.36 (compatible; Googlebot/2.1; +http://www.google.com/bot.html)"
196.127.84.183 - - [19/Aug/2025:18:06:00 +0000] "GET /?g=3129816667007&channel=93f66d&from=jp.php%3Fid%3D166670-1124%26name%3D%E3%82%B7%E3%83%9E%E3%83%8E+17+Scorpion+DC+101%EF%BC%88%E5%B7%A6%E5%B7%BB%E3%81%8D%EF%BC%89 HTTP/1.1" 200 22735 "-" "Mozilla/5.0 (Linux; Android 9; ASUS_I005DA Build/PI; wv) AppleWebKit/537.36 (KHTML, like Gecko) Version/4.0 Chrome/133.0.6943.122 Mobile"
196.127.84.183 - - [19/Aug/2025:18:06:03 +0000] "GET /?channel=93f66d&from=jp.php%3Fid%3D166670-1124%26name%3D%E3%82%B7%E3%83%9E%E3%83%8E+17+Scorpion+DC+101%EF%BC%88%E5%B7%A6%E5%B7%BB%E3%81%8D%EF%BC%89&g=3129816667007&g=%27 HTTP/1.1" 200 22735 "-" "Mozilla/5.0 (Linux; Android 9; ASUS_I005DA Build/PI; wv) AppleWebKit/537.36 (KHTML, like Gecko) Version/4.0 Chrome/133.0.6943.122 Mobile"
196.127.84.183 - - [19/Aug/2025:18:06:05 +0000] "GET /?channel=93f66d&channel=%27&from=jp.php%3Fid%3D166670-1124%26name%3D%E3%82%B7%E3%83%9E%E3%83%8E+17+Scorpion+DC+101%EF%BC%88%E5%B7%A6%E5%B7%BB%E3%81%8D%EF%BC%89&g=3129816667007 HTTP/1.1" 200 22735 "-" "Mozilla/5.0 (Linux; Android 9; ASUS_I005DA Build/PI; wv) AppleWebKit/537.36 (KHTML, like Gecko) Version/4.0 Chrome/133.0.6943.122 Mobile"
196.127.84.183 - - [19/Aug/2025:18:06:10 +0000] "GET /?channel=93f66d&from=jp.php%3Fid%3D166670-1124%26name%3D%E3%82%B7%E3%83%9E%E3%83%8E+17+Scorpion+DC+101%EF%BC%88%E5%B7%A6%E5%B7%BB%E3%81%8D%EF%BC%89&from=%27&g=3129816667007 HTTP/1.1" 200 22735 "-" "Mozilla/5.0 (Linux; Android 9; ASUS_I005DA Build/PI; wv) AppleWebKit/537.36 (KHTML, like Gecko) Version/4.0 Chrome/133.0.6943.122 Mobile"
196.127.84.183 - - [19/Aug/2025:18:06:15 +0000] "GET /?channel=%27&from=%27&g=%27 HTTP/1.1" 200 22735 "-" "Mozilla/5.0 (Linux; Android 9; ASUS_I005DA Build/PI; wv) AppleWebKit/537.36 (KHTML, like Gecko) Version/4.0 Chrome/133.0.6943.122 Mobile"
114.119.136.30 - - [19/Aug/2025:18:06:15 +0000] "GET /?g=98672136237115&channel=f96765&from=product.php?id%3D1362371-8826%26name%3DVELOCE%2BRACING%2B%E3%83%B4%E3%82%A7%E3%83%AD%E3%83%BC%E3%83%81%E3%82%A7%E3%83%AC%E3%83%BC%E3%82%B7%E3%83%B3%E3%82%B0%2B%E3%83%96%E3%83%AC%E3%83%BC%E3%82%AD%E3%83%AD%E3%83%BC%E3%82%BF%E3%83%BC%2BS8D2%2B%E3%83%91%E3%82%BF%E3%83%BC%E3%83%B3%2B8%E6%9C%AC%E3%82%B9%E3%83%AA%E3%83%83%E3%83%88(%E3%82%B9%E3%83%88%E3%83%AC%E3%83%BC%E3%83%88)%EF%BC%8B%E3%83%89%E3%83%AA%E3%83%AB%E3%83%89%2B%E3%83%95%E3%83%AD%E3%83%B3%E3%83%88%E5%B7%A6%E5%8F%B32%E6%9E%9A%E3%82%BB%E3%83%83%E3%83%88%2BHONDA%2B%E3%82%B7%E3%83%93%E3%83%83%E3%82%AF%2B%E5%9E%8B%E5%BC%8F%2BEF2%2B%E5%B9%B4%E5%BC%8F%2B87/9%EF%BD%9E91/9%2B%E5%93%81%E7%95%AA%2B3318030 HTTP/1.1" 200 22735 "https://ugotechnologies.com/sitemap.xml" "Mozilla/5.0 (Linux; Android 7.0;) AppleWebKit/537.36 (KHTML, like Gecko) Mobile Safari/537.36 (compatible; PetalBot;+https://webmaster.petalsearch.com/site/petalbot)"
196.127.84.183 - - [19/Aug/2025:18:06:17 +0000] "GET /?channel=93f66d&from=jp.php%3Fid%3D166670-1124%26name%3D%E3%82%B7%E3%83%9E%E3%83%8E+17+Scorpion+DC+101%EF%BC%88%E5%B7%A6%E5%B7%BB%E3%81%8D%EF%BC%89&g=3129816667007%27 HTTP/1.1" 200 22735 "-" "Mozilla/5.0 (Linux; Android 9; ASUS_I005DA Build/PI; wv) AppleWebKit/537.36 (KHTML, like Gecko) Version/4.0 Chrome/133.0.6943.122 Mobile"
196.127.84.183 - - [19/Aug/2025:18:06:20 +0000] "GET /?channel=93f66d%27&from=jp.php%3Fid%3D166670-1124%26name%3D%E3%82%B7%E3%83%9E%E3%83%8E+17+Scorpion+DC+101%EF%BC%88%E5%B7%A6%E5%B7%BB%E3%81%8D%EF%BC%89&g=3129816667007 HTTP/1.1" 200 22735 "-" "Mozilla/5.0 (Linux; Android 9; ASUS_I005DA Build/PI; wv) AppleWebKit/537.36 (KHTML, like Gecko) Version/4.0 Chrome/133.0.6943.122 Mobile"
196.127.84.183 - - [19/Aug/2025:18:06:22 +0000] "GET /?channel=93f66d&from=jp.php%3Fid%3D166670-1124%26name%3D%E3%82%B7%E3%83%9E%E3%83%8E+17+Scorpion+DC+101%EF%BC%88%E5%B7%A6%E5%B7%BB%E3%81%8D%EF%BC%89%27&g=3129816667007 HTTP/1.1" 200 22735 "-" "Mozilla/5.0 (Linux; Android 9; ASUS_I005DA Build/PI; wv) AppleWebKit/537.36 (KHTML, like Gecko) Version/4.0 Chrome/133.0.6943.122 Mobile"
66.249.68.37 - - [19/Aug/2025:18:06:42 +0000] "GET /?g=9657292401507&channel=ce2b6d&from=brands.php%3Fid%3D924015-8520%26name%3D%E3%81%93%E3%81%93%E3%81%AE%E3%81%88%E6%9C%9F+%E3%82%A2%E3%83%BC%E3%82%AB%E3%82%A4%E3%83%96+Martin+Margiela+%E3%82%A6%E3%83%BC%E3%83%AB+%E3%83%9E%E3%83%95%E3%83%A9%E3%83%BC+%E9%BB%92 HTTP/1.1" 200 22735 "-" "Mozilla/5.0 (Linux; Android 6.0.1; Nexus 5X Build/MMB29P) AppleWebKit/537.36 (KHTML, like Gecko) Chrome/138.0.7204.183 Mobile Safari/537.36 (compatible; Googlebot/2.1; +http://www.google.com/bot.html)"
66.249.68.37 - - [19/Aug/2025:18:07:37 +0000] "GET /?g=4797363086608&channel=c1b98c&from=blog.php%3Fid%3D630866-3038%26name%3D%E3%83%95%E3%82%A3%E3%83%A9+%E3%83%8F%E3%83%BC%E3%83%95%E3%83%91%E3%83%B3%E3%83%84+%EF%BC%88+EM0082-34Z+%EF%BC%89%5B+FILA+SP+%E3%83%A1%E3%83%B3%E3%82%BA+%5D25SS HTTP/1.1" 200 22735 "-" "Mozilla/5.0 (Linux; Android 6.0.1; Nexus 5X Build/MMB29P) AppleWebKit/537.36 (KHTML, like Gecko) Chrome/138.0.7204.183 Mobile Safari/537.36 (compatible; Googlebot/2.1; +http://www.google.com/bot.html)"
113.187.70.237 - - [19/Aug/2025:18:08:01 +0000] "GET /?channel=bc7937&from=jp.php?id%3D1446162-24076%26name%3D%E3%82%AC%E3%83%B3%E3%83%90%E3%83%AC%E3%82%B8%E3%82%A7%E3%83%B3%E3%82%BA%E3%80%80%E4%BB%AE%E9%9D%A2%E3%83%A9%E3%82%A4%E3%83%80%E3%83%BC%E3%82%BF%E3%82%A4%E3%82%AF%E3%83%BC%E3%83%B3%E3%80%80%E3%83%8B%E3%83%B3%E3%82%B8%E3%83%A3%E3%83%95%E3%82%A9%E3%83%BC%E3%83%A0&g=90272144616201 HTTP/1.1" 200 22735 "-" "Mozilla/5.0 (Linux; Android 10; K) AppleWebKit/537.36 (KHTML, like Gecko) Chrome/122.0.0.0 Mobile Safari/537.36"
66.249.79.198 - - [19/Aug/2025:18:08:32 +0000] "GET /?g=9708764236502&channel=eddb09&from=article.php%3Fid%3D642365-397%26name%3D%E2%9C%B4%EF%B8%8E%EF%BC%88%E7%BE%8E%E5%93%81%EF%BC%89%E3%83%AB%E3%82%A4%E3%83%B4%E3%82%A3%E3%83%88%E3%83%B3+%E3%83%80%E3%83%9F%E3%82%A8+%E3%82%AA%E3%83%A9%E3%83%95pm HTTP/1.1" 200 301519 "-" "Mozilla/5.0 (Linux; Android 6.0.1; Nexus 5X Build/MMB29P) AppleWebKit/537.36 (KHTML, like Gecko) Chrome/138.0.7204.183 Mobile Safari/537.36 (compatible; Googlebot/2.1; +http://www.google.com/bot.html)"
114.119.141.178 - - [19/Aug/2025:18:08:48 +0000] "GET /?g=9864619930301&channel=6c25bc&from=info.php?id%3D199303-8110%26name%3D%E3%83%92%E3%83%AB%E3%82%BA%2B%E3%83%97%E3%83%AA%E3%82%B9%E3%82%AF%E3%83%AA%E3%83%97%E3%82%B7%E3%83%A7%E3%83%B3%E3%83%80%E3%82%A4%E3%82%A8%E3%83%83%E3%83%88%2B%E3%82%AD%E3%83%A3%E3%83%83%E3%83%88%E3%83%95%E3%83%BC%E3%83%89%2B%E3%83%89%E3%83%A9%E3%82%A4%2Bw/d%2B%E3%83%80%E3%83%96%E3%83%AA%E3%83%A5%E3%83%BC%E3%83%87%E3%82%A3%E3%83%BC%2B%E3%83%81%E3%82%AD%E3%83%B3%2B%E6%B6%88%E5%8C%96/%E4%BD%93%E9%87%8D/%E7%B3%96%E5%B0%BF%E7%97%85%E7%AE%A1%E7%90%86%2B%E7%8C%AB%E7%94%A8%2B%E7%89%B9%E5%88%A5%E7%99%82%E6%B3%95%E9%A3%9F%2B4kg HTTP/1.1" 200 22735 "https://ugotechnologies.com/sitemap.xml" "Mozilla/5.0 (Linux; Android 7.0;) AppleWebKit/537.36 (KHTML, like Gecko) Mobile Safari/537.36 (compatible; PetalBot;+https://webmaster.petalsearch.com/site/petalbot)"
66.249.68.37 - - [19/Aug/2025:18:09:27 +0000] "GET /?g=71533100850951&channel=c2f332&from=category-info.php%3Fid%3D1008509-5731%26name%3D%E3%80%8CKELEN+%2F+%E3%82%B1%E3%83%AC%E3%83%B3%E3%80%8D+%E3%83%98%E3%83%A0%E3%83%87%E3%82%B6%E3%82%A4%E3%83%B3%E3%83%91%E3%83%B3%E3%83%84+PAYTON HTTP/1.1" 200 22735 "-" "Mozilla/5.0 (Linux; Android 6.0.1; Nexus 5X Build/MMB29P) AppleWebKit/537.36 (KHTML, like Gecko) Chrome/138.0.7204.183 Mobile Safari/537.36 (compatible; Googlebot/2.1; +http://www.google.com/bot.html)"
114.119.130.154 - - [19/Aug/2025:18:10:09 +0000] "GET /?g=9849065156000&channel=60b99d&from=goods.php?id%3D651560-12065%26name%3D(%E5%8F%96%E5%AF%84)%2B%E3%82%AB%E3%82%B9%E3%83%86%E3%83%AA%2B%E3%83%A1%E3%83%B3%E3%82%BA%2B%E3%83%91%E3%82%BD%E3%82%B9%E3%82%BF%2BFZ%2B%E3%83%AA%E3%83%9F%E3%83%86%E3%83%83%E3%83%89%2B%E3%82%A8%E3%83%87%E3%82%A3%E3%82%B7%E3%83%A7%E3%83%B3%2B%E3%82%B8%E3%83%A3%E3%83%BC%E3%82%B8%2B-%2B%E3%83%A1%E3%83%B3%E3%82%BA%2BCastelli%2Bmen%2BPassista%2BFZ%2BLimited%2BEdition%2BJersey%2B-%2BMen's%2BClay/Belgian%2BBlue/Chartreuse/Chalk HTTP/1.1" 200 22735 "https://ugotechnologies.com/sitemap.xml" "Mozilla/5.0 (Linux; Android 7.0;) AppleWebKit/537.36 (KHTML, like Gecko) Mobile Safari/537.36 (compatible; PetalBot;+https://webmaster.petalsearch.com/site/petalbot)"
66.249.79.198 - - [19/Aug/2025:18:10:23 +0000] "GET /?g=80781131760417&channel=dfbde4&from=news.php%3Fid%3D1317604-5731%26name%3D%EF%BC%BCP10%E5%80%8D+3%E6%9C%8825%E6%97%A5%E3%81%BE%E3%81%A7%EF%BC%81%EF%BC%8F%E3%80%90%E5%85%AC%E5%BC%8F%E3%80%91%E3%80%90SALE%2F30%25OFF%E3%80%91+%E3%83%A9%E3%83%B3%E3%83%90%E3%83%B3+%E3%82%B9%E3%83%9D%E3%83%BC%E3%83%AB+%E3%83%97%E3%83%AA%E3%83%B3%E3%83%88%E3%82%B9%E3%82%AB%E3%83%BC%E3%83%88+%E3%83%AC%E3%83%87%E3%82%A3%E3%83%BC%E3%82%B9+%E3%82%B0%E3%83%A9%E3%83%95%E3%82%A3%E3%83%83%E3%82%AF%E3%83%97%E3%83%AA%E3%83%B3%E3%83%88+%E3%82%B4%E3%83%AB%E3%83%95%E3%82%A6%E3%82%A7%E3%82%A2+%E3%82%B4%E3%83%AB%E3%83%95+%E3%81%8A%E3%81%97%E3%82%83%E3%82%8C+%E3%82%BB%E3%83%BC%E3%83%AB+%E3%82%B9%E3%83%9D%E3%83%BC%E3%83%84+%E3%83%96%E3%83%A9%E3%83%B3%E3%83%89+%E3%82%A6%E3%82%A7%E3%82%A2+2024%E5%B9%B4%E6%98%A5%E5%A4%8F%E3%83%A2%E3%83%87%E3%83%AB+VLX738151N HTTP/1.1" 200 22735 "-" "Mozilla/5.0 (Linux; Android 6.0.1; Nexus 5X Build/MMB29P) AppleWebKit/537.36 (KHTML, like Gecko) Chrome/138.0.7204.183 Mobile Safari/537.36 (compatible; Googlebot/2.1; +http://www.google.com/bot.html)"
66.249.79.198 - - [19/Aug/2025:18:11:18 +0000] "GET /?g=01677116735203&channel=2c3aeb&from=category-info.php%3Fid%3D1167352-12741%26name%3D%E3%80%90%E3%81%8A%E5%8F%96%E3%82%8A%E5%AF%84%E3%81%9B%E3%80%91TONE+%E3%83%84%E3%83%BC%E3%83%AB%E3%82%BB%E3%83%83%E3%83%88+%E5%B7%AE%E8%BE%BC%E8%A7%9212.7mm+62%E7%82%B9%E3%82%BB%E3%83%83%E3%83%88+TSS450BK HTTP/1.1" 200 306806 "-" "Mozilla/5.0 (Linux; Android 6.0.1; Nexus 5X Build/MMB29P) AppleWebKit/537.36 (KHTML, like Gecko) Chrome/138.0.7204.183 Mobile Safari/537.36 (compatible; Googlebot/2.1; +http://www.google.com/bot.html)"
114.119.141.178 - - [19/Aug/2025:18:11:33 +0000] "GET /?g=98478137348400&channel=50fe6f&from=brands.php?id%3D1373484-1193%26name%3DKMC%2BKM549%2BGRS%2B%E3%83%9E%E3%83%83%E3%83%88%E3%83%96%E3%83%A9%E3%83%83%E3%82%AF%2B17%E3%82%A4%E3%83%B3%E3%83%81%E3%82%A2%E3%83%AB%E3%83%9F%E3%83%9B%E3%82%A4%E3%83%BC%E3%83%AB5%E6%9C%AC%E3%82%BB%E3%83%83%E3%83%88%2B%E3%82%B8%E3%83%BC%E3%83%97%2BJK%E3%83%A9%E3%83%B3%E3%82%B0%E3%83%A9%E3%83%BC/%2BJL%E3%83%A9%E3%83%B3%E3%82%B0%E3%83%A9%E3%83%BC/%2BJT%E3%82%B0%E3%83%A9%E3%83%87%E3%82%A3%E3%82%A8%E3%83%BC%E3%82%BF%E3%83%BC HTTP/1.1" 200 22735 "https://ugotechnologies.com/sitemap.xml" "Mozilla/5.0 (Linux; Android 7.0;) AppleWebKit/537.36 (KHTML, like Gecko) Mobile Safari/537.36 (compatible; PetalBot;+https://webmaster.petalsearch.com/site/petalbot)"
66.249.68.38 - - [19/Aug/2025:18:12:13 +0000] "GET /?g=2671442018906&channel=6ae226&from=form.php%3Fid%3D420189-2971%26name%3D%E5%AF%9B%E9%8B%AD+%E5%A0%85%E5%B8%BD%E5%AD%90+%E4%B8%8A+%E5%9B%9B%E3%83%84%E3%82%AB%E3%82%B1+%E6%8E%A7%E3%81%88%E6%9C%89%E3%82%8A+%E8%8C%B6%E8%89%B2+%E9%BB%92%E8%89%B2+%E3%83%95%E3%83%AB%E3%82%AA%E3%83%BC%E3%83%80%E3%83%BC%E8%A3%BD%E4%BD%9C+J-083+%3Cbr%3E%3Cbr%3E+%E3%81%8B%E3%82%93%E3%81%88%E3%81%84+%E9%B9%BF%E9%9D%A9%E8%A3%BD+%E5%BC%93%E9%81%93+%E3%82%86%E3%81%8C%E3%81%91+%E3%81%8B%E3%81%91+%E3%83%A6%E3%82%AC%E3%82%B1+%E5%9B%9B%E3%81%A4%E6%8E%9B%E3%81%91+%E5%9B%9B%E3%83%84%E3%82%AC%E3%82%B1+%EF%BC%94%E6%9C%AC%E6%8C%87+kake+yugake+%E5%BC%93%E5%85%B7+%E5%BC%93%E9%81%93%E5%85%B7++%E5%BC%93%E9%81%93%E9%81%93%E5%85%B7+%E9%80%81%E6%96%99%E7%84%A1%E6%96%99%EF%BC%88%E6%A5%BD%E5%A4%A9%E5%B8%82%E5%A0%B4%E3%80%91%E3%81%B4%E3%81%A3%E3%81%9F%E3%82%8A%E4%B8%8B%E3%82%AB%E3%82%B1+%E5%9B%9B%E3%81%A4+%E5%85%A85%E8%89%B2+%E7%99%BD+%E3%82%B0%E3%83%AC%E3%83%BC+%E7%B4%AB+%E7%B4%BA+%E9%BB%92+%E3%80%90%E3%83%8D%E3%82%B3%E3%83%9D%E3%82%B9%E5%AF%BE%E8%B1%A1%E3%80%91%E4%B8%AD%E3%81%8C%E3%81%91+%E5%86%85%E3%81%8C%E3%81%91+%E4%B8%8B%E3%81%8C%E3%81%91+%E3%82%86%E3%81%8C%E3%81%91+%E3%83%A6%E3%82%AC%E3%82%B1+yugake+%E3%81%8B%E3%81%91+%E5%BC%93%E9%81%93+%E5%BC%93%E5%85%B7++%E5%BC%93%E9%81%93%E7%94%A8+%E5%9B%9B%E6%9C%AC%E6%8C%87+4%E6%9C%AC%E6%8C%87+%E3%82%86%E3%81%8C%E3%81%91%E7%94%A8+%E4%B8%8B%E6%8E%9B%E3%81%91+%E4%B8%8B%E3%82%AB%E3%82%B1+%E4%B8%AD%E3%82%AB%E3%82%B1+%E4%B8%AD%E6%8E%9B%E3%81%91+%E5%86%85%E6%8E%9B%E3%81%91+%E5%86%85%E6%8E%9B%E3%81%91+%E4%B8%8B%E3%81%8B%E3%81%91+%E4%B8%AD%E3%81%8B%E3%81%91+%E5%86%85%E3%81%8B%E3%81%91+%3A+%E5%BC%93%E9%81%93%E5%85%B7%E3%81%AE%E5%B0%82%E9%96%80%E5%BA%97%EF%BC%89 HTTP/1.1" 200 307034 "-" "Mozilla/5.0 (Linux; Android 6.0.1; Nexus 5X Build/MMB29P) AppleWebKit/537.36 (KHTML, like Gecko) Chrome/138.0.7204.183 Mobile Safari/537.36 (compatible; Googlebot/2.1; +http://www.google.com/bot.html)"
157.100.143.14 - - [19/Aug/2025:18:12:35 +0000] "GET /?g=2770610187401&channel=230780&from=category-info.php?id%3D101874-3924%26name%3D%E5%8F%A4%E5%94%90%E6%B4%A5%E7%9A%AE%E9%AF%A8%E5%B9%B3%E7%9B%83+%E6%A1%83%E5%B1%B1%EF%BD%9E%E6%B1%9F%E6%88%B8%E5%88%9D%E6%9C%9F HTTP/1.1" 200 22735 "https://www.ugotechnologies.com/?g=2770610187401&channel=230780&from=category-info.php%3Fid%3D101874-3924%26name%3D%E5%8F%A4%E5%94%90%E6%B4%A5%E7%9A%AE%E9%AF%A8%E5%B9%B3%E7%9B%83+%E6%A1%83%E5%B1%B1%EF%BD%9E%E6%B1%9F%E6%88%B8%E5%88%9D%E6%9C%9F" "Mozilla/5.0 (Windows NT 10.0; Win64; x64) AppleWebKit/537.36 (KHTML, like Gecko) Chrome/135.0.0.0 Safari/537.36"
222.252.147.166 - - [19/Aug/2025:18:12:46 +0000] "GET /?channel=4ccf74&from=form.php?id%3D1457431-679%26name%3D%E5%BE%B3%E5%88%A9+%E5%B0%8F++%E7%9B%8A%E5%AD%90%E7%AB%B9%E4%B8%89%E8%A7%92%3CBR%3E%E7%BE%8E%E6%BF%83%E7%84%BC+%E6%A5%AD%E5%8B%99%E7%94%A8+%E6%97%A5%E6%9C%AC%E9%85%92+%E5%BE%B3%E5%88%A9+%E3%81%A8%E3%81%A3%E3%81%8F%E3%82%8A+%E5%BE%B3%E5%88%A9+%E7%B4%84%E4%B8%80%E5%90%88&g=69239145743108 HTTP/1.1" 200 22735 "-" "Mozilla/5.0 (Windows NT 10.0; Win64; x64) AppleWebKit/537.36 (KHTML, like Gecko) Chrome/121.0.0.0 Safari/537.36 Edg/121.0.0.0"
114.119.150.86 - - [19/Aug/2025:18:12:59 +0000] "GET /?g=9822239908702&channel=50fe6f&from=shop.php?id%3D399087-1193%26name%3DMID%2BEXCLUSIVE/025SV%2B%E3%83%AA%E3%83%BC%E3%83%95%2BZE1%2B%E3%82%A2%E3%83%AB%E3%83%9F%E3%83%9B%E3%82%A4%E3%83%BC%E3%83%AB4%E6%9C%AC%E3%82%BB%E3%83%83%E3%83%88%E3%80%9017%C3%977.0J%2B5-114.3%2BINSET48%2B%E3%83%8F%E3%82%A4%E3%83%91%E3%83%BC%E3%83%A1%E3%82%BF%E3%83%AB%E3%82%B3%E3%83%BC%E3%83%88/%E3%83%96%E3%83%A9%E3%83%83%E3%82%B7%E3%83%A5%E3%83%89/%E3%82%A2%E3%83%B3%E3%83%80%E3%83%BC%E3%82%AB%E3%83%83%E3%83%88%E3%80%91 HTTP/1.1" 200 22735 "https://ugotechnologies.com/sitemap.xml" "Mozilla/5.0 (Linux; Android 7.0;) AppleWebKit/537.36 (KHTML, like Gecko) Mobile Safari/537.36 (compatible; PetalBot;+https://webmaster.petalsearch.com/site/petalbot)"
66.249.79.198 - - [19/Aug/2025:18:13:09 +0000] "GET /?g=8741143184107&channel=c735a3&from=info.php%3Fid%3D431841-7178%26name%3D%E3%80%90%E6%9C%80%E7%9F%AD%E7%BF%8C%E6%97%A5%E7%99%BA%E9%80%81%E3%80%91TSi2+%7C+15+%7C+S+%7C+%E3%83%87%E3%82%A3%E3%82%A2%E3%83%9E%E3%83%8APD50+%7C+%E4%B8%AD%E5%8F%A4+%7C+%E3%83%95%E3%82%A7%E3%82%A2%E3%82%A6%E3%82%A7%E3%82%A4%E3%82%A6%E3%83%83%E3%83%89+%7C+%E3%82%BF%E3%82%A4%E3%83%88%E3%83%AA%E3%82%B9%E3%83%88 HTTP/1.1" 200 303231 "-" "Mozilla/5.0 (Linux; Android 6.0.1; Nexus 5X Build/MMB29P) AppleWebKit/537.36 (KHTML, like Gecko) Chrome/138.0.7204.183 Mobile Safari/537.36 (compatible; Googlebot/2.1; +http://www.google.com/bot.html)"
104.28.99.214 - - [19/Aug/2025:18:13:10 +0000] "GET /?g=1641214502600&channel=f1dde9&from=article.php%3Fid%3D145026-757%26name%3D%E2%98%85%E3%82%B8%E3%83%A2%E3%83%86%E3%82%A3%E5%89%B2%E3%81%82%E3%82%8A%E2%98%85+%E3%83%9E%E3%82%AF%E3%82%B9%E3%82%BC%E3%83%B3+%E6%B4%97%E6%BF%AF%E6%A9%9F%E3%80%80JW90WP1+9kg+%E5%B9%B4%E5%BC%8F2021+%E5%8B%95%E4%BD%9C%E7%A2%BA%E8%AA%8D%EF%BC%8F%E3%82%AF%E3%83%AA%E3%83%BC%E3%83%8B%E3%83%B3%E3%82%B0%E6%B8%88%E3%81%BF+KJ7769 HTTP/1.1" 200 261 "https://www.google.com/" "Mozilla/5.0 (iPhone; CPU iPhone OS 18_6_1 like Mac OS X) AppleWebKit/605.1.15 (KHTML, like Gecko) Version/18.6 Mobile/15E148 Safari/604.1"
104.28.99.214 - - [19/Aug/2025:18:13:36 +0000] "GET /?g=709812780400&channel=d11aae&from=blog.php%3Fid%3D27804-1734%26name%3D%E3%82%B3%E3%83%AD%E3%83%B3%E6%A7%98%E5%B0%82%E7%94%A8%E3%80%80ebure+%E3%82%A8%E3%83%96%E3%83%BC%E3%83%AB++%E3%83%AF%E3%83%B3%E3%83%94%E3%83%BC%E3%82%B9 HTTP/1.1" 200 260 "https://www.google.com/" "Mozilla/5.0 (iPhone; CPU iPhone OS 18_6_1 like Mac OS X) AppleWebKit/605.1.15 (KHTML, like Gecko) Version/18.6 Mobile/15E148 Safari/604.1"
66.249.68.38 - - [19/Aug/2025:18:14:03 +0000] "GET /?g=72092105605008&channel=c96494&from=pin.php%3Fid%3D1056050-13182%26name%3DEMU+Australia+%E9%BB%92+%E3%83%A2%E3%82%AB%E3%82%B7%E3%83%B3+W8+M7 HTTP/1.1" 200 22735 "-" "Mozilla/5.0 (Linux; Android 6.0.1; Nexus 5X Build/MMB29P) AppleWebKit/537.36 (KHTML, like Gecko) Chrome/138.0.7204.183 Mobile Safari/537.36 (compatible; Googlebot/2.1; +http://www.google.com/bot.html)"
114.119.151.93 - - [19/Aug/2025:18:14:22 +0000] "GET /?g=98211102972200&channel=109507&from=shared.php?id%3D1029722-5336%26name%3D%E3%82%B5%E3%82%B9%E3%83%9A%E3%83%B3%E3%82%B7%E3%83%A7%E3%83%B3%2B%E3%83%95%E3%82%A3%E3%83%83%E3%83%88%2BGD1%2B1300%2BNA%2B%5B16/6%E3%80%9C%5D%2BRSR%2BDOWN%2B%E3%83%AA%E3%82%A2%E3%81%AE%E3%81%BF HTTP/1.1" 200 22735 "https://ugotechnologies.com/sitemap.xml" "Mozilla/5.0 (Linux; Android 7.0;) AppleWebKit/537.36 (KHTML, like Gecko) Mobile Safari/537.36 (compatible; PetalBot;+https://webmaster.petalsearch.com/site/petalbot)"
45.235.217.53 - - [19/Aug/2025:18:14:25 +0000] "GET /?channel=716429&from=shared.php?id%3D1631557-7217%26name%3D%E9%9B%BB%E6%B1%A0%E7%84%A1%E3%81%8F%E3%81%AA%E3%81%A3%E3%81%A6%E3%81%84%E3%81%BE%E3%81%99%E3%81%97%E3%81%BE%E3%81%86%E6%99%82%E3%81%A1%E3%82%87%E3%81%A3%E3%81%A8%E3%81%A7%E3%81%8D%E3%81%9F%E3%82%8A%E3%81%A7%E3%81%8D%E3%81%AA%E3%81%8B%E3%81%A3%E3%81%9F%E3%82%8A%E3%81%9D%E3%82%8C%E3%81%A7%E3%82%82&g=25848163155700 HTTP/1.1" 200 22735 "-" "Mozilla/5.0 (iPhone; CPU iPhone OS 17_0 like Mac OS X) AppleWebKit/605.1.15 (KHTML, like Gecko) EdgiOS/116.0.1938.56 Version/17.0 Mobile/15E148 Safari/604.1"
66.249.79.198 - - [19/Aug/2025:18:14:57 +0000] "GET /?g=1327926081901&channel=f6919c&from=info.php%3Fid%3D260819-8885%26name%3DDIXCEL+%E3%83%87%E3%82%A3%E3%82%AF%E3%82%BB%E3%83%AB+%E3%83%96%E3%83%AC%E3%83%BC%E3%82%AD%E3%83%91%E3%83%83%E3%83%89+Z%E3%82%BF%E3%82%A4%E3%83%97+%E3%83%AA%E3%82%A2+%E3%82%B0%E3%83%AA%E3%83%BC%E3%82%B9%E4%BB%98%E3%81%8D+VOLKSWAGEN+%E3%83%95%E3%82%A9%E3%83%AB%E3%82%AF%E3%82%B9%E3%83%AF%E3%83%BC%E3%82%B2%E3%83%B3+T5+MULTIVAN+2.0+16V+DT+1353326+Z HTTP/1.1" 200 309552 "-" "Mozilla/5.0 (Linux; Android 6.0.1; Nexus 5X Build/MMB29P) AppleWebKit/537.36 (KHTML, like Gecko) Chrome/138.0.7204.183 Mobile Safari/537.36 (compatible; Googlebot/2.1; +http://www.google.com/bot.html)"
114.119.130.154 - - [19/Aug/2025:18:15:46 +0000] "GET /?g=9817842900901&channel=fa859a&from=blog.php?id%3D429009-9267%26name%3D5%E5%80%8B%E3%82%BB%E3%83%83%E3%83%88%2B%E9%85%92%E5%99%A8%2B%E5%A4%A2%E9%A2%A8%E8%88%B9%E9%A3%9F%E5%89%8D%E9%85%92%2B%5B5.8%2Bx%2B7cm%2B80cc%5D%2B%7C%2B%E3%81%90%E3%81%84%E9%A3%B2%E3%81%BF%2B%E3%81%8A%E3%81%A1%E3%82%87%E3%81%93%2B%E3%81%8A%E7%8C%AA%E5%8F%A3%2B%E7%9B%83%2B%E7%86%B1%E7%87%97%2B%E5%86%B7%E9%85%92%2B%E3%81%8A%E9%85%92%2B%E6%97%A5%E6%9C%AC%E9%85%92%2B%E3%83%90%E3%83%BC%2Bbar%2B%E6%99%A9%E9%85%8C%2B%E4%BA%BA%E6%B0%97%2B%E3%81%8A%E3%81%99%E3%81%99%E3%82%81%2B%E9%A3%9F%E5%99%A8%2B%E6%A5%AD%E5%8B%99%E7%94%A8%2B%E9%A3%B2%E9%A3%9F%E5%BA%97%2B%E3%82%AB%E3%83%95%E3%82%A7%2B%E3%81%86%E3%81%A4%E3%82%8F%2B%E5%99%A8%2B%E3%81%8A%E3%81%97%E3%82%83%E3%82%8C%2B%E3%81%8B%E3%82%8F%E3%81%84%E3%81%84%2B%E3%82%AE%E3%83%95%E3%83%88%2B%E3%83%97%E3%83%AC%E3%82%BC%E3%83%B3%E3%83%88%2B%E5%BC%95%E3%81%8D%E5%87%BA%E7%89%A9%2B%E8%AA%95%E7%94%9F%E6%97%A5%2B%E8%B4%88%E3%82%8A%E7%89%A9%2B%E8%B4%88%E7%AD%94%E5%93%81%2B%E9%A3%9F%E5%99%A8%E3%82%BB%E3%83%83%E3%83%88 HTTP/1.1" 200 22735 "https://ugotechnologies.com/sitemap.xml" "Mozilla/5.0 (Linux; Android 7.0;) AppleWebKit/537.36 (KHTML, like Gecko) Mobile Safari/537.36 (compatible; PetalBot;+https://webmaster.petalsearch.com/site/petalbot)"
66.249.79.198 - - [19/Aug/2025:18:15:50 +0000] "GET /?g=21464147120201&channel=c44767&from=news.php%3Fid%3D1471202-1196%26name%3Dttomoviba%E6%A7%98%E5%B0%82%E7%94%A8%E2%98%85%E7%B6%BA%E9%BA%97%E2%98%86++%E6%96%B0%E7%94%9F%E5%85%90OK%E2%98%86+%E3%83%88%E3%83%A8%E3%82%BF%E7%B4%94%E6%AD%A3%E5%93%81%EF%BC%882%E6%9E%9Aset+NSZT-Y68T+%E3%83%88%E3%83%A8%E3%82%BF9%E3%82%A4%E3%83%B3%E3%83%81%E7%B4%94%E6%AD%A3%E3%83%8A%E3%83%93%E3%82%B2%E3%83%BC%E3%82%B7%E3%83%A7%E3%83%B3%E5%B0%82%E7%94%A8%E3%83%95%E3%82%A3%E3%83%AB%E3%83%A0+CH-R+RAV4+GR86+%E3%83%97%E3%83%AA%E3%82%A6%E3%82%B9+%E3%82%A2%E3%82%AF%E3%82%A2+%E3%82%A2%E3%83%AB%E3%83%95%E3%82%A1%E3%83%BC%E3%83%89+%E3%83%B4%E3%82%A9%E3%82%AF%E3%82%B7%E3%83%BC++%E3%82%BF%E3%83%B3%E3%82%AF+%E3%83%AB%E3%83%BC%E3%83%9F%E3%83%BC+%E3%82%AB%E3%83%AD%E3%83%BC%E3%83%A9%E7%AD%89+%3A+%E3%82%B8%E3%83%A3%E3%82%B9%E3%83%93%E3%83%BC+-+%E9%80%9A%E8%B2%A9+-+Yahoo%21%E3%82%B7%E3%83%A7%E3%83%83%E3%83%94%E3%83%B3%E3%82%B0%EF%BC%89 HTTP/1.1" 200 302934 "-" "Mozilla/5.0 (Linux; Android 6.0.1; Nexus 5X Build/MMB29P) AppleWebKit/537.36 (KHTML, like Gecko) Chrome/138.0.7204.183 Mobile Safari/537.36 (compatible; Googlebot/2.1; +http://www.google.com/bot.html)"
66.249.79.198 - - [19/Aug/2025:18:16:43 +0000] "GET /?g=98714118267100&channel=7ce312&from=form.php%3Fid%3D1182671-489%26name%3D%E3%81%BE%E3%81%B7%E3%82%81%E3%82%8B%E6%A7%98%E5%B0%82%E7%94%A8+ANNA+SUI+%E3%83%90%E3%82%BF%E3%83%95%E3%83%A9%E3%82%A4%26%E3%83%99%E3%83%93%E3%83%BC%E3%83%AA%E3%83%B3%E3%82%B0%E3%83%81%E3%83%A3%E3%83%BC%E3%83%A02%E6%9C%AC%E3%82%BB%E3%83%83%E3%83%88 HTTP/1.1" 200 308017 "-" "Mozilla/5.0 (Linux; Android 6.0.1; Nexus 5X Build/MMB29P) AppleWebKit/537.36 (KHTML, like Gecko) Chrome/138.0.7204.183 Mobile Safari/537.36 (compatible; Googlebot/2.1; +http://www.google.com/bot.html)"
114.119.136.30 - - [19/Aug/2025:18:17:08 +0000] "GET /?g=98108142023701&channel=7df705&from=info.php?id%3D1420237-484%26name%3D%E7%B4%94%E6%AD%A3%E3%83%86%E3%83%BC%E3%83%AB%E3%83%A9%E3%83%B3%E3%83%97 HTTP/1.1" 200 22735 "https://ugotechnologies.com/sitemap.xml" "Mozilla/5.0 (Linux; Android 7.0;) AppleWebKit/537.36 (KHTML, like Gecko) Mobile Safari/537.36 (compatible; PetalBot;+https://webmaster.petalsearch.com/site/petalbot)"
216.73.216.38 - - [19/Aug/2025:18:17:13 +0000] "GET /robots.txt HTTP/1.1" 200 22735 "-" "Mozilla/5.0 AppleWebKit/537.36 (KHTML, like Gecko; compatible; ClaudeBot/1.0; +claudebot@anthropic.com)"
216.73.216.38 - - [19/Aug/2025:18:17:15 +0000] "GET /sitemap.xml HTTP/1.1" 200 22735 "-" "Mozilla/5.0 AppleWebKit/537.36 (KHTML, like Gecko; compatible; ClaudeBot/1.0; +claudebot@anthropic.com)"
66.249.79.198 - - [19/Aug/2025:18:18:11 +0000] "GET /?g=49287115381703&channel=37bf51&from=shared.php%3Fid%3D1153817-7673%26name%3DTHE+NORTH+FACE%E3%83%8E%E3%83%BC%E3%82%B9%E3%83%95%E3%82%A7%E3%82%A4%E3%82%B9+%E3%82%B9%E3%82%AB%E3%82%A4%E3%82%A6%E3%82%A7%E3%82%A4%E3%82%AB%E3%83%BC%E3%83%95%E3%83%BC%E3%83%87%E3%82%A3%E3%83%AC%E3%83%87%E3%82%A3%E3%83%BC%E3%82%B9M HTTP/1.1" 200 22735 "-" "Mozilla/5.0 (Linux; Android 6.0.1; Nexus 5X Build/MMB29P) AppleWebKit/537.36 (KHTML, like Gecko) Chrome/138.0.7204.183 Mobile Safari/537.36 (compatible; Googlebot/2.1; +http://www.google.com/bot.html)"
17.241.219.74 - - [19/Aug/2025:18:18:20 +0000] "GET /komatik-a-bastard-of HTTP/1.1" 200 22735 "-" "Mozilla/5.0 (Macintosh; Intel Mac OS X 10_15_7) AppleWebKit/605.1.15 (KHTML, like Gecko) Version/17.4 Safari/605.1.15 (Applebot/0.1; +http://www.apple.com/go/applebot)"
45.162.91.1 - - [19/Aug/2025:18:18:23 +0000] "GET /?channel=6a7356&from=info.php?id%3D918633-7672%26name%3D%E3%82%AF%E3%83%A9%E3%83%8D+CLANE+%E3%82%AB%E3%83%A9%E3%83%BC%E3%83%80%E3%82%A6%E3%83%B3%E3%83%81%E3%82%A7%E3%82%B9%E3%82%BF%E3%83%BC%E3%82%B3%E3%83%BC%E3%83%88&g=3512091863300 HTTP/1.1" 200 22735 "-" "Mozilla/5.0 (iPad; CPU OS 17_0_3 like Mac OS X) AppleWebKit/605.1.15 (KHTML, like Gecko) Version/17.0.1 Mobile/15E148 Safari/604.1"
114.119.141.178 - - [19/Aug/2025:18:18:31 +0000] "GET /?g=9809613127100&channel=3bbab7&from=blog.php?id%3D131271-6049%26name%3D%E3%80%90%E4%B8%AD%E5%8F%A4%E3%80%91(%E6%9C%AA%E4%BD%BF%E7%94%A8%EF%BD%A5%E6%9C%AA%E9%96%8B%E5%B0%81%E5%93%81)%E3%80%80%E6%96%B0%E8%88%88%E8%A3%BD%E4%BD%9C%E6%89%80%2B%E3%82%AB%E3%83%BC%E3%83%9C%E3%83%B3%E3%83%96%E3%83%A9%E3%82%B7%2B6%C3%974%C3%97%E9%95%B7%E3%81%9510mm(CIDS-144W%E7%94%A8)%2B60wa65s HTTP/1.1" 200 22735 "https://ugotechnologies.com/sitemap.xml" "Mozilla/5.0 (Linux; Android 7.0;) AppleWebKit/537.36 (KHTML, like Gecko) Mobile Safari/537.36 (compatible; PetalBot;+https://webmaster.petalsearch.com/site/petalbot)"
66.249.79.198 - - [19/Aug/2025:18:19:12 +0000] "GET /?g=2074792638603&channel=be8f2c&from=form.php%3Fid%3D926386-900%26name%3D245%2F45R20+103H+XL+%E3%83%94%E3%83%AC%E3%83%AA+%E3%82%A2%E3%82%A4%E3%82%B9%E3%82%BC%E3%83%AD+%E3%82%A2%E3%82%B7%E3%83%B3%E3%83%A1%E3%83%88%E3%83%AA%E3%82%B3+%E6%AD%A3%E8%A6%8F%E5%93%81+%E3%83%AF%E3%83%BC%E3%82%AF+%E3%82%B0%E3%83%8E%E3%83%BC%E3%82%B7%E3%82%B9+CVS+PP2+20-8.5J+%E5%9B%BD%E7%94%A3%E8%BB%8A%E7%94%A8+%E3%82%B9%E3%82%BF%E3%83%83%E3%83%89%E3%83%AC%E3%82%B9%E3%82%BF%E3%82%A4%E3%83%A4%E3%83%9B%E3%82%A4%E3%83%BC%E3%83%AB4%E6%9C%AC%E3%82%BB%E3%83%83%E3%83%88 HTTP/1.1" 200 313497 "-" "Mozilla/5.0 (Linux; Android 6.0.1; Nexus 5X Build/MMB29P) AppleWebKit/537.36 (KHTML, like Gecko) Chrome/138.0.7204.183 Mobile Safari/537.36 (compatible; Googlebot/2.1; +http://www.google.com/bot.html)"
114.119.136.30 - - [19/Aug/2025:18:19:56 +0000] "GET /?g=98093163343308&channel=912b50&from=jp.php?id%3D1633433-5898%26name%3D%E3%83%A9%E3%82%A4%E3%83%B3%E3%83%89%E3%83%AC%E3%83%BC%E3%83%97%2B%E7%B8%A6%E5%9E%8B%E3%83%96%E3%83%A9%E3%82%A4%E3%83%B3%E3%83%89%2B%E7%84%A1%E5%9C%B0%2BLD-7241%E3%80%9C7249%2B%E3%83%9E%E3%82%AB%E3%83%AD%E3%83%B3%E3%83%A9%E3%83%86%E9%81%AE%E7%86%B1%2B%E3%82%A6%E3%82%A9%E3%83%83%E3%82%B7%E3%83%A3%E3%83%96%E3%83%AB%2B%E3%82%B9%E3%83%A9%E3%83%83%E3%83%88%E5%B9%85100mm%2B%E3%83%90%E3%83%88%E3%83%B3%E6%93%8D%E4%BD%9C%2B%E5%B9%85320%EF%BD%98%E9%AB%98%E3%81%95260cm%E3%81%BE%E3%81%A7 HTTP/1.1" 200 22735 "https://ugotechnologies.com/sitemap.xml" "Mozilla/5.0 (Linux; Android 7.0;) AppleWebKit/537.36 (KHTML, like Gecko) Mobile Safari/537.36 (compatible; PetalBot;+https://webmaster.petalsearch.com/site/petalbot)"
