114.119.150.86 - - [20/Aug/2025:00:47:05 +0000] "GET /?g=744882045405&channel=16bea8&from=blog.php?id%3D20454-2850%26name%3DHP%2B%E3%83%8E%E3%83%BC%E3%83%88%E3%83%91%E3%82%BD%E3%82%B3%E3%83%B3%2B15.6%E3%82%A4%E3%83%B3%E3%83%81HD%E3%82%B9%E3%82%AF%E3%83%AA%E3%83%BC%E3%83%B3%2BIntel%2BPentium%2BSilver%2BN5030%2B16GB%2BRAM%2B1TB HTTP/1.1" 200 22735 "https://ugotechnologies.com/sitemap.xml" "Mozilla/5.0 (Linux; Android 7.0;) AppleWebKit/537.36 (KHTML, like Gecko) Mobile Safari/537.36 (compatible; PetalBot;+https://webmaster.petalsearch.com/site/petalbot)"
66.249.79.198 - - [20/Aug/2025:00:47:23 +0000] "GET /?g=89080143319105&channel=be8f2c&from=article.php%3Fid%3D1433191-900%26name%3D%E3%80%906%2F22+20%E6%99%82%E3%80%9C+%E5%85%A8%E5%93%81P5%E5%80%8D%EF%BC%86%E3%82%AF%E3%83%BC%E3%83%9D%E3%83%B3%E3%80%91%E3%82%B9%E3%82%BA%E3%82%AD+%E3%82%B8%E3%83%A0%E3%83%8B%E3%83%BC%E3%83%8E%E3%83%9E%E3%83%89%28JC74W%29%E7%94%A8+2024%E5%B9%B4%E8%A3%BD+225%2F75R16+118%2F116L+%E3%83%A8%E3%82%B3%E3%83%8F%E3%83%9E+%E3%82%A2%E3%82%A4%E3%82%B9%E3%82%AC%E3%83%BC%E3%83%89+IG91+for+VAN+%E3%83%89%E3%82%A5%E3%82%AA%E3%83%BC%E3%83%AB+CST+%E3%82%BC%E3%83%AD%E3%83%AF%E3%83%B3%E3%83%8F%E3%82%A4%E3%83%91%E3%83%BC+%2BJ+%E9%8B%B3%E5%87%BA%E3%81%97%E3%83%AD%E3%82%B4+GBK+%E6%96%B0%E5%93%81%E3%82%B9%E3%82%BF%E3%83%83%E3%83%89%E3%83%AC%E3%82%B9%E3%82%BF%E3%82%A4%E3%83%A4%E3%83%9B%E3%82%A4%E3%83%BC%E3%83%AB+4%E6%9C%AC%E3%82%BB%E3%83%83%E3%83%88 HTTP/1.1" 200 319065 "-" "Mozilla/5.0 (Linux; Android 6.0.1; Nexus 5X Build/MMB29P) AppleWebKit/537.36 (KHTML, like Gecko) Chrome/138.0.7204.183 Mobile Safari/537.36 (compatible; Googlebot/2.1; +http://www.google.com/bot.html)"
66.249.68.39 - - [20/Aug/2025:00:48:12 +0000] "GET /?g=76778122168710&channel=43cc23&from=form.php%3Fid%3D1221687-412%26name%3DTaylorMade+SIM2+MAX+%E3%83%89%E3%83%A9%E3%82%A4%E3%83%90%E3%83%BC HTTP/1.1" 200 296388 "-" "Mozilla/5.0 (Linux; Android 6.0.1; Nexus 5X Build/MMB29P) AppleWebKit/537.36 (KHTML, like Gecko) Chrome/138.0.7204.183 Mobile Safari/537.36 (compatible; Googlebot/2.1; +http://www.google.com/bot.html)"
114.119.130.154 - - [20/Aug/2025:00:48:30 +0000] "GET /?g=7446164653003&channel=0fba7a&from=jp.php?id%3D646530-4959%26name%3DUS%E3%83%98%E3%83%83%E3%83%89%E3%83%A9%E3%82%A4%E3%83%88%2B68214396AD%2BCH2503270%E3%83%98%E3%83%83%E3%83%89%E3%83%A9%E3%82%A4%E3%83%88%E3%83%A9%E3%83%B3%E3%83%97%E5%8F%B3%E5%81%B4%E3%81%AE%E4%B9%97%E5%AE%A2RH%E5%85%85%E9%9B%BB%E5%99%A8%2B68214396AD%2BCH2503270%2BHeadlight%2BLamp%2BRight%2BHand%2BSide%2BPassenger%2BRH%2Bfor%2BCharger HTTP/1.1" 200 22735 "https://ugotechnologies.com/sitemap.xml" "Mozilla/5.0 (Linux; Android 7.0;) AppleWebKit/537.36 (KHTML, like Gecko) Mobile Safari/537.36 (compatible; PetalBot;+https://webmaster.petalsearch.com/site/petalbot)"
66.249.79.198 - - [20/Aug/2025:00:48:59 +0000] "GET /?g=1883080981700&channel=df407a&from=brands.php%3Fid%3D809817-769%26name%3D%E3%80%90%E4%B8%AD%E5%8F%A4%E3%80%91BOSE+QuietComfort+Ultra+Earbuds+%5B%E3%83%96%E3%83%A9%E3%83%83%E3%82%AF%5D%E3%80%90%E7%94%BA%E7%94%B0%E3%80%91%E4%BF%9D%E8%A8%BC%E6%9C%9F%E9%96%93%EF%BC%91%E3%83%B6%E6%9C%88%E3%80%90%E3%83%A9%E3%83%B3%E3%82%AFA%E3%80%91 HTTP/1.1" 200 305495 "-" "Mozilla/5.0 (Linux; Android 6.0.1; Nexus 5X Build/MMB29P) AppleWebKit/537.36 (KHTML, like Gecko) Chrome/138.0.7204.183 Mobile Safari/537.36 (compatible; Googlebot/2.1; +http://www.google.com/bot.html)"
66.249.79.198 - - [20/Aug/2025:00:49:45 +0000] "GET /?g=47209109398102&channel=39f56c&from=category-info.php%3Fid%3D1093981-6783%26name%3D%E4%BA%BA%E6%AF%9B+%E3%82%A6%E3%82%A3%E3%83%83%E3%82%B0+%E3%82%B5%E3%83%A9%E3%83%84%E3%83%A4+%E3%82%B7%E3%83%A7%E3%83%BC%E3%83%88%E3%83%9C%E3%83%96+RY30 HTTP/1.1" 200 299328 "-" "Mozilla/5.0 (Linux; Android 6.0.1; Nexus 5X Build/MMB29P) AppleWebKit/537.36 (KHTML, like Gecko) Chrome/138.0.7204.183 Mobile Safari/537.36 (compatible; Googlebot/2.1; +http://www.google.com/bot.html)"
114.119.130.154 - - [20/Aug/2025:00:49:53 +0000] "GET /?g=74385101484403&channel=50fe6f&from=shop.php?id%3D1014844-1193%26name%3DOZ%E3%83%AC%E3%83%BC%E3%82%B7%E3%83%B3%E3%82%B0%2BHyperXT%2BHLT%2B%E3%82%B0%E3%83%AD%E3%82%B9%E3%83%96%E3%83%A9%E3%83%83%E3%82%AF%2B21%E3%82%A4%E3%83%B3%E3%83%81%2B5H112%2B10.5J%2B20%2B1%E6%9C%AC%2B%E6%A5%AD%E8%B2%A94%E6%9C%AC%E8%B3%BC%E5%85%A5%E3%81%A7%E9%80%81%E6%96%99%E7%84%A1%E6%96%99 HTTP/1.1" 200 22735 "https://ugotechnologies.com/sitemap.xml" "Mozilla/5.0 (Linux; Android 7.0;) AppleWebKit/537.36 (KHTML, like Gecko) Mobile Safari/537.36 (compatible; PetalBot;+https://webmaster.petalsearch.com/site/petalbot)"
66.249.68.37 - - [20/Aug/2025:00:50:30 +0000] "GET /?g=50510191013604&channel=ec6296&from=article.php%3Fid%3D1910136-22494%26name%3D%E3%82%B9%E3%83%86%E3%82%A2%E3%83%AA%E3%83%B3%E3%82%B0%E3%82%B3%E3%83%A9%E3%83%A0%E3%82%B9%E3%82%A4%E3%83%83%E3%83%81+Compatible++With+Primastar+2001-2014+%E3%82%A4%E3%83%B3%E3%82%B8%E3%82%B1%E3%83%BC%E3%82%BF%E3%83%BC%E3%83%A9%E3%82%A4%E3%83%88%E3%82%BF%E3%83%BC%E3%83%B3%E3%82%B7%E3%82%B0%E3%83%8A%EF%BC%88Compatible+With+Pathfinder+1996-2001+%E3%82%BF%E3%83%BC%E3%83%B3%E3%82%B7%E3%82%B0%E3%83%8A%E3%83%AB%E3%82%B9%E3%82%A4%E3%83%83%E3%83%81+%E3%82%B9%E3%83%86%E3%82%A2%E3%83%AA%E3%83%B3%E3%82%B0%E3%82%B3%E3%83%A9%E3%83%A0%E3%82%A4%E3%83%B3%E3%82%B8%E3%82%B1%E3%83%BC%E3%82%BF%E3%83%BC%E3%83%A9%EF%BC%88%E8%BB%8A%E3%81%AE+%E3%82%BF%E3%83%BC%E3%83%B3%E3%82%B7%E3%82%B0%E3%83%8A%E3%83%AB%E3%82%B9%E3%82%A4%E3%83%83%E3%83%81%E3%80%81%E3%81%AB%E9%81%A9%E7%94%A8%E3%81%99%E3%82%8B%E6%97%A5%E7%94%A3%E3%83%91%E3%82%B9%E3%83%95%E3%82%A1%E3%82%A4%E3%83%B3%E3%83%80%E3%83%BC%E3%83%9E%E3%82%AD%E3%82%B7%E3%83%9E+1996-2001+%E7%AD%89%E3%81%97%E3%81%8F+255400W000+%E3%80%81%EF%BC%89%EF%BC%89 HTTP/1.1" 200 22735 "-" "Mozilla/5.0 (Linux; Android 6.0.1; Nexus 5X Build/MMB29P) AppleWebKit/537.36 (KHTML, like Gecko) Chrome/138.0.7204.183 Mobile Safari/537.36 (compatible; Googlebot/2.1; +http://www.google.com/bot.html)"
66.249.68.37 - - [20/Aug/2025:00:51:16 +0000] "GET /css/animate.css HTTP/1.1" 200 73008 "https://www.ugotechnologies.com/?g=50510191013604&channel=ec6296&from=article.php%3Fid%3D1910136-22494%26name%3D%E3%82%B9%E3%83%86%E3%82%A2%E3%83%AA%E3%83%B3%E3%82%B0%E3%82%B3%E3%83%A9%E3%83%A0%E3%82%B9%E3%82%A4%E3%83%83%E3%83%81+Compatible++With+Primastar+2001-2014+%E3%82%A4%E3%83%B3%E3%82%B8%E3%82%B1%E3%83%BC%E3%82%BF%E3%83%BC%E3%83%A9%E3%82%A4%E3%83%88%E3%82%BF%E3%83%BC%E3%83%B3%E3%82%B7%E3%82%B0%E3%83%8A%EF%BC%88Compatible+With+Pathfinder+1996-2001+%E3%82%BF%E3%83%BC%E3%83%B3%E3%82%B7%E3%82%B0%E3%83%8A%E3%83%AB%E3%82%B9%E3%82%A4%E3%83%83%E3%83%81+%E3%82%B9%E3%83%86%E3%82%A2%E3%83%AA%E3%83%B3%E3%82%B0%E3%82%B3%E3%83%A9%E3%83%A0%E3%82%A4%E3%83%B3%E3%82%B8%E3%82%B1%E3%83%BC%E3%82%BF%E3%83%BC%E3%83%A9%EF%BC%88%E8%BB%8A%E3%81%AE+%E3%82%BF%E3%83%BC%E3%83%B3%E3%82%B7%E3%82%B0%E3%83%8A%E3%83%AB%E3%82%B9%E3%82%A4%E3%83%83%E3%83%81%E3%80%81%E3%81%AB%E9%81%A9%E7%94%A8%E3%81%99%E3%82%8B%E6%97%A5%E7%94%A3%E3%83%91%E3%82%B9%E3%83%95%E3%82%A1%E3%82%A4%E3%83%B3%E3%83%80%E3%83%BC%E3%83%9E%E3%82%AD%E3%82%B7%E3%83%9E+1996-2001+%E7%AD%89%E3%81%97%E3%81%8F+255400W000+%E3%80%81%EF%BC%89%EF%BC%89" "Mozilla/5.0 (Linux; Android 6.0.1; Nexus 5X Build/MMB29P) AppleWebKit/537.36 (KHTML, like Gecko) Chrome/138.0.7204.183 Mobile Safari/537.36 (compatible; Googlebot/2.1; +http://www.google.com/bot.html)"
114.119.141.178 - - [20/Aug/2025:00:51:16 +0000] "GET /?g=74322137114607&channel=f5cf63&from=jp.php?id%3D1371146-1140%26name%3D%E3%83%88%E3%83%A8%E3%82%BF%2BGR%E3%83%A4%E3%83%AA%E3%82%B9(PA%E7%B3%BB)%E7%94%A8%2B235/40R18%2B95Y%2BXL%2B%E3%82%B0%E3%83%83%E3%83%89%E3%82%A4%E3%83%A4%E3%83%BC%2B%E3%82%A4%E3%83%BC%E3%82%B0%E3%83%AB%2BF1%2B%E3%82%A2%E3%82%B7%E3%83%A1%E3%83%88%E3%83%AA%E3%83%83%E3%82%AF6%2B%23%2BBBS%2BRI-A%2BMGR%2B%E6%96%B0%E5%93%81%E3%82%B5%E3%83%9E%E3%83%BC%E3%82%BF%E3%82%A4%E3%83%A4%E3%83%9B%E3%82%A4%E3%83%BC%E3%83%AB%2B4%E6%9C%AC%E3%82%BB%E3%83%83%E3%83%88 HTTP/1.1" 200 22735 "https://ugotechnologies.com/sitemap.xml" "Mozilla/5.0 (Linux; Android 7.0;) AppleWebKit/537.36 (KHTML, like Gecko) Mobile Safari/537.36 (compatible; PetalBot;+https://webmaster.petalsearch.com/site/petalbot)"
66.249.68.37 - - [20/Aug/2025:00:51:57 +0000] "GET /?g=64702124012708&channel=ea73f1&from=goods.php%3Fid%3D1240127-10273%26name%3D%E3%83%86%E3%83%BC%E3%83%A9%E3%83%BC%E3%83%A1%E3%82%A4%E3%83%89%E3%80%80SPEEDER%E3%80%80NX+BLACK%E3%80%8060 HTTP/1.1" 200 22735 "-" "Mozilla/5.0 (Linux; Android 6.0.1; Nexus 5X Build/MMB29P) AppleWebKit/537.36 (KHTML, like Gecko) Chrome/138.0.7204.183 Mobile Safari/537.36 (compatible; Googlebot/2.1; +http://www.google.com/bot.html)"
114.119.141.178 - - [20/Aug/2025:00:52:41 +0000] "GET /?g=7392214686601&channel=07e364&from=news.php?id%3D146866-1930%26name%3D%E3%80%90%E6%96%B0%E5%93%81%E3%83%BB7%E5%96%B6%E6%A5%AD%E6%97%A5%E4%BB%A5%E5%86%85%E7%99%BA%E9%80%81%E3%80%91%EF%BC%B4%EF%BC%B2%EF%BC%B5%EF%BC%B3%EF%BC%A3%EF%BC%AF%2BGP-100TMJA-10P%EF%BC%8880%EF%BC%89%2B%E3%81%BE%E3%81%A8%E3%82%81%E8%B2%B7%E3%81%84%2B%E3%83%88%E3%82%AF%E3%83%9E%E3%83%ABJ%2B%E3%82%A2%E3%83%A9%E3%83%B3%E3%83%80%E3%83%A0%2B%CE%A6100%2B10%E6%9E%9A%E5%85%A5X10%E7%AE%B1%E3%82%BB%E3%83%83%E3%83%88%2B80%EF%BC%83%2BGP100TMJA10P%EF%BC%8880%EF%BC%89%E3%80%90%E6%B2%96%E7%B8%84%E9%9B%A2%E5%B3%B6%E8%B2%A9%E5%A3%B2%E4%B8%8D%E5%8F%AF%E3%80%91 HTTP/1.1" 200 22735 "https://ugotechnologies.com/sitemap.xml" "Mozilla/5.0 (Linux; Android 7.0;) AppleWebKit/537.36 (KHTML, like Gecko) Mobile Safari/537.36 (compatible; PetalBot;+https://webmaster.petalsearch.com/site/petalbot)"
66.249.79.199 - - [20/Aug/2025:00:52:41 +0000] "GET /?g=69884139995400&channel=2042b5&from=blog.php%3Fid%3D1399954-5023%26name%3D%E3%83%9F%E3%83%8A%E3%83%9A%E3%83%AB%E3%83%9B%E3%83%8D%E3%83%B3%E3%80%80flower+craun%E6%96%B0%E5%93%81 HTTP/1.1" 200 311928 "-" "Mozilla/5.0 (Linux; Android 6.0.1; Nexus 5X Build/MMB29P) AppleWebKit/537.36 (KHTML, like Gecko) Chrome/138.0.7204.183 Mobile Safari/537.36 (compatible; Googlebot/2.1; +http://www.google.com/bot.html)"
66.249.79.200 - - [20/Aug/2025:00:53:23 +0000] "GET /?g=1770278333900&channel=8bdbd6&from=article.php%3Fid%3D783339-601%26name%3D%E3%82%A4%E3%83%AF%E3%82%BF%E3%83%87%E3%83%B3%E3%82%AD%E3%80%80%E3%82%AF%E3%83%AA%E3%82%B9%E3%83%9E%E3%82%B9%E9%99%90%E5%AE%9A%E3%82%AB%E3%83%A9%E3%83%BC%E3%80%80%E3%83%AB%E3%83%9F%E3%82%A8%E3%83%BC%E3%83%AB%E7%94%A8 HTTP/1.1" 200 294708 "-" "Mozilla/5.0 (Linux; Android 6.0.1; Nexus 5X Build/MMB29P) AppleWebKit/537.36 (KHTML, like Gecko) Chrome/138.0.7204.183 Mobile Safari/537.36 (compatible; Googlebot/2.1; +http://www.google.com/bot.html)"
114.119.150.86 - - [20/Aug/2025:00:54:04 +0000] "GET /?g=7380896362200&channel=97f98f&from=blog.php?id%3D963622-622%26name%3DS%E3%83%8E%E3%83%BC%E3%82%B9%E3%83%95%E3%82%A7%E3%82%A4%E3%82%B9700%E3%83%95%E3%82%A3%E3%83%AB%E3%83%8D%E3%82%A4%E3%83%93%E3%83%BC%E3%83%96%E3%83%A9%E3%83%83%E3%82%AF%E7%B4%BA%E9%BB%92%E3%83%8C%E3%83%97%E3%82%B7%E3%83%80%E3%82%A6%E3%83%B3%E3%82%B8%E3%83%A3%E3%82%B1%E3%83%83%E3%83%88NUPTS HTTP/1.1" 200 22735 "https://ugotechnologies.com/sitemap.xml" "Mozilla/5.0 (Linux; Android 7.0;) AppleWebKit/537.36 (KHTML, like Gecko) Mobile Safari/537.36 (compatible; PetalBot;+https://webmaster.petalsearch.com/site/petalbot)"
66.249.79.199 - - [20/Aug/2025:00:54:04 +0000] "GET /?g=11311162759206&channel=3b5e04&from=article.php%3Fid%3D1627592-276%26name%3D%E3%83%91%E3%83%AA%E3%83%95%E3%83%AF%E3%83%90%E3%83%AB%E3%83%BC%E3%83%B3%E3%82%AE%E3%83%A3%E3%82%B6%E3%83%BC%E3%82%B8%E3%83%A3%E3%82%B1%E3%83%83%E3%83%88++%E5%85%A82%E8%89%B2%EF%BC%88%E3%82%BB%E3%83%BC%E3%83%AB%E2%98%864990%E5%86%86%E2%86%922990%E5%86%86+%E3%83%A9%E3%82%A4%E3%83%88%E3%83%80%E3%82%A6%E3%83%B3+%E3%83%AC%E3%83%87%E3%82%A3%E3%83%BC%E3%82%B9+%E3%83%80%E3%82%A6%E3%83%B3%E3%82%B8%E3%83%A3%E3%82%B1%E3%83%83%E3%83%88+%E3%83%A9%E3%82%A4%E3%83%88%E3%82%A2%E3%82%A6%E3%82%BF%E3%83%BC+%E8%BB%BD%E9%87%8F+%E8%80%90%E6%B0%B4+%E6%92%A5%E6%B0%B4+%E9%80%8F%E6%B9%BF+%E3%83%9D%E3%82%B1%E3%83%83%E3%83%88+%E7%BE%BD%E7%B9%94%E3%82%8A+%E4%B8%B8%E9%A6%96+%E2%80%93++coca%E5%85%AC%E5%BC%8F%E3%82%B9%E3%83%88%E3%82%A2%EF%BC%89 HTTP/1.1" 200 22735 "-" "Mozilla/5.0 (compatible; Googlebot/2.1; +http://www.google.com/bot.html)"
66.249.79.198 - - [20/Aug/2025:00:54:49 +0000] "GET /?g=2227021587100&channel=c47e80&from=news.php%3Fid%3D215871-1135%26name%3D%E6%83%B3%E3%81%84%E5%87%BA%E6%B3%A2%E6%AD%A2%E5%A0%B4+7%E6%9E%9A%E7%B5%84+%E3%83%9C%E3%83%83%E3%82%AF%E3%82%B9+HQCD+%E5%B1%B1%E6%9C%AC%E7%B2%BE%E4%B8%80+%E3%83%9C%E3%82%A2%E3%83%80%E3%83%A0%E3%82%B9 HTTP/1.1" 200 296847 "-" "Mozilla/5.0 (Linux; Android 6.0.1; Nexus 5X Build/MMB29P) AppleWebKit/537.36 (KHTML, like Gecko) Chrome/138.0.7204.183 Mobile Safari/537.36 (compatible; Googlebot/2.1; +http://www.google.com/bot.html)"
114.119.157.43 - - [20/Aug/2025:00:55:27 +0000] "GET /?g=73748188004902&channel=874a3c&from=jp.php?id%3D1880049-4581%26name%3D%E3%82%BF%E3%82%B8%E3%83%9E(Tajima)%2B%E3%83%AC%E3%83%BC%E3%82%B6%E3%83%BC%E8%B7%9D%E9%9B%A2%E8%A8%88%2BLKT-G03BK%2BPSC%E8%AA%8D%E5%AE%9A%E5%8F%96%E5%BE%97%E5%93%81%2B%E3%83%96%E3%83%A9%E3%83%83%E3%82%AF HTTP/1.1" 200 22735 "https://ugotechnologies.com/sitemap.xml" "Mozilla/5.0 (Linux; Android 7.0;) AppleWebKit/537.36 (KHTML, like Gecko) Mobile Safari/537.36 (compatible; PetalBot;+https://webmaster.petalsearch.com/site/petalbot)"
66.249.68.39 - - [20/Aug/2025:00:55:34 +0000] "GET /?g=8229144300411&channel=635898&from=info.php%3Fid%3D443004-1496%26name%3D%E3%82%B7%E3%83%AB%E3%82%AF+BB%231%E3%82%B9%E3%83%88%E3%83%A9%E3%82%A4%E3%83%97+%E3%83%AC%E3%83%83%E3%83%97%E3%82%BF%E3%82%A4+Made+in+USA HTTP/1.1" 200 22735 "-" "Mozilla/5.0 (Linux; Android 6.0.1; Nexus 5X Build/MMB29P) AppleWebKit/537.36 (KHTML, like Gecko) Chrome/138.0.7204.183 Mobile Safari/537.36 (compatible; Googlebot/2.1; +http://www.google.com/bot.html)"
66.249.79.198 - - [20/Aug/2025:00:56:21 +0000] "GET /?g=8965711155776&channel=34b56b&from=shop.php%3Fid%3D111557-5595%26name%3Dcotton%2Fsilk+tiered++%E3%83%96%E3%83%A9%E3%82%A6%E3%82%B9 HTTP/1.1" 200 22735 "-" "Mozilla/5.0 (Linux; Android 6.0.1; Nexus 5X Build/MMB29P) AppleWebKit/537.36 (KHTML, like Gecko) Chrome/138.0.7204.183 Mobile Safari/537.36 (compatible; Googlebot/2.1; +http://www.google.com/bot.html)"
114.119.157.43 - - [20/Aug/2025:00:56:52 +0000] "GET /?g=73727143995405&channel=eba9e4&from=info.php?id%3D1439954-212%26name%3D%E3%83%9E%E3%82%B1%E3%82%A4%E3%82%BD%E3%83%B3%2B%E3%83%96%E3%83%AB%E3%82%BE%E3%83%B3 HTTP/1.1" 200 22735 "https://ugotechnologies.com/sitemap.xml" "Mozilla/5.0 (Linux; Android 7.0;) AppleWebKit/537.36 (KHTML, like Gecko) Mobile Safari/537.36 (compatible; PetalBot;+https://webmaster.petalsearch.com/site/petalbot)"
66.249.79.198 - - [20/Aug/2025:00:57:09 +0000] "GET /?g=08920122240801&channel=ea587b&from=news.php%3Fid%3D1222408-3575%26name%3D%E3%81%AF%E3%82%84%E3%81%95%E3%81%BE%E7%A2%BA%E8%AA%8D%E7%94%A8 HTTP/1.1" 200 299665 "-" "Mozilla/5.0 (Linux; Android 6.0.1; Nexus 5X Build/MMB29P) AppleWebKit/537.36 (KHTML, like Gecko) Chrome/138.0.7204.183 Mobile Safari/537.36 (compatible; Googlebot/2.1; +http://www.google.com/bot.html)"
66.249.79.198 - - [20/Aug/2025:00:57:56 +0000] "GET /?g=81891135535200&channel=51f60d&from=article.php%3Fid%3D1355352-611%26name%3D%E2%98%86%E7%89%B9%E5%85%B8%E3%81%AE%E3%81%BF12%E7%82%B9%E3%82%BB%E3%83%83%E3%83%88%EF%BC%88%E5%B0%8F%E9%87%8E%E4%B8%AD%E5%BD%B0%E5%A4%A7%2F%E3%82%AF%E3%83%9F%E3%82%AB%E3%81%AE%E3%83%9F%E3%82%AB%E3%82%AF%29 HTTP/1.1" 200 307397 "-" "Mozilla/5.0 (Linux; Android 6.0.1; Nexus 5X Build/MMB29P) AppleWebKit/537.36 (KHTML, like Gecko) Chrome/138.0.7204.183 Mobile Safari/537.36 (compatible; Googlebot/2.1; +http://www.google.com/bot.html)"
114.119.157.43 - - [20/Aug/2025:00:58:15 +0000] "GET /?g=73716123054406&channel=eddb09&from=form.php?id%3D1230544-397%26name%3D%E3%80%90%E5%85%A8%E9%A1%8D%E8%BF%94%E9%87%91%E4%BF%9D%E8%A8%BC%E3%83%BB%E9%80%81%E6%96%99%E7%84%A1%E6%96%99%E3%83%BB%E6%A5%B5%E7%BE%8E%E5%93%81%E3%80%91%E3%83%AD%E3%82%A8%E3%83%99%E3%83%BB%E3%82%B7%E3%83%A7%E3%83%AB%E3%83%80%E3%83%BC%E3%83%90%E3%83%83%E3%82%B0%E3%83%BB%E3%83%AC%E3%82%A2%E3%83%BB%E7%B6%BA%E9%BA%97 HTTP/1.1" 200 22735 "https://ugotechnologies.com/sitemap.xml" "Mozilla/5.0 (Linux; Android 7.0;) AppleWebKit/537.36 (KHTML, like Gecko) Mobile Safari/537.36 (compatible; PetalBot;+https://webmaster.petalsearch.com/site/petalbot)"
66.249.68.39 - - [20/Aug/2025:00:58:42 +0000] "GET /?g=0347275160303&channel=1dfc71&from=article.php%3Fid%3D751603-2380%26name%3DGRIT+MMA%E3%82%B0%E3%83%AD%E3%83%BC%E3%83%96+MMA+%E3%82%AA%E3%83%BC%E3%83%97%E3%83%B3%E3%83%95%E3%82%A3%E3%83%B3%E3%82%AC%E3%83%BC%E3%82%B0%E3%83%AD%E3%83%BC%E3%83%96+%E3%83%91%E3%82%A6%E3%83%B3%E3%83%89%E3%82%B0%E3%83%AD%E3%83%BC%E3%83%96+%E3%83%9C%E3%82%AF%E3%82%B7%E3%83%B3%E3%82%B0%E3%82%B0%E3%83%AD%E3%83%BC%E3%83%96MMA%E3%82%B0%E3%83%AD%E3%83%BC%E3%83%96+%E7%B7%8F%E5%90%88%E6%A0%BC%E9%97%98%E6%8A%80%E3%82%B0%E3%83%AD%E3%83%BC%E3%83%96+UFC+RIZIN HTTP/1.1" 200 22735 "-" "Mozilla/5.0 (Linux; Android 6.0.1; Nexus 5X Build/MMB29P) AppleWebKit/537.36 (KHTML, like Gecko) Chrome/138.0.7204.183 Mobile Safari/537.36 (compatible; Googlebot/2.1; +http://www.google.com/bot.html)"
66.249.79.198 - - [20/Aug/2025:00:59:28 +0000] "GET /?g=9349688668213&channel=5f4e12&from=jp.php%3Fid%3D886682-8776%26name%3D115%E3%80%90%E5%8C%BF%E5%90%8D%E9%85%8D%E9%80%81%E3%80%91+%E3%83%9A%E3%83%B3%E3%82%BF%E3%83%83%E3%82%AF%E3%82%B9+SPF+%E4%B8%80%E7%9C%BC%E3%83%AC%E3%83%95+%E3%83%95%E3%82%A3%E3%83%AB%E3%83%A0%E3%82%AB%E3%83%A1%E3%83%A9+%E3%83%AC%E3%83%88%E3%83%AD HTTP/1.1" 200 22735 "-" "Mozilla/5.0 (Linux; Android 6.0.1; Nexus 5X Build/MMB29P) AppleWebKit/537.36 (KHTML, like Gecko) Chrome/138.0.7204.183 Mobile Safari/537.36 (compatible; Googlebot/2.1; +http://www.google.com/bot.html)"
114.119.157.43 - - [20/Aug/2025:00:59:38 +0000] "GET /?g=7344034628602&channel=c21992&from=category-info.php?id%3D346286-9743%26name%3DProject%2B%CE%BC%2B%E3%83%97%E3%83%AD%E3%82%B8%E3%82%A7%E3%82%AF%E3%83%88%E3%83%BB%E3%83%9F%E3%83%A5%E3%83%BC%2BTEFLON%2BBRAKE%2BLINE%2B%E3%82%B9%E3%83%81%E3%83%BC%E3%83%AB%2B%E3%82%B0%E3%83%AA%E3%83%BC%E3%83%B3%2B%E3%82%B9%E3%82%BF%E3%83%BC%E3%83%AC%E3%83%83%E3%83%88%2BNP80/NP90%2BBLT-007AG HTTP/1.1" 200 22735 "https://ugotechnologies.com/sitemap.xml" "Mozilla/5.0 (Linux; Android 7.0;) AppleWebKit/537.36 (KHTML, like Gecko) Mobile Safari/537.36 (compatible; PetalBot;+https://webmaster.petalsearch.com/site/petalbot)"
66.249.79.198 - - [20/Aug/2025:01:00:16 +0000] "GET /js/jquery.countTo.js HTTP/1.1" 200 3760 "https://ugotechnologies.com/?g=9349688668213&channel=5f4e12&from=jp.php%3Fid%3D886682-8776%26name%3D115%E3%80%90%E5%8C%BF%E5%90%8D%E9%85%8D%E9%80%81%E3%80%91+%E3%83%9A%E3%83%B3%E3%82%BF%E3%83%83%E3%82%AF%E3%82%B9+SPF+%E4%B8%80%E7%9C%BC%E3%83%AC%E3%83%95+%E3%83%95%E3%82%A3%E3%83%AB%E3%83%A0%E3%82%AB%E3%83%A1%E3%83%A9+%E3%83%AC%E3%83%88%E3%83%AD" "Mozilla/5.0 (Linux; Android 6.0.1; Nexus 5X Build/MMB29P) AppleWebKit/537.36 (KHTML, like Gecko) Chrome/138.0.7204.183 Mobile Safari/537.36 (compatible; Googlebot/2.1; +http://www.google.com/bot.html)"
66.249.79.199 - - [20/Aug/2025:01:00:58 +0000] "GET /?g=81094155544206&channel=3896ee&from=article.php%3Fid%3D1555442-708%26name%3D%E2%98%85edit+clothing+URBAN+RESEACH+DOORS2%E7%82%B9%E3%82%BB%E3%83%83%E3%83%88%E2%98%85 HTTP/1.1" 200 290562 "-" "Mozilla/5.0 (Linux; Android 6.0.1; Nexus 5X Build/MMB29P) AppleWebKit/537.36 (KHTML, like Gecko) Chrome/138.0.7204.183 Mobile Safari/537.36 (compatible; Googlebot/2.1; +http://www.google.com/bot.html)"
114.119.136.30 - - [20/Aug/2025:01:01:04 +0000] "GET /?g=73400108870602&channel=a1eb5a&from=blog.php?id%3D1088706-12156%26name%3D%EF%BC%97%E6%AD%B3%2B%E5%A5%B3%E3%81%AE%E5%AD%90%2B%E4%B8%83%E4%BA%94%E4%B8%89%2B%E6%AD%A3%E7%B5%B9%2B%E7%9D%80%E7%89%A9%E3%83%AC%E3%83%B3%E3%82%BF%E3%83%AB%2Bj7361%2B%E3%83%95%E3%83%AB%E3%82%BB%E3%83%83%E3%83%88%2B753%2B%E7%B5%B9%E3%81%AE%E3%81%8A%E7%9D%80%E7%89%A9%2B%E5%AD%90%E4%BE%9B%E7%9D%80%E7%89%A9%2B%EF%BC%96%E6%AD%B3%2B%EF%BC%97%E6%89%8D%2B%E7%B5%90%E5%A9%9A%E5%BC%8F%2B%E4%B8%83%E8%8D%89%2B%E4%BA%BA%E6%B0%97%2B%E3%83%AC%E3%83%88%E3%83%AD%2B%E3%83%A2%E3%83%80%E3%83%B3%2B%E3%81%8B%E3%82%8F%E3%81%84%E3%81%84%2B%E9%AB%98%E7%B4%9A%E3%83%97%E3%83%AC%E3%83%9F%E3%82%A2%E3%83%A0%2B%E8%B2%B8%E8%A1%A3%E8%A3%85%2B%E7%99%BA%E8%A1%A8%E4%BC%9A%2B2023%2B%E3%80%8C%E5%BC%8F%E9%83%A8%E6%B5%AA%E6%BC%AB%E3%80%8D%E3%83%96%E3%83%A9%E3%83%B3%E3%83%89%2B%E7%99%BD%E5%9C%B0%E3%81%AB%E7%B5%A2%E7%88%9B%E5%BD%A9%E3%82%8A%E5%90%89%E7%A5%A5%E6%85%B6%E8%8F%AF%E3%80%90fy16REN07%E3%80%91%E3%80%90%E3%83%AC%E3%83%B3%E3%82%BF%E3%83%AB%E3%80%91 HTTP/1.1" 200 22735 "https://ugotechnologies.com/sitemap.xml" "Mozilla/5.0 (Linux; Android 7.0;) AppleWebKit/537.36 (KHTML, like Gecko) Mobile Safari/537.36 (compatible; PetalBot;+https://webmaster.petalsearch.com/site/petalbot)"
66.249.68.37 - - [20/Aug/2025:01:01:39 +0000] "GET /?g=94140179473002&channel=29dd2c&from=jp.php%3Fid%3D1794730-278%26name%3DLOUIS++VUITTON%EF%BC%8F%E3%83%AB%E3%82%A4%E3%83%B4%E3%82%A3%E3%83%88%E3%83%B3+M01257+%EF%BC%AC%EF%BC%B6%E3%83%BB%E3%82%A4%E3%83%B3%E3%82%B6%E3%82%B9%E3%82%AB%E3%82%A4+%E3%83%94%E3%82%A2%E3%82%B9%EF%BC%88%E3%83%B4%E3%82%A3%E3%83%88%E3%83%B3+M01257+%E3%83%94%E3%82%A2%E3%82%B9+LV+%E3%82%A4%E3%83%B3%E3%82%B6%E3%82%B9%E3%82%AB%E3%82%A4+VA1213+%E3%83%94%E3%82%A2%E3%82%B9%28%E4%B8%A1%E8%80%B3%E7%94%A8%29+GP%C3%97%E3%83%A9%E3%82%A4%E3%83%B3%E3%82%B9%E3%83%88%E3%83%BC%E3%83%B3+%E3%82%B4%E3%83%BC%E3%83%AB%E3%83%89++A2815126%EF%BD%9C%E4%B8%AD%E5%8F%A4%E3%83%96%E3%83%A9%E3%83%B3%E3%83%89%E5%93%81%E3%83%BB%E3%83%96%E3%83%A9%E3%83%B3%E3%83%89%E5%8F%A4%E7%9D%80%E9%80%9A%E8%B2%A9%EF%BD%9CALLU%EF%BC%88%E3%82%A2%E3%83%AA%E3%83%A5%E3%83%BC%EF%BC%89%EF%BC%89 HTTP/1.1" 200 302260 "-" "Mozilla/5.0 (Linux; Android 6.0.1; Nexus 5X Build/MMB29P) AppleWebKit/537.36 (KHTML, like Gecko) Chrome/138.0.7204.183 Mobile Safari/537.36 (compatible; Googlebot/2.1; +http://www.google.com/bot.html)"
66.249.79.199 - - [20/Aug/2025:01:02:19 +0000] "GET /?g=70292169907502&channel=b5650d&from=pin.php%3Fid%3D1699075-13999%26name%3D%E7%B5%84%E6%9B%B2+%E8%86%9D%E4%B8%88+%E3%83%97%E3%83%AA%E3%83%BC%E3%83%84%E3%82%B9%E3%82%AB%E3%83%BC%E3%83%88+%E3%82%B5%E3%82%A4%E3%82%BA%EF%BC%92+M%E7%9B%B8%E5%BD%93+%E3%81%93%E3%81%92%E8%8C%B6 HTTP/1.1" 200 302401 "-" "Mozilla/5.0 (Linux; Android 6.0.1; Nexus 5X Build/MMB29P) AppleWebKit/537.36 (KHTML, like Gecko) Chrome/138.0.7204.183 Mobile Safari/537.36 (compatible; Googlebot/2.1; +http://www.google.com/bot.html)"
66.249.68.38 - - [20/Aug/2025:01:02:58 +0000] "GET /?g=04088119796404&channel=2de52f&from=shared.php%3Fid%3D1197964-13810%26name%3D%E3%80%902023%E5%B9%B4%E7%A7%8B%E5%86%AC%E6%96%B0%E4%BD%9C%E3%80%91ECCO+GOLF+%E3%83%A1%E3%83%B3%E3%82%BA+%E3%82%B4%E3%83%AB%E3%83%95%E3%82%B7%E3%83%A5%E3%83%BC%E3%82%BA+43%E3%82%B5%E3%82%A4%E3%82%BA HTTP/1.1" 200 304444 "-" "Mozilla/5.0 (Linux; Android 6.0.1; Nexus 5X Build/MMB29P) AppleWebKit/537.36 (KHTML, like Gecko) Chrome/138.0.7204.183 Mobile Safari/537.36 (compatible; Googlebot/2.1; +http://www.google.com/bot.html)"
66.249.79.200 - - [20/Aug/2025:01:03:36 +0000] "GET /?g=0015554351800&channel=a60e9c&from=info.php%3Fid%3D543518-5930%26name%3D%E3%80%90%E7%9B%B4%E6%8E%A5%E5%8F%96%E5%BC%95%E3%80%91%E3%80%80%E3%82%B7%E3%82%B9%E3%83%86%E3%83%A0%E3%83%99%E3%83%83%E3%83%89%E3%80%80%E3%83%9B%E3%83%AF%E3%82%A4%E3%83%88%E3%82%AB%E3%83%A9%E3%83%BC HTTP/1.1" 200 238179 "-" "Mozilla/5.0 (compatible; Googlebot/2.1; +http://www.google.com/bot.html)"
66.249.79.198 - - [20/Aug/2025:01:04:13 +0000] "GET /?g=8871597487018&channel=32a88a&from=shared.php%3Fid%3D974870-462%26name%3D%E3%83%A9%E3%82%B0%E3%83%9E%E3%83%83%E3%83%88+%E7%B5%A8%E6%AF%AF+%E6%B1%9F%E6%88%B8%E9%96%933%E7%95%B3+%E7%B4%84176%C3%97261cm+%E3%82%B0%E3%83%AC%E3%83%BC+%E6%97%A5%E6%9C%AC%E8%A3%BD+%E6%B6%88%E8%87%AD+%E6%8A%97%E8%8F%8C+%E9%98%B2%E8%87%AD+%E3%83%9B%E3%83%83%E3%83%88%E3%82%AB%E3%83%BC%E3%83%9A%E3%83%83%E3%83%88+%E5%BA%8A%E6%9A%96%E6%88%BF%E5%8F%AF+%E3%83%AA%E3%83%93%E3%83%B3%E3%82%B0+%E5%BC%95%E3%81%A3%E8%B6%8A%E3%81%97 HTTP/1.1" 200 316526 "-" "Mozilla/5.0 (Linux; Android 6.0.1; Nexus 5X Build/MMB29P) AppleWebKit/537.36 (KHTML, like Gecko) Chrome/138.0.7204.183 Mobile Safari/537.36 (compatible; Googlebot/2.1; +http://www.google.com/bot.html)"
66.249.68.38 - - [20/Aug/2025:01:04:53 +0000] "GET /?g=72207111718006&channel=d90ea4&from=shared.php%3Fid%3D1117180-13875%26name%3DSony+HXR-NX100%E7%94%A8%E3%83%97%E3%83%AD%E3%83%95%E3%82%A7%E3%83%83%E3%82%B7%E3%83%A7%E3%83%8A%E3%83%AB%E9%AB%98%E8%80%90%E4%B9%8572%E3%82%A4%E3%83%B3%E3%83%81%E4%B8%80%E8%84%9A%2F%E4%B8%80%E8%84%9A+%28%E3%83%87%E3%83%A5%E3%82%A2%E3%83%AB%E3%82%AA%E3%83%97%E3%82%B7%E3%83%A7%E3%83%B3%E3%83%98%E3%83%83%E3%83%89%29 HTTP/1.1" 200 22735 "-" "Mozilla/5.0 (Linux; Android 6.0.1; Nexus 5X Build/MMB29P) AppleWebKit/537.36 (KHTML, like Gecko) Chrome/138.0.7204.183 Mobile Safari/537.36 (compatible; Googlebot/2.1; +http://www.google.com/bot.html)"
66.249.68.39 - - [20/Aug/2025:01:05:37 +0000] "GET /?g=0345219919405&channel=56639c&from=goods.php%3Fid%3D199194-8920%26name%3D360%C2%B0%E5%9B%9E%E8%BB%A2%E9%9D%B4%E3%82%AD%E3%83%A3%E3%83%93%E3%83%8D%E3%83%83%E3%83%88%E3%80%81%E5%86%86%E7%AD%92%E5%BD%A2%E9%9D%B4%E3%82%AA%E3%83%BC%E3%82%AC%E3%83%8A%E3%82%A4%E3%82%B6%E3%83%BC%E3%80%81%E8%87%AA%E7%AB%8B%E5%BC%8F%E5%A4%A7%E5%AE%B9%E9%87%8F%E9%9D%B4%E3%83%A9%E3%83%83%E3%82%AF%E9%9D%B4%E6%A3%9A%E3%80%81%E5%9E%82%E7%9B%B4%E5%AF%86%E9%96%89%E9%9D%B4%E5%8F%8E%E7%B4%8D%E3%82%AF%E3%83%AD%E3%83%BC%E3%82%BC%E3%83%83%E3%83%88%E3%80%81%E8%87%AA%E5%AE%85%E5%AF%9D%E5%AE%A4%E7%94%A8%E3%80%813%2F6%2F9%2F1 HTTP/1.1" 200 22735 "-" "Mozilla/5.0 (Linux; Android 6.0.1; Nexus 5X Build/MMB29P) AppleWebKit/537.36 (KHTML, like Gecko) Chrome/138.0.7204.183 Mobile Safari/537.36 (compatible; Googlebot/2.1; +http://www.google.com/bot.html)"
114.119.150.86 - - [20/Aug/2025:01:06:09 +0000] "GET /?g=73370142930303&channel=da1b70&from=brands.php?id%3D1429303-940%26name%3D%E3%81%AE%E3%81%82%E6%A7%98%E5%B0%82%E7%94%A8 HTTP/1.1" 200 22735 "https://ugotechnologies.com/sitemap.xml" "Mozilla/5.0 (Linux; Android 7.0;) AppleWebKit/537.36 (KHTML, like Gecko) Mobile Safari/537.36 (compatible; PetalBot;+https://webmaster.petalsearch.com/site/petalbot)"
114.119.153.152 - - [20/Aug/2025:01:06:33 +0000] "GET /?g=7310247826602&channel=654853&from=article.php?id%3D478266-493%26name%3D%E3%80%90%E5%B8%8C%E5%B0%91%E3%80%91%E5%A4%A9%E7%9A%87%E7%9A%87%E5%90%8E%E4%B8%A1%E9%99%9B%E4%B8%8B%E5%BE%A1%E8%A8%AA%E6%AC%A7%E8%A8%98%E5%BF%B5%E7%B4%94%E9%8A%80%E3%82%A4%E3%83%B3%E3%82%B4%E3%83%83%E3%83%88 HTTP/1.1" 200 22735 "https://ugotechnologies.com/sitemap.xml" "Mozilla/5.0 (Linux; Android 7.0;) AppleWebKit/537.36 (KHTML, like Gecko) Mobile Safari/537.36 (compatible; PetalBot;+https://webmaster.petalsearch.com/site/petalbot)"
114.119.151.93 - - [20/Aug/2025:01:06:47 +0000] "GET /?g=72999109652704&channel=f5cf63&from=category-info.php?id%3D1096527-1140%26name%3D%E3%80%906/22%2B20%E6%99%82%E3%80%9C%2B%E5%85%A8%E5%93%81P5%E5%80%8D%EF%BC%86%E3%82%AF%E3%83%BC%E3%83%9D%E3%83%B3%E3%80%91235/45R18%2B94W%2B%E3%82%B0%E3%83%83%E3%83%89%E3%82%A4%E3%83%A4%E3%83%BC%2B%E3%82%A8%E3%83%95%E3%82%A3%E3%82%B7%E3%82%A7%E3%83%B3%E3%83%88%E3%82%B0%E3%83%AA%E3%83%83%E3%83%97%2B%E3%82%B3%E3%83%B3%E3%83%95%E3%82%A9%E3%83%BC%E3%83%88%2BBBS%2BLM%2BDB-BKBD%2B18-7.5J%2B%E5%9B%BD%E7%94%A3%E8%BB%8A%E7%94%A8%2B%E3%82%B5%E3%83%9E%E3%83%BC%E3%82%BF%E3%82%A4%E3%83%A4%E3%83%9B%E3%82%A4%E3%83%BC%E3%83%AB4%E6%9C%AC%E3%82%BB%E3%83%83%E3%83%88 HTTP/1.1" 200 22735 "https://ugotechnologies.com/sitemap.xml" "Mozilla/5.0 (Linux; Android 7.0;) AppleWebKit/537.36 (KHTML, like Gecko) Mobile Safari/537.36 (compatible; PetalBot;+https://webmaster.petalsearch.com/site/petalbot)"
66.249.68.37 - - [20/Aug/2025:01:07:01 +0000] "GET /js/modernizr-2.6.2.min.js HTTP/1.1" 200 15413 "https://www.ugotechnologies.com/?g=0345219919405&channel=56639c&from=goods.php%3Fid%3D199194-8920%26name%3D360%C2%B0%E5%9B%9E%E8%BB%A2%E9%9D%B4%E3%82%AD%E3%83%A3%E3%83%93%E3%83%8D%E3%83%83%E3%83%88%E3%80%81%E5%86%86%E7%AD%92%E5%BD%A2%E9%9D%B4%E3%82%AA%E3%83%BC%E3%82%AC%E3%83%8A%E3%82%A4%E3%82%B6%E3%83%BC%E3%80%81%E8%87%AA%E7%AB%8B%E5%BC%8F%E5%A4%A7%E5%AE%B9%E9%87%8F%E9%9D%B4%E3%83%A9%E3%83%83%E3%82%AF%E9%9D%B4%E6%A3%9A%E3%80%81%E5%9E%82%E7%9B%B4%E5%AF%86%E9%96%89%E9%9D%B4%E5%8F%8E%E7%B4%8D%E3%82%AF%E3%83%AD%E3%83%BC%E3%82%BC%E3%83%83%E3%83%88%E3%80%81%E8%87%AA%E5%AE%85%E5%AF%9D%E5%AE%A4%E7%94%A8%E3%80%813%2F6%2F9%2F1" "Mozilla/5.0 (Linux; Android 6.0.1; Nexus 5X Build/MMB29P) AppleWebKit/537.36 (KHTML, like Gecko) Chrome/138.0.7204.183 Mobile Safari/537.36 (compatible; Googlebot/2.1; +http://www.google.com/bot.html)"
114.119.151.93 - - [20/Aug/2025:01:07:35 +0000] "GET /?g=7297021247801&channel=eddb09&from=category-info.php?id%3D212478-397%26name%3DTory%2BBurch%2B%E3%83%88%E3%83%AA%E3%83%BC%E3%83%90%E3%83%BC%E3%83%81%2B%E3%82%B7%E3%83%A7%E3%83%AB%E3%83%80%E3%83%BC%E3%83%90%E3%83%83%E3%82%B0%2B%E3%83%9F%E3%83%A9%E3%83%BC HTTP/1.1" 200 22735 "https://ugotechnologies.com/sitemap.xml" "Mozilla/5.0 (Linux; Android 7.0;) AppleWebKit/537.36 (KHTML, like Gecko) Mobile Safari/537.36 (compatible; PetalBot;+https://webmaster.petalsearch.com/site/petalbot)"
66.249.79.198 - - [20/Aug/2025:01:07:40 +0000] "GET /?g=0796254240618&channel=be8f2c&from=product.php%3Fid%3D542406-900%26name%3DYOKOHAMA+R7149+ice+GUARD7+IG70+%E3%82%A2%E3%82%A4%E3%82%B9%E3%82%AC%E3%83%BC%E3%83%89+%E3%82%B9%E3%82%BF%E3%83%83%E3%83%89%E3%83%AC%E3%82%B9+%E3%83%9F%E3%83%84%E3%83%A4+215%2F45R17+%3Cbr%3EWEDS+WedsSport+SA-62R+%E3%83%9B%E3%82%A4%E3%83%BC%E3%83%AB+17%E3%82%A4%E3%83%B3%E3%83%81+17+X+7.5J+%2B45+5%E7%A9%B4+114.3 HTTP/1.1" 200 310494 "-" "Mozilla/5.0 (Linux; Android 6.0.1; Nexus 5X Build/MMB29P) AppleWebKit/537.36 (KHTML, like Gecko) Chrome/138.0.7204.183 Mobile Safari/537.36 (compatible; Googlebot/2.1; +http://www.google.com/bot.html)"
66.249.68.39 - - [20/Aug/2025:01:08:20 +0000] "GET /?g=1138732738805&channel=e9f063&from=info.php%3Fid%3D327388-10750%26name%3D%E3%80%90%E4%BB%A3%E7%90%86%E5%BA%97%E5%93%81%E3%80%91+TELTONIKA+RUT956+LTE%2F4G+WiFi+%E3%83%87%E3%83%A5%E3%82%A2%E3%83%ABSIM+%282+SIM+%E3%82%AB%E3%83%BC%E3%83%89%29+RS232%E3%80%81RS48 HTTP/1.1" 200 22735 "-" "Mozilla/5.0 (Linux; Android 6.0.1; Nexus 5X Build/MMB29P) AppleWebKit/537.36 (KHTML, like Gecko) Chrome/138.0.7204.183 Mobile Safari/537.36 (compatible; Googlebot/2.1; +http://www.google.com/bot.html)"
156.236.73.171 - - [20/Aug/2025:01:08:45 +0000] "GET /?g=18974198270203&channel=86834b%27&from=blog.php%3Fid%3D1982702-13954%26name%3DTRUSCO+%E3%82%B9%E3%83%81%E3%83%BC%E3%83%AB%E3%83%A9%E3%83%83%E3%82%AF+M3%E5%9E%8B%E4%B8%AD%E9%87%8F%E6%A3%9A+1200X571XH1800+5%E6%AE%B5+%E9%80%A3%E7%B5%90+%E5%85%8D%E9%9C%87%E6%A8%B9%E8%84%82%E3%83%99%E3%83%BC%E3%82%B9%E4%BB%98+%E3%83%8D%E3%82%AA%E3%82%B0%E3%83%AC%E3%83%BC+%3Cbr%3EM3-6465B-SFC++NG+1%E5%8F%B0+%3Cbr%3E%3Cbr%3E%E2%97%87%E2%96%BC378-3581+%3Cbr%3E%3Cbr%3E%3Cbr%3E HTTP/1.1" 200 22735 "-" "Mozilla/5.0 (Windows NT 10.0; Win64; x64) AppleWebKit/537.36 (KHTML, like Gecko) Chrome/126.0.0.0 Safari/537.36"
156.236.73.171 - - [20/Aug/2025:01:08:45 +0000] "GET /?g=18974198270203%27&channel=86834b&from=blog.php%3Fid%3D1982702-13954%26name%3DTRUSCO+%E3%82%B9%E3%83%81%E3%83%BC%E3%83%AB%E3%83%A9%E3%83%83%E3%82%AF+M3%E5%9E%8B%E4%B8%AD%E9%87%8F%E6%A3%9A+1200X571XH1800+5%E6%AE%B5+%E9%80%A3%E7%B5%90+%E5%85%8D%E9%9C%87%E6%A8%B9%E8%84%82%E3%83%99%E3%83%BC%E3%82%B9%E4%BB%98+%E3%83%8D%E3%82%AA%E3%82%B0%E3%83%AC%E3%83%BC+%3Cbr%3EM3-6465B-SFC++NG+1%E5%8F%B0+%3Cbr%3E%3Cbr%3E%E2%97%87%E2%96%BC378-3581+%3Cbr%3E%3Cbr%3E%3Cbr%3E HTTP/1.1" 200 22735 "-" "Mozilla/5.0 (Windows NT 10.0; Win64; x64) AppleWebKit/537.36 (KHTML, like Gecko) Chrome/126.0.0.0 Safari/537.36"
156.236.73.171 - - [20/Aug/2025:01:08:45 +0000] "GET /?g=18974198270203&channel=86834b&from=blog.php%3Fid%3D1982702-13954%26name%3DTRUSCO+%E3%82%B9%E3%83%81%E3%83%BC%E3%83%AB%E3%83%A9%E3%83%83%E3%82%AF+M3%E5%9E%8B%E4%B8%AD%E9%87%8F%E6%A3%9A+1200X571XH1800+5%E6%AE%B5+%E9%80%A3%E7%B5%90+%E5%85%8D%E9%9C%87%E6%A8%B9%E8%84%82%E3%83%99%E3%83%BC%E3%82%B9%E4%BB%98+%E3%83%8D%E3%82%AA%E3%82%B0%E3%83%AC%E3%83%BC+%3Cbr%3EM3-6465B-SFC++NG+1%E5%8F%B0+%3Cbr%3E%3Cbr%3E%E2%97%87%E2%96%BC378-3581+%3Cbr%3E%3Cbr%3E%3Cbr%3E%27 HTTP/1.1" 200 22735 "-" "Mozilla/5.0 (Windows NT 10.0; Win64; x64) AppleWebKit/537.36 (KHTML, like Gecko) Chrome/126.0.0.0 Safari/537.36"
114.119.157.43 - - [20/Aug/2025:01:09:00 +0000] "GET /?g=72961102007409&channel=72cad8&from=product.php?id%3D1020074-2928%26name%3D%E3%83%9F%E3%82%B7%E3%83%A5%E3%83%A9%E3%83%B3%2BCROSSCLIMATE2%2B%E3%82%AF%E3%83%AD%E3%82%B9%E3%82%AF%E3%83%A9%E3%82%A4%E3%83%A1%E3%82%A4%E3%83%882%2B%E3%82%AA%E3%83%BC%E3%83%AB%E3%82%B7%E3%83%BC%E3%82%BA%E3%83%B3%E3%82%BF%E3%82%A4%E3%83%A4%2B81H%2B%E6%AD%A3%E8%A6%8F%2B185/50R16%2B%3Cbr%3EWEDS%2B41330%2BNOVARIS%2BASSETE%2BS1%2B%E3%83%9B%E3%82%A4%E3%83%BC%E3%83%AB%2B16%E3%82%A4%E3%83%B3%E3%83%81%2B16%2BX%2B5.0J%2B%2B45%2B4%E7%A9%B4%2B100%2BMAx7S%E7%B3%BB%E3%82%BD%E3%83%AA%E3%82%AA HTTP/1.1" 200 22735 "https://ugotechnologies.com/sitemap.xml" "Mozilla/5.0 (Linux; Android 7.0;) AppleWebKit/537.36 (KHTML, like Gecko) Mobile Safari/537.36 (compatible; PetalBot;+https://webmaster.petalsearch.com/site/petalbot)"
66.249.68.38 - - [20/Aug/2025:01:09:02 +0000] "GET /?g=6230167793304&channel=358098&from=goods.php%3Fid%3D677933-1739%26name%3D197191+%E4%BA%BA%E9%96%93%E5%9B%BD%E5%AE%9D+%E4%B8%AD%E5%9B%BD%E9%AA%A8%E8%91%A3+%E5%92%8C%E7%94%B0%E7%8E%89%E3%80%90%E3%83%9B%E3%83%BC%E3%82%BF%E3%83%B3%E7%BF%A1%E7%BF%A0%E3%81%AE%E7%A8%AE%E5%AD%90%E3%81%AF%E5%97%85%E3%81%8E%E3%82%BF%E3%83%90%E3%82%B3%E7%93%B6%E3%81%A8%E3%81%97%E3%81%A6%E4%BA%BA%E6%B0%97%E3%81%8C%E3%81%82%E3%82%8B%E3%80%91%E5%8D%B0%E7%AB%A0+%E5%BD%AB%E5%88%BB%E5%93%81+%E6%99%82%E4%BB%A3%E7%89%A9+%E6%9C%AC%E7%89%A9+%E5%8F%A4%E7%BE%8E%E8%A1%93+%E6%97%A7%E8%94%B5+%E7%8F%8D%E5%93%81 HTTP/1.1" 200 22735 "-" "Mozilla/5.0 (compatible; Googlebot/2.1; +http://www.google.com/bot.html)"
66.249.79.198 - - [20/Aug/2025:01:09:47 +0000] "GET /?g=029217162306&channel=92b221&from=product.php%3Fid%3D71623-3509%26name%3D%E7%89%B9%E6%94%BB%E3%83%96%E3%83%BC%E3%83%84%E3%80%80%E6%96%9C%E3%82%81%E3%82%AB%E3%83%83%E3%83%88+%EF%BC%92%EF%BC%99%EF%BC%8E%EF%BC%90cm+%E8%8C%B6%2F%E3%83%A9%E3%82%A4%E3%83%80%E3%83%BC%E3%83%96%E3%83%BC%E3%83%84%E3%80%80%E3%83%96%E3%83%A9%E3%82%A6%E3%83%B3 HTTP/1.1" 200 289030 "-" "Mozilla/5.0 (Linux; Android 6.0.1; Nexus 5X Build/MMB29P) AppleWebKit/537.36 (KHTML, like Gecko) Chrome/138.0.7204.183 Mobile Safari/537.36 (compatible; Googlebot/2.1; +http://www.google.com/bot.html)"
114.119.130.154 - - [20/Aug/2025:01:10:12 +0000] "GET /?g=7292183636601&channel=2ac475&from=product.php?id%3D836366-8887%26name%3D%E3%83%87%E3%82%A3%E3%82%AF%E3%82%BB%E3%83%AB%2BX%2Btype%2B%E3%83%96%E3%83%AC%E3%83%BC%E3%82%AD%E3%83%91%E3%83%83%E3%83%89%2B1510957%2B%E3%83%AA%E3%82%A2%2BBMW%2BALPINA%2BE92%2BB3%2BGT3%2B3K30%2BSTOPTECH%2B4POT%2B2012%E5%B9%B4%EF%BD%9E2013%E5%B9%B4 HTTP/1.1" 200 22735 "https://ugotechnologies.com/sitemap.xml" "Mozilla/5.0 (Linux; Android 7.0;) AppleWebKit/537.36 (KHTML, like Gecko) Mobile Safari/537.36 (compatible; PetalBot;+https://webmaster.petalsearch.com/site/petalbot)"
66.249.79.199 - - [20/Aug/2025:01:10:32 +0000] "GET /?g=8217865149400&channel=7fa054&from=product.php%3Fid%3D651494-701%26name%3DDJI+Mavic+3%E3%82%B7%E3%83%AA%E3%83%BC%E3%82%BA+%E3%82%A4%E3%83%B3%E3%83%86%E3%83%AA%E3%82%B8%E3%82%A7%E3%83%B3%E3%83%88+%E3%83%95%E3%83%A9%E3%82%A4%E3%83%88%E3%83%90%E3%83%83%E3%83%86%E3%83%AA%E3%83%BC%E3%80%81%E4%BA%92%E6%8F%9B%E6%80%A7%EF%BC%9ADJI+Mavic+3+Pro%E3%80%81DJI+Mavic+3+Pro+Cine%E3%80%81DJI+Mavic+3+Classic%E3%80%81DJI+Mavic+3%E3%80%81DJI+Mavic+3+Cine%E3%80%81Mavic+3+Enterprise%E3%82%B7%E3%83%AA%E3%83%BC%E3%82%BA HTTP/1.1" 200 303096 "-" "Mozilla/5.0 (Linux; Android 6.0.1; Nexus 5X Build/MMB29P) AppleWebKit/537.36 (KHTML, like Gecko) Chrome/138.0.7204.183 Mobile Safari/537.36 (compatible; Googlebot/2.1; +http://www.google.com/bot.html)"
66.249.79.200 - - [20/Aug/2025:01:11:15 +0000] "GET /?g=0422751461404&channel=50fe6f&from=goods.php%3Fid%3D514614-1193%26name%3DWORK+EMOTION+T5R+GSL+%E3%82%B0%E3%83%AD%E3%83%BC%E3%82%B7%E3%83%AB%E3%83%90%E3%83%BC+%E3%82%A8%E3%83%A2%E3%83%BC%E3%82%B7%E3%83%A7%E3%83%B3+18%E3%82%A4%E3%83%B3%E3%83%81+5H114.3+7.5J%2B48+4%E6%9C%AC+4%E6%9C%AC%E8%B3%BC%E5%85%A5%E3%81%A7%E9%80%81%E6%96%99%E7%84%A1%E6%96%99+%E3%82%BB%E3%83%AC%E3%83%8A+%E3%83%97%E3%83%AA%E3%82%A6%E3%82%B9%CE%B1+%E3%83%B4%E3%82%A9%E3%82%AF%E3%82%B7%E3%83%BC+C-HR+CX-3 HTTP/1.1" 200 309241 "-" "Mozilla/5.0 (Linux; Android 6.0.1; Nexus 5X Build/MMB29P) AppleWebKit/537.36 (KHTML, like Gecko) Chrome/138.0.7204.183 Mobile Safari/537.36 (compatible; Googlebot/2.1; +http://www.google.com/bot.html)"
114.119.153.152 - - [20/Aug/2025:01:11:36 +0000] "GET /?g=72908105383807&channel=be8f2c&from=goods.php?id%3D1053838-900%26name%3D%E3%80%906/22%2B20%E6%99%82%E3%80%9C%2B%E5%85%A8%E5%93%81P5%E5%80%8D%EF%BC%86%E3%82%AF%E3%83%BC%E3%83%9D%E3%83%B3%E3%80%91%E3%83%88%E3%83%A8%E3%82%BF%2B%E3%83%97%E3%83%AA%E3%82%A6%E3%82%B9(50%E7%B3%BB)%E7%94%A8%2B215/45R17%2B87Q%2B%E3%83%96%E3%83%AA%E3%83%82%E3%82%B9%E3%83%88%E3%83%B3%2B%E3%82%A2%E3%82%A4%E3%82%B9%E3%83%91%E3%83%BC%E3%83%88%E3%83%8A%E3%83%BC2%2B%E6%AD%A3%E8%A6%8F%E5%93%81%2B%E3%82%A6%E3%82%A7%E3%83%83%E3%82%BA%2B%E3%83%AC%E3%82%AA%E3%83%8B%E3%82%B9%2BMX%2BBMCMC%2B%E6%96%B0%E5%93%81%E3%82%B9%E3%82%BF%E3%83%83%E3%83%89%E3%83%AC%E3%82%B9%E3%82%BF%E3%82%A4%E3%83%A4%E3%83%9B%E3%82%A4%E3%83%BC%E3%83%AB%2B4%E6%9C%AC%E3%82%BB%E3%83%83%E3%83%88 HTTP/1.1" 200 22735 "https://ugotechnologies.com/sitemap.xml" "Mozilla/5.0 (Linux; Android 7.0;) AppleWebKit/537.36 (KHTML, like Gecko) Mobile Safari/537.36 (compatible; PetalBot;+https://webmaster.petalsearch.com/site/petalbot)"
66.249.68.39 - - [20/Aug/2025:01:11:58 +0000] "GET /?g=6981655538707&channel=db6dd6&from=brands.php%3Fid%3D555387-4367%26name%3D%E8%B6%85%E8%BB%BD%E9%87%8F+%E3%82%A2%E3%83%AB%E3%83%9F%E3%83%95%E3%83%AC%E3%83%BC%E3%83%A0++%E3%82%AD%E3%83%A3%E3%83%AA%E3%83%BC%E3%82%B1%E3%83%BC%E3%82%B9+%E8%80%90%E8%A1%9D%E6%92%83+TSA%E3%83%AD%E3%83%83%E3%82%AF%E4%BB%98%E3%80%80%E3%83%96%E3%83%A9%E3%83%83%E3%82%AF HTTP/1.1" 200 22735 "-" "Mozilla/5.0 (Linux; Android 6.0.1; Nexus 5X Build/MMB29P) AppleWebKit/537.36 (KHTML, like Gecko) Chrome/138.0.7204.183 Mobile Safari/537.36 (compatible; Googlebot/2.1; +http://www.google.com/bot.html)"
114.119.153.152 - - [20/Aug/2025:01:13:00 +0000] "GET /?g=72862164732502&channel=3896ee&from=news.php?id%3D1647325-708%26name%3D%E3%82%B0%E3%83%A9%E3%83%9F%E3%83%81%2B%E3%82%A2%E3%83%BC%E3%83%90%E3%83%B3%E3%83%AA%E3%82%B5%E3%83%BC%E3%83%81%2B%E3%83%87%E3%83%8B%E3%83%A0%E3%82%AF%E3%83%AD%E3%83%83%E3%83%97%E3%83%89%E3%83%9E%E3%82%A6%E3%83%B3%E3%83%86%E3%83%B3%E3%83%91%E3%83%B3%E3%83%84 HTTP/1.1" 200 22735 "https://ugotechnologies.com/sitemap.xml" "Mozilla/5.0 (Linux; Android 7.0;) AppleWebKit/537.36 (KHTML, like Gecko) Mobile Safari/537.36 (compatible; PetalBot;+https://webmaster.petalsearch.com/site/petalbot)"
66.249.79.200 - - [20/Aug/2025:01:13:26 +0000] "GET /?g=2024638971604&channel=842f9a&from=news.php%3Fid%3D389716-3431%26name%3D%E3%80%90%E6%A1%83%E3%80%91%E6%8F%90%E3%81%92%E7%89%A9%EF%BC%9A%E9%87%91%E5%B7%A5%E9%8A%80%E5%9C%B0%E8%99%8E%E3%81%AE%E5%9B%B3%E9%A3%BE%E3%82%8A%E9%87%91%E5%85%B7%E9%9D%A9%E8%A3%BD%E7%85%99%E8%8D%89%E5%85%A5%E3%82%8C HTTP/1.1" 200 22735 "-" "Mozilla/5.0 (Linux; Android 6.0.1; Nexus 5X Build/MMB29P) AppleWebKit/537.36 (KHTML, like Gecko) Chrome/138.0.7204.183 Mobile Safari/537.36 (compatible; Googlebot/2.1; +http://www.google.com/bot.html)"
66.249.79.198 - - [20/Aug/2025:01:14:10 +0000] "GET /?g=1237112446705&channel=f2617b&from=blog.php%3Fid%3D124467-4693%26name%3DSUNSTAR+%E3%82%B5%E3%83%B3%E3%82%B9%E3%82%BF%E3%83%BC+PREMIUM+RACING+%5B%E3%83%97%E3%83%AC%E3%83%9F%E3%82%A2%E3%83%A0%E3%83%AC%E3%83%BC%E3%82%B7%E3%83%B3%E3%82%B0%5D+%E3%83%95%E3%83%AD%E3%83%B3%E3%83%88%E3%83%87%E3%82%A3%E3%82%B9%E3%82%AF%E3%83%AD%E3%83%BC%E3%82%BF%E3%83%BC+YAMAHA+%E3%83%A4%E3%83%9E%E3%83%8F+%E3%83%96%E3%83%AC%E3%83%BC%E3%82%AD%E3%83%87%E3%82%A3%E3%82%B9%E3%82%AF%E3%83%AD%E3%83%BC%E3%82%BF%E3%83%BC+%E3%83%96%E3%83%AC%E3%83%BC%E3%82%AD HTTP/1.1" 200 307690 "-" "Mozilla/5.0 (Linux; Android 6.0.1; Nexus 5X Build/MMB29P) AppleWebKit/537.36 (KHTML, like Gecko) Chrome/138.0.7204.183 Mobile Safari/537.36 (compatible; Googlebot/2.1; +http://www.google.com/bot.html)"
114.119.151.93 - - [20/Aug/2025:01:14:22 +0000] "GET /?g=7271172728502&channel=dc3bba&from=shop.php?id%3D727285-916%26name%3D%E7%BE%8E%E5%93%81%2Bnew%E3%83%8B%E3%83%B3%E3%83%86%E3%83%B3%E3%83%89%E3%83%BC3DS%2BLL HTTP/1.1" 200 22735 "https://ugotechnologies.com/sitemap.xml" "Mozilla/5.0 (Linux; Android 7.0;) AppleWebKit/537.36 (KHTML, like Gecko) Mobile Safari/537.36 (compatible; PetalBot;+https://webmaster.petalsearch.com/site/petalbot)"
66.249.68.37 - - [20/Aug/2025:01:14:53 +0000] "GET /?g=5290740214908&channel=056d90&from=shop.php%3Fid%3D402149-47%26name%3D0210%E3%83%91%E3%83%8A%E3%82%BD%E3%83%8B%E3%83%83%E3%82%AF%E9%9B%BB%E5%8B%95%E8%87%AA%E8%BB%A2%E8%BB%8A HTTP/1.1" 200 22735 "-" "Mozilla/5.0 (Linux; Android 6.0.1; Nexus 5X Build/MMB29P) AppleWebKit/537.36 (KHTML, like Gecko) Chrome/138.0.7204.183 Mobile Safari/537.36 (compatible; Googlebot/2.1; +http://www.google.com/bot.html)"
66.249.79.198 - - [20/Aug/2025:01:15:38 +0000] "GET /?g=7778926645401&channel=85d6fe&from=category-info.php%3Fid%3D266454-2409%26name%3DKOINOR+%EF%BD%BD%EF%BE%82%EF%BD%B0%EF%BE%99+%E7%BE%8E%E5%93%81+%E5%AE%9A%E4%BE%A1148100%E5%86%86+%E3%80%90%EF%BE%84%EF%BE%9A%EF%BE%8C%EF%BD%A7%EF%BD%B8%E6%A1%B6%E5%B7%9D%E5%BA%97%E3%80%91 HTTP/1.1" 200 304993 "-" "Mozilla/5.0 (Linux; Android 6.0.1; Nexus 5X Build/MMB29P) AppleWebKit/537.36 (KHTML, like Gecko) Chrome/138.0.7204.183 Mobile Safari/537.36 (compatible; Googlebot/2.1; +http://www.google.com/bot.html)"
114.119.157.43 - - [20/Aug/2025:01:15:47 +0000] "GET /?g=7266862797703&channel=a87af1&from=shop.php?id%3D627977-551%26name%3D%E3%82%B9%E3%83%BC%E3%82%B8%E3%83%BC%E3%82%AF%E3%83%BC%E3%83%91%E3%83%BC%E3%80%80%E3%83%9B%E3%83%83%E3%83%88%E3%82%A6%E3%82%A9%E3%83%BC%E3%82%BF%E3%83%BC%E3%82%B8%E3%83%A3%E3%82%B0%E3%80%80%E3%83%89%E3%83%AC%E3%82%B9%E3%83%87%E3%83%B3%E3%82%B9%E3%83%97%E3%83%AC%E3%82%A4 HTTP/1.1" 200 22735 "https://ugotechnologies.com/sitemap.xml" "Mozilla/5.0 (Linux; Android 7.0;) AppleWebKit/537.36 (KHTML, like Gecko) Mobile Safari/537.36 (compatible; PetalBot;+https://webmaster.petalsearch.com/site/petalbot)"
52.167.144.169 - - [20/Aug/2025:01:16:03 +0000] "GET /e/A1090622 HTTP/1.1" 200 260304 "-" "Mozilla/5.0 AppleWebKit/537.36 (KHTML, like Gecko; compatible; bingbot/2.0; +http://www.bing.com/bingbot.htm) Chrome/116.0.1938.76 Safari/537.36"
66.249.79.200 - - [20/Aug/2025:01:16:23 +0000] "GET /?g=98262185374607&channel=d2b57f&from=shared.php%3Fid%3D1853746-692%26name%3D%E3%82%AB%E3%82%BA%E6%A7%98%E5%B0%82%E7%94%A8++OAKLEY+%E3%82%AA%E3%83%BC%E3%82%AF%E3%83%AA%E3%83%BC+HALF+JACKET+2.0+%E5%81%8F%E5%85%89 HTTP/1.1" 200 298568 "-" "Mozilla/5.0 (Linux; Android 6.0.1; Nexus 5X Build/MMB29P) AppleWebKit/537.36 (KHTML, like Gecko) Chrome/138.0.7204.183 Mobile Safari/537.36 (compatible; Googlebot/2.1; +http://www.google.com/bot.html)"
66.249.68.39 - - [20/Aug/2025:01:17:05 +0000] "GET /?g=9875726758207&channel=eb1016&from=blog.php%3Fid%3D267582-3105%26name%3D%E2%98%86%E3%82%AA%E3%82%A2%E3%82%B7%E3%82%B9oasis++%E3%82%B3%E3%83%B3%E3%83%97%E3%83%AA%E3%83%BC%E3%83%88%E3%82%B7%E3%83%B3%E3%82%B0%E3%83%AB%E3%82%B3%E3%83%AC%E3%82%AF%E3%82%B7%E3%83%A7%E3%83%B3%E3%83%9C%E3%83%83%E3%82%AF%E3%82%B9++%2794-05 HTTP/1.1" 200 22735 "-" "Mozilla/5.0 (Linux; Android 6.0.1; Nexus 5X Build/MMB29P) AppleWebKit/537.36 (KHTML, like Gecko) Chrome/138.0.7204.183 Mobile Safari/537.36 (compatible; Googlebot/2.1; +http://www.google.com/bot.html)"
114.119.153.152 - - [20/Aug/2025:01:17:11 +0000] "GET /?g=7263790217609&channel=f5cf63&from=article.php?id%3D902176-1140%26name%3D%3Cbr%3E%E3%80%9030%E6%97%A5%E3%80%9C1%E6%97%A5%2B48%E6%99%82%E9%96%93%E9%99%90%E5%AE%9A%E3%82%AF%E3%83%BC%E3%83%9D%E3%83%B3!!%E3%80%91%E3%80%90%E3%82%BF%E3%82%A4%E3%83%A4%E4%BA%A4%E6%8F%9B%E5%AF%BE%E8%B1%A1%E3%80%91%E3%82%B9%E3%83%90%E3%83%AB%2B%E3%83%AC%E3%83%B4%E3%82%A9%E3%83%BC%E3%82%B0%2BVM%E7%B3%BB%2B%E3%82%A6%E3%82%A7%E3%83%83%E3%82%BA%2B%E3%83%AC%E3%82%AA%E3%83%8B%E3%82%B9%2B%E3%83%8A%E3%83%B4%E3%82%A9%E3%82%A208%2BPBK%2B%E3%83%A8%E3%82%B3%E3%83%8F%E3%83%9E%2B%E3%83%96%E3%83%AB%E3%83%BC%E3%82%A2%E3%83%BC%E3%82%B9%2BGT%2BAE51%2B225/40R19%2B19%E3%82%A4%E3%83%B3%E3%83%81%2B%E3%82%B5%E3%83%9E%E3%83%BC%E3%82%BF%E3%82%A4%E3%83%A4%26%E3%83%9B%E3%82%A4%E3%83%BC%E3%83%AB%E3%82%BB%E3%83%83%E3%83%88%2B4%E6%9C%AC1%E5%8F%B0%E5%88%86 HTTP/1.1" 200 22735 "https://ugotechnologies.com/sitemap.xml" "Mozilla/5.0 (Linux; Android 7.0;) AppleWebKit/537.36 (KHTML, like Gecko) Mobile Safari/537.36 (compatible; PetalBot;+https://webmaster.petalsearch.com/site/petalbot)"
66.249.79.198 - - [20/Aug/2025:01:17:50 +0000] "GET /?g=9712829886804&channel=6acfe1&from=shop.php%3Fid%3D298868-13299%26name%3D%E3%80%90+%E5%B7%A6+10%E5%BA%A6%E3%80%91%E3%83%91%E3%83%A9%E3%83%80%E3%82%A4%E3%83%A0+%E3%82%B9%E3%83%86%E3%83%AB%E3%82%B9+%E3%82%88%E3%82%8A%E9%A3%9B%E3%81%B6%E6%9C%80%E5%BC%B7%E5%8F%8D%E7%99%BA%21+%E3%83%80%E3%82%A4%E3%83%8A%E3%82%B4%E3%83%AB%E3%83%95+%E3%83%80%E3%82%A4%E3%83%8A%E3%83%9F%E3%82%AF%E3%82%B9+UST%E3%83%9E%E3%83%9F%E3%83%A4+%E3%83%89%E3%83%A9%E3%82%B3%E3%83%B3+%E3%82%A2%E3%83%83%E3%82%BF%E3%82%B9+%E3%83%89%E3%83%A9%E3%82%A4%E3%83%90%E3%83%BC+%E3%83%A1%E3%83%B3%E3%82%BA+%E3%82%AF%E3%83%A9%E3%83%96 HTTP/1.1" 200 240841 "-" "Mozilla/5.0 (compatible; Googlebot/2.1; +http://www.google.com/bot.html)"
114.119.141.178 - - [20/Aug/2025:01:18:34 +0000] "GET /?g=7258034533700&channel=31af8d&from=shared.php?id%3D345337-412%26name%3DCallaway%2BRogue%2BST%2B%E3%83%88%E3%83%AA%E3%83%97%E3%83%AB%E3%83%80%E3%82%A4%E3%83%A4%E3%83%ABLS%2B%E3%83%89%E3%83%A9%E3%82%A4%E3%83%90%E3%83%BC%E3%80%809.0 HTTP/1.1" 200 22735 "https://ugotechnologies.com/sitemap.xml" "Mozilla/5.0 (Linux; Android 7.0;) AppleWebKit/537.36 (KHTML, like Gecko) Mobile Safari/537.36 (compatible; PetalBot;+https://webmaster.petalsearch.com/site/petalbot)"
66.249.79.199 - - [20/Aug/2025:01:18:34 +0000] "GET /?g=741811774703&channel=a0bf16&from=shared.php%3Fid%3D17747-3110%26name%3D%E2%89%AA%E6%96%B0%E5%93%81%E2%89%AB%E3%82%A8%E3%83%AB%E3%83%A1%E3%82%B9+%E3%82%AC%E3%83%BC%E3%83%87%E3%83%B3%E3%83%91%E3%83%BC%E3%83%86%E3%82%A3%E3%83%BC+TPM+30+%E3%83%88%E3%83%AF%E3%83%AB%E3%83%9F%E3%83%AA%E3%82%BF%E3%83%AA%E3%83%BC+%E3%83%8D%E3%82%B4%E3%83%B3%E3%83%80+%E3%83%B4%E3%82%A1%E3%83%8B%E3%83%A9+%E3%83%99%E3%83%BC%E3%82%B8%E3%83%A5%E3%83%9E%E3%83%AB%E3%83%95%E3%82%A1+%E3%82%B7%E3%83%AB%E3%83%90%E3%83%BC%E9%87%91%E5%85%B7+%E3%83%88%E3%83%BC%E3%83%88%E3%83%90%E3%83%83%E3%82%B0+B%E5%88%BB%E5%8D%B0+%E2%89%AABrandNew%E2%89%ABHermes+Garden+Party+TPM+30+Toile+Military+Negonda+Vanille+Beige+Marfa+Silver+Hardware+Tote+Bag HTTP/1.1" 200 22735 "-" "Mozilla/5.0 (Linux; Android 6.0.1; Nexus 5X Build/MMB29P) AppleWebKit/537.36 (KHTML, like Gecko) Chrome/138.0.7204.183 Mobile Safari/537.36 (compatible; Googlebot/2.1; +http://www.google.com/bot.html)"
66.249.79.198 - - [20/Aug/2025:01:19:17 +0000] "GET /?g=0804111904&channel=0c59b8&from=news.php%3Fid%3D119-221%26name%3D%E7%BE%8E%E5%93%81%E3%80%80CLANNAD+1%E6%9C%9F%2B2%E6%9C%9F+Blu-ray+BOX%E3%82%BB%E3%83%83%E3%83%88%E3%80%80%E5%88%9D%E5%9B%9E%E9%99%90%E5%AE%9A%E7%89%88 HTTP/1.1" 200 281267 "-" "Mozilla/5.0 (Linux; Android 6.0.1; Nexus 5X Build/MMB29P) AppleWebKit/537.36 (KHTML, like Gecko) Chrome/138.0.7204.183 Mobile Safari/537.36 (compatible; Googlebot/2.1; +http://www.google.com/bot.html)"
114.119.136.30 - - [20/Aug/2025:01:19:57 +0000] "GET /?g=7252681042307&channel=6cd817&from=blog.php?id%3D810423-7770%26name%3D%E3%80%90%E4%B8%AD%E5%8F%A4%E3%80%91%E3%83%86%E3%83%BC%E3%83%A9%E3%83%BC%E3%83%A1%E3%82%A4%E3%83%89%E3%80%80STEALTH%E3%80%80%E3%82%B9%E3%83%86%E3%83%AB%E3%82%B92%2B%E3%83%95%E3%82%A7%E3%82%A2%E3%82%A6%E3%82%A7%E3%82%A4%E3%82%A6%E3%83%83%E3%83%89%2BTour%2BAD%2BCQ-6%E3%80%80%3Cbr%3E%E3%80%903W%E3%80%91%3Cbr%3E%E3%82%B7%E3%83%A3%E3%83%95%E3%83%88%EF%BC%9ATour%2BAD%2BCQ-6%3Cbr%3EC%E3%83%A9%E3%83%B3%E3%82%AF%E3%80%80%E3%83%95%E3%83%AC%E3%83%83%E3%82%AF%E3%82%B9S%E3%80%80%E7%94%B7%E6%80%A7%E7%94%A8%2B%E3%83%A1%E3%83%B3%E3%82%BA%E7%94%A8%E3%80%80%E5%8F%B3%E7%94%A8 HTTP/1.1" 200 22735 "https://ugotechnologies.com/sitemap.xml" "Mozilla/5.0 (Linux; Android 7.0;) AppleWebKit/537.36 (KHTML, like Gecko) Mobile Safari/537.36 (compatible; PetalBot;+https://webmaster.petalsearch.com/site/petalbot)"
66.249.68.37 - - [20/Aug/2025:01:19:59 +0000] "GET /?g=5833973213906&channel=91c890&from=article.php%3Fid%3D732139-18686%26name%3D%5BBFHETYU%5D+%E5%B7%BE%E7%9D%80%E3%83%90%E3%83%83%E3%82%AF+%E3%82%B8%E3%83%A0%E3%82%B5%E3%83%83%E3%82%AF+%E3%83%8A%E3%83%83%E3%83%97%E3%82%B5%E3%83%83%E3%82%AF+%E8%BB%BD%E9%87%8F+%E9%98%B2%E6%B0%B4+%E6%97%85%E8%A1%8C+%E3%82%A2%E3%82%A6%E3%83%88%E3%83%89%E3%82%A2+%E3%82%B9%E3%83%9D%E3%83%BC%E3%83%84%E3%82%B8%E3%83%A0+%E3%82%B8%E3%83%A0%E3%83%90%E3%83%83%E3%82%B0+%E9%81%8B%E5%8B%95%E3%83%88%E3%83%AC%E3%83%BC%E3%83%8B%E3%83%B3%E3%82%B0 HTTP/1.1" 200 22735 "-" "Mozilla/5.0 (Linux; Android 6.0.1; Nexus 5X Build/MMB29P) AppleWebKit/537.36 (KHTML, like Gecko) Chrome/138.0.7204.183 Mobile Safari/537.36 (compatible; Googlebot/2.1; +http://www.google.com/bot.html)"
