66.249.79.198 - - [20/Aug/2025:04:56:37 +0000] "GET /?g=80202111279000&channel=f5cf63&from=pin.php%3Fid%3D1112790-1140%26name%3D%5B7%2F1%5D%E3%82%B9%E3%83%88%E3%82%A2%E3%83%9D%E3%82%A4%E3%83%B3%E3%83%885%E5%80%8D%EF%BC%81%3Cbr%3E%E6%96%B0%E5%93%81+%E3%82%B5%E3%83%9E%E3%83%BC%E3%82%BF%E3%82%A4%E3%83%A4+%E3%83%9B%E3%82%A4%E3%83%BC%E3%83%AB4%E6%9C%AC%E3%82%BB%E3%83%83%E3%83%88%3Cbr%3E%3Cbr%3E%E3%83%AC%E3%82%A4%E3%82%BA++%E3%83%99%E3%83%AB%E3%82%B5%E3%82%B9+CRAFT+COLLECTION+%E3%83%B4%E3%82%A9%E3%82%A6%E3%82%B8%E3%82%A7+LIMITED%28%E3%82%B0%E3%83%AC%E3%82%A4%E3%82%B9%E3%82%B4%E3%83%BC%E3%83%AB%E3%83%89%29%3Cbr%3E19%E3%82%A4%E3%83%B3%E3%83%81+8.0J%3Cbr%3E%3Cbr%3E%E3%83%96%E3%83%AA%E3%83%82%E3%82%B9%E3%83%88%E3%83%B3+REGNO+%E3%83%AC%E3%82%B0%E3%83%8E+GR-XIII%28GR-X3%29+TYPE+RV%3Cbr%3E245%2F45R19%EF%BC%88%E3%83%AA%E3%82%B6%E3%83%BC%E3%83%89+%E3%82%A8%E3%82%A2%E3%83%BC%EF%BC%88ReZARD+AirStarter+Kit%EF%BC%89%EF%BC%89 HTTP/1.1" 200 308735 "-" "Mozilla/5.0 (Linux; Android 6.0.1; Nexus 5X Build/MMB29P) AppleWebKit/537.36 (KHTML, like Gecko) Chrome/138.0.7204.183 Mobile Safari/537.36 (compatible; Googlebot/2.1; +http://www.google.com/bot.html)"
66.249.79.198 - - [20/Aug/2025:04:56:55 +0000] "GET /?g=84024168062803&channel=3b9a57&from=jp.php%3Fid%3D1680628-8004%26name%3D%E3%82%A2%E3%83%AB%E3%83%95%E3%82%A1%E3%83%BC%E3%83%89+235%2F50R18+%E3%83%9B%E3%82%A4%E3%83%BC%E3%83%AB%E3%82%BB%E3%83%83%E3%83%88+%7C+%E3%83%A8%E3%82%B3%E3%83%8F%E3%83%9E+%E3%82%B8%E3%82%AA%E3%83%A9%E3%83%B3%E3%83%80%E3%83%BC+G058+%26+%E3%83%9E%E3%83%83%E3%83%89%E3%83%B4%E3%82%A1%E3%83%B3%E3%82%B9X+%E3%82%BF%E3%82%A4%E3%83%97M+18%E3%82%A4%E3%83%B3%E3%83%81+5%E7%A9%B4114.3 HTTP/1.1" 200 300181 "-" "Mozilla/5.0 (Linux; Android 6.0.1; Nexus 5X Build/MMB29P) AppleWebKit/537.36 (KHTML, like Gecko) Chrome/138.0.7204.183 Mobile Safari/537.36 (compatible; Googlebot/2.1; +http://www.google.com/bot.html)"
66.249.79.200 - - [20/Aug/2025:04:57:12 +0000] "GET /?g=23102144281500&channel=be8f2c&from=blog.php%3Fid%3D1442815-900%26name%3D%E3%80%90%E6%96%B0%E5%93%81%E3%80%91%E8%BC%B8%E5%85%A5%E8%BB%8A%E7%94%A8+VW%EF%BC%88%E3%83%9D%E3%83%AD+AW%EF%BC%89%3CBR%3E+%E3%82%B9%E3%82%BF%E3%83%83%E3%83%89%E3%83%AC%E3%82%B9%E3%82%BF%E3%82%A4%E3%83%A4+%E3%83%9B%E3%82%A4%E3%83%BC%E3%83%AB%EF%BC%94%E6%9C%AC%E3%82%BB%E3%83%83%E3%83%88%3CBR%3E+195%2F55R16%3CBR%3E+%E3%83%94%E3%83%AC%E3%83%AA+%E3%82%A6%E3%82%A3%E3%83%B3%E3%82%BF%E3%83%BC+%E3%82%A2%E3%82%A4%E3%82%B9%E3%82%A2%E3%82%B7%E3%83%B3%E3%83%A1%E3%83%88%E3%83%AA%E3%82%B3+%E3%83%97%E3%83%A9%E3%82%B9%3CBR%3E+MSW+by+OZ+Racing+MSW+60%28%E3%82%B0%E3%83%AD%E3%82%B9%E3%83%96%E3%83%A9%E3%83%83%E3%82%AF%29%3CBR%3E+16%E3%82%A4%E3%83%B3%E3%83%81%28%E9%80%81%E6%96%99%E7%84%A1%E6%96%99%29 HTTP/1.1" 200 315633 "-" "Mozilla/5.0 (Linux; Android 6.0.1; Nexus 5X Build/MMB29P) AppleWebKit/537.36 (KHTML, like Gecko) Chrome/138.0.7204.183 Mobile Safari/537.36 (compatible; Googlebot/2.1; +http://www.google.com/bot.html)"
66.249.79.199 - - [20/Aug/2025:04:57:30 +0000] "GET /?g=0728635371700&channel=e7b74a&from=goods.php%3Fid%3D353717-2753%26name%3D%E3%83%9E%E3%82%AD%E3%82%BF%28Makita%29+%E5%85%85%E9%9B%BB%E5%BC%8F%E3%83%89%E3%83%A9%E3%82%A4%E3%83%90%E3%83%89%E3%83%AA%E3%83%AB+10.8V%2F4.0Ah+%E6%9C%AC%E4%BD%93%E3%81%AE%E3%81%BF+DF332DZ+1 HTTP/1.1" 200 311851 "-" "Mozilla/5.0 (Linux; Android 6.0.1; Nexus 5X Build/MMB29P) AppleWebKit/537.36 (KHTML, like Gecko) Chrome/138.0.7204.183 Mobile Safari/537.36 (compatible; Googlebot/2.1; +http://www.google.com/bot.html)"
114.119.136.30 - - [20/Aug/2025:04:57:34 +0000] "GET /?g=52638157968703&channel=a6391c&from=brands.php?id%3D1579687-7929%26name%3D%E3%83%95%E3%82%A9%E3%82%AF%E3%82%B7%E3%83%BC%E3%83%96%E3%83%86%E3%82%A3%E3%83%83%E3%82%AF%2B42432%2B%E3%82%B9%E3%83%BC%E3%83%84%2B38%2B%E3%83%99%E3%83%BC%E3%82%B8%E3%83%A5%2B%E3%82%BB%E3%83%83%E3%83%88%E3%82%A2%E3%83%83%E3%83%97%2B%E3%82%B8%E3%83%A3%E3%82%B1%E3%83%83%E3%83%88%2B%E3%83%AF%E3%83%B3%E3%83%94%E3%83%BC%E3%82%B9%E3%80%90%E4%B8%AD%E5%8F%A4%E3%80%91%2BITC9SV9DSCZ0 HTTP/1.1" 200 22735 "https://ugotechnologies.com/sitemap.xml" "Mozilla/5.0 (Linux; Android 7.0;) AppleWebKit/537.36 (KHTML, like Gecko) Mobile Safari/537.36 (compatible; PetalBot;+https://webmaster.petalsearch.com/site/petalbot)"
66.249.79.198 - - [20/Aug/2025:04:58:03 +0000] "GET /?g=65001137026107&channel=be8f2c&from=pin.php%3Fid%3D1370261-900%26name%3D225%2F40R18+92Q+XL+%E3%83%80%E3%83%B3%E3%83%AD%E3%83%83%E3%83%97+%E3%82%A6%E3%82%A3%E3%83%B3%E3%82%BF%E3%83%BC%E3%83%9E%E3%83%83%E3%82%AF%E3%82%B9+03%28WM03%29+%E3%82%A8%E3%83%A0%E3%82%A8%E3%83%AB%E3%82%B8%E3%82%A7%E3%82%A4+%E3%82%A8%E3%82%AF%E3%82%B9%E3%83%88%E3%83%AA%E3%83%BC%E3%83%A0J+XJ03+Flat+Black+Smoke+18-8J+%E5%9B%BD%E7%94%A3%E8%BB%8A%E7%94%A8+%E3%82%B9%E3%82%BF%E3%83%83%E3%83%89%E3%83%AC%E3%82%B9%E3%82%BF%E3%82%A4%E3%83%A4%E3%83%9B%E3%82%A4%E3%83%BC%E3%83%AB4%E6%9C%AC%E3%82%BB%E3%83%83%E3%83%88 HTTP/1.1" 200 314601 "-" "Mozilla/5.0 (Linux; Android 6.0.1; Nexus 5X Build/MMB29P) AppleWebKit/537.36 (KHTML, like Gecko) Chrome/138.0.7204.183 Mobile Safari/537.36 (compatible; Googlebot/2.1; +http://www.google.com/bot.html)"
66.249.79.199 - - [20/Aug/2025:04:58:38 +0000] "GET /?g=21464147120201&channel=c44767&from=news.php%3Fid%3D1471202-1196%26name%3Dttomoviba%E6%A7%98%E5%B0%82%E7%94%A8%E2%98%85%E7%B6%BA%E9%BA%97%E2%98%86++%E6%96%B0%E7%94%9F%E5%85%90OK%E2%98%86+%E3%83%88%E3%83%A8%E3%82%BF%E7%B4%94%E6%AD%A3%E5%93%81%EF%BC%882%E6%9E%9Aset+NSZT-Y68T+%E3%83%88%E3%83%A8%E3%82%BF9%E3%82%A4%E3%83%B3%E3%83%81%E7%B4%94%E6%AD%A3%E3%83%8A%E3%83%93%E3%82%B2%E3%83%BC%E3%82%B7%E3%83%A7%E3%83%B3%E5%B0%82%E7%94%A8%E3%83%95%E3%82%A3%E3%83%AB%E3%83%A0+CH-R+RAV4+GR86+%E3%83%97%E3%83%AA%E3%82%A6%E3%82%B9+%E3%82%A2%E3%82%AF%E3%82%A2+%E3%82%A2%E3%83%AB%E3%83%95%E3%82%A1%E3%83%BC%E3%83%89+%E3%83%B4%E3%82%A9%E3%82%AF%E3%82%B7%E3%83%BC++%E3%82%BF%E3%83%B3%E3%82%AF+%E3%83%AB%E3%83%BC%E3%83%9F%E3%83%BC+%E3%82%AB%E3%83%AD%E3%83%BC%E3%83%A9%E7%AD%89+%3A+%E3%82%B8%E3%83%A3%E3%82%B9%E3%83%93%E3%83%BC+-+%E9%80%9A%E8%B2%A9+-+Yahoo%21%E3%82%B7%E3%83%A7%E3%83%83%E3%83%94%E3%83%B3%E3%82%B0%EF%BC%89 HTTP/1.1" 200 302934 "-" "Mozilla/5.0 (Linux; Android 6.0.1; Nexus 5X Build/MMB29P) AppleWebKit/537.36 (KHTML, like Gecko) Chrome/138.0.7204.183 Mobile Safari/537.36 (compatible; Googlebot/2.1; +http://www.google.com/bot.html)"
114.119.157.43 - - [20/Aug/2025:04:58:57 +0000] "GET /?g=52490102427202&channel=eddb09&from=jp.php?id%3D1024272-397%26name%3DPRADA%2B%E3%83%97%E3%83%A9%E3%83%80%2B%E3%83%8A%E3%82%A4%E3%83%AD%E3%83%B3%2B%E3%83%AD%E3%82%B4%E3%83%97%E3%83%AC%E3%83%BC%E3%83%88%2B%E3%82%B7%E3%83%A7%E3%83%AB%E3%83%80%E3%83%BC%E3%83%90%E3%83%83%E3%82%B0%2B%E3%83%96%E3%83%A9%E3%82%A6%E3%83%B3 HTTP/1.1" 200 22735 "https://ugotechnologies.com/sitemap.xml" "Mozilla/5.0 (Linux; Android 7.0;) AppleWebKit/537.36 (KHTML, like Gecko) Mobile Safari/537.36 (compatible; PetalBot;+https://webmaster.petalsearch.com/site/petalbot)"
66.249.79.199 - - [20/Aug/2025:04:59:13 +0000] "GET /?g=4830067978101&channel=14ea06&from=product.php%3Fid%3D679781-557%26name%3DSmallRig+%E4%B8%89%E8%84%9A+%E4%B8%80%E7%9C%BC%E3%83%AC%E3%83%95+%E4%B8%89%E8%84%9A+%E3%82%B3%E3%83%B3%E3%83%91%E3%82%AF%E3%83%88+%E3%82%A2%E3%83%AB%E3%83%9F+360%C2%B0%E8%87%AA%E7%94%B1%E9%9B%B2%E5%8F%B0+2%E3%81%A4%E3%81%AEArca-Swiss%E7%94%A8%E3%82%AF%E3%82%A4%E3%83%83%E3%82%AF%E3%83%AA%E3%83%AA%E3%83%BC%E3%82%B9%E3%83%97%E3%83%AC%E3%83%BC%E3%83%88%E4%BB%98%E3%81%8D%E4%B8%89%E8%84%9A+4%E6%AE%B5+%E4%B8%AD%E5%BF%83%E8%BB%B8%E5%8F%8D%E8%BB%A2+%E4%B8%80%E8%84%9A%E5%8F%AF%E5%A4%89%E5%BC%8F3760B HTTP/1.1" 200 308857 "-" "Mozilla/5.0 (Linux; Android 6.0.1; Nexus 5X Build/MMB29P) AppleWebKit/537.36 (KHTML, like Gecko) Chrome/138.0.7204.183 Mobile Safari/537.36 (compatible; Googlebot/2.1; +http://www.google.com/bot.html)"
66.249.79.198 - - [20/Aug/2025:04:59:48 +0000] "GET /?g=89841162160602&channel=efd78a&from=info.php%3Fid%3D1621606-677%26name%3D%E3%80%90%E6%A5%B5%E7%BE%8E%E3%80%91%E3%82%A2%E3%83%B3%E3%82%BF%E3%82%A4%E3%83%88%E3%83%AB+%E3%82%A2%E3%83%B3%E3%82%B4%E3%83%A9%E6%B7%B7+%E3%82%B9%E3%83%BC%E3%83%84+1+W66+%E7%A7%8B%E5%86%AC+DMW HTTP/1.1" 200 304089 "-" "Mozilla/5.0 (Linux; Android 6.0.1; Nexus 5X Build/MMB29P) AppleWebKit/537.36 (KHTML, like Gecko) Chrome/138.0.7204.183 Mobile Safari/537.36 (compatible; Googlebot/2.1; +http://www.google.com/bot.html)"
114.119.141.178 - - [20/Aug/2025:05:00:22 +0000] "GET /?g=5248217045808&channel=f5cf63&from=blog.php?id%3D170458-1140%26name%3DWEDS%2B73522%2BTC105X%2BEJ%2B%E3%82%A6%E3%82%A7%E3%83%83%E3%82%BA%2B%E3%82%B9%E3%83%9D%E3%83%BC%E3%83%84%2B%E3%83%9B%E3%82%A4%E3%83%BC%E3%83%AB%2B17%E3%82%A4%E3%83%B3%E3%83%81%2B17%2BX%2B8.5J%2B%2B32%2B5%E7%A9%B4%2B114.3%2B%3Cbr%3E%E3%83%96%E3%83%AA%E3%83%82%E3%82%B9%E3%83%88%E3%83%B3%2BALENZA%2B%E3%82%A2%E3%83%AC%E3%83%B3%E3%82%B6%2BLX100%2B%E3%82%B5%E3%83%9E%E3%83%BC%E3%82%BF%E3%82%A4%E3%83%A4%2B245/65R17 HTTP/1.1" 200 22735 "https://ugotechnologies.com/sitemap.xml" "Mozilla/5.0 (Linux; Android 7.0;) AppleWebKit/537.36 (KHTML, like Gecko) Mobile Safari/537.36 (compatible; PetalBot;+https://webmaster.petalsearch.com/site/petalbot)"
66.249.79.200 - - [20/Aug/2025:05:00:23 +0000] "GET /?g=12927187568700&channel=f96765&from=brands.php%3Fid%3D1875687-8826%26name%3DDIXCEL+%E3%83%87%E3%82%A3%E3%82%AF%E3%82%BB%E3%83%AB+%E3%83%96%E3%83%AC%E3%83%BC%E3%82%AD%E3%83%AD%E3%83%BC%E3%82%BF%E3%83%BC+PD%E3%82%BF%E3%82%A4%E3%83%97+%E3%83%AA%E3%82%A2+VOLVO+%E3%83%9C%E3%83%AB%E3%83%9C+V40+D4+2.0+MD4204T+1658280+PD HTTP/1.1" 200 304349 "-" "Mozilla/5.0 (Linux; Android 6.0.1; Nexus 5X Build/MMB29P) AppleWebKit/537.36 (KHTML, like Gecko) Chrome/138.0.7204.183 Mobile Safari/537.36 (compatible; Googlebot/2.1; +http://www.google.com/bot.html)"
66.249.79.199 - - [20/Aug/2025:05:00:58 +0000] "GET /?g=90954195045500&channel=db93f4&from=goods.php%3Fid%3D1950455-15161%26name%3D%E3%82%A2%E3%83%87%E3%82%A3%E3%83%80%E3%82%B9+%E3%82%A2%E3%83%87%E3%82%A3%E3%82%BC%E3%83%AD+%E3%83%95%E3%82%A3%E3%83%8D%E3%82%B9+%E3%83%A9%E3%83%B3%E3%83%8B%E3%83%B3%E3%82%B0+%2F+Adizero+Finesse+Running+%E9%99%B8%E4%B8%8A+%E3%82%B9%E3%83%91%E3%82%A4%E3%82%AF+%E3%82%B7%E3%83%A5%E3%83%BC%E3%82%BA HTTP/1.1" 200 299239 "-" "Mozilla/5.0 (Linux; Android 6.0.1; Nexus 5X Build/MMB29P) AppleWebKit/537.36 (KHTML, like Gecko) Chrome/138.0.7204.183 Mobile Safari/537.36 (compatible; Googlebot/2.1; +http://www.google.com/bot.html)"
66.249.79.198 - - [20/Aug/2025:05:01:33 +0000] "GET /?g=8625040568100&channel=66fffe&from=pin.php%3Fid%3D405681-10401%26name%3DDRIVEN+%E3%83%89%E3%83%AA%E3%83%96%E3%83%B3+%E3%83%AA%E3%82%A2%E3%82%B9%E3%83%97%E3%83%AD%E3%82%B1%E3%83%83%E3%83%88+%E3%82%AB%E3%83%A9%E3%83%BC%EF%BC%9A%E3%82%B4%E3%83%BC%E3%83%AB%E3%83%89+%2F+%E4%B8%81%E6%95%B0%EF%BC%9A44%E4%B8%81+GSX-R1000+GSX-R1000R+SUZUKI+%E3%82%B9%E3%82%BA%E3%82%AD+%E3%83%89%E3%83%AA%E3%83%96%E3%83%B3%E3%82%B9%E3%83%97%E3%83%AD%E3%82%B1%E3%83%83%E3%83%88%E3%83%BB%E3%83%AA%E3%82%A2%E3%82%B9%E3%83%97%E3%83%AD%E3%82%B1%E3%83%83%E3%83%88+%E9%A7%86%E5%8B%95%E7%B3%BB HTTP/1.1" 200 312081 "-" "Mozilla/5.0 (Linux; Android 6.0.1; Nexus 5X Build/MMB29P) AppleWebKit/537.36 (KHTML, like Gecko) Chrome/138.0.7204.183 Mobile Safari/537.36 (compatible; Googlebot/2.1; +http://www.google.com/bot.html)"
114.119.153.152 - - [20/Aug/2025:05:01:45 +0000] "GET /?g=52017135389904&channel=b57b17&from=shared.php?id%3D1353899-697%26name%3D2019AW%2BTETTY%2BCORDUROY%2BLS%2BSHIRT%2B2 HTTP/1.1" 200 22735 "https://ugotechnologies.com/sitemap.xml" "Mozilla/5.0 (Linux; Android 7.0;) AppleWebKit/537.36 (KHTML, like Gecko) Mobile Safari/537.36 (compatible; PetalBot;+https://webmaster.petalsearch.com/site/petalbot)"
66.249.68.38 - - [20/Aug/2025:05:02:08 +0000] "GET /?cqdbuyaoiz1607181 HTTP/1.1" 200 304234 "-" "Mozilla/5.0 (Linux; Android 6.0.1; Nexus 5X Build/MMB29P) AppleWebKit/537.36 (KHTML, like Gecko) Chrome/138.0.7204.183 Mobile Safari/537.36 (compatible; Googlebot/2.1; +http://www.google.com/bot.html)"
45.4.56.160 - - [20/Aug/2025:05:02:29 +0000] "GET /?g=42184108494206&channel=c9eda0&from=category-info.php?id%3D1084942-2176%26name%3D%E3%83%93%E3%82%B9%E3%82%AFDoll%E2%9D%A4(*%5E%E3%83%BC%60)Angel%E3%83%96%E3%83%AA%E3%83%A5%E2%9D%A4%E3%83%9E%E3%83%89%E3%83%AC%E3%83%BC%E3%83%8C%E3%81%A1%E3%82%83%E3%82%93%E5%BE%A1%E4%BA%88%E7%B4%84%E2%9D%A4%E2%9D%A4%E2%9D%A4 HTTP/1.1" 200 22735 "https://www.ugotechnologies.com/?g=42184108494206&channel=c9eda0&from=category-info.php%3Fid%3D1084942-2176%26name%3D%E3%83%93%E3%82%B9%E3%82%AFDoll%E2%9D%A4%28%2A%5E%E3%83%BC%60%29Angel%E3%83%96%E3%83%AA%E3%83%A5%E2%9D%A4%E3%83%9E%E3%83%89%E3%83%AC%E3%83%BC%E3%83%8C%E3%81%A1%E3%82%83%E3%82%93%E5%BE%A1%E4%BA%88%E7%B4%84%E2%9D%A4%E2%9D%A4%E2%9D%A4" "Mozilla/5.0 (X11; CrOS x86_64 14541.0.0) AppleWebKit/537.36 (KHTML, like Gecko) Chrome/134.0.0.0 Safari/537.36"
66.249.79.198 - - [20/Aug/2025:05:02:51 +0000] "GET /?g=7011491877801&channel=480e3e&from=jp.php%3Fid%3D918778-80%26name%3DFOG+%E3%82%A8%E3%83%83%E3%82%BB%E3%83%B3%E3%82%B7%E3%83%A3%E3%83%AB%E3%82%BA+%E3%83%8F%E3%83%BC%E3%83%95%E3%83%91%E3%83%B3%E3%83%84+%E3%82%AA%E3%83%BC%E3%83%88%E3%83%9F%E3%83%BC%E3%83%AB+S+1977 HTTP/1.1" 200 295819 "-" "Mozilla/5.0 (Linux; Android 6.0.1; Nexus 5X Build/MMB29P) AppleWebKit/537.36 (KHTML, like Gecko) Chrome/138.0.7204.183 Mobile Safari/537.36 (compatible; Googlebot/2.1; +http://www.google.com/bot.html)"
114.119.143.233 - - [20/Aug/2025:05:03:08 +0000] "GET /?g=5192095127015&channel=50fe6f&from=blog.php?id%3D951270-1193%26name%3DES300h%2BAXZH10%2B%E3%82%A2%E3%83%AB%E3%83%9F%E3%83%9B%E3%82%A4%E3%83%BC%E3%83%AB%2B%E3%82%A8%E3%83%B3%E3%82%B1%E3%82%A4%2B%E3%83%AC%E3%83%BC%E3%82%B7%E3%83%B3%E3%82%B0%2BGTC02%E3%80%9018%C3%978J%2B5-114%2BINSET45%E3%80%91ENKEI%2BRacing%2B18%E3%82%A4%E3%83%B3%E3%83%81%2B5%E7%A9%B4%2B114.3%2B%2B45%2B%E3%82%A4%E3%83%B3%E3%82%BB%E3%83%83%E3%83%8845%2B%E8%BB%8A%E7%94%A8%E3%83%9B%E3%82%A4%E3%83%BC%E3%83%AB%2B1%E6%9C%AC%2B4%E6%9C%AC%E3%82%BB%E3%83%83%E3%83%88%2B1%E5%8F%B0%E5%88%86%2B%E4%B8%80%E5%8F%B0%E5%88%86%2B1%E6%9E%9A%2B4%E6%9E%9A%E3%80%90%E5%BA%97%E9%A0%AD%E5%8F%97%E5%8F%96%E5%AF%BE%E5%BF%9C%E5%95%86%E5%93%81%E3%80%91 HTTP/1.1" 200 22735 "https://ugotechnologies.com/sitemap.xml" "Mozilla/5.0 (Linux; Android 7.0;) AppleWebKit/537.36 (KHTML, like Gecko) Mobile Safari/537.36 (compatible; PetalBot;+https://webmaster.petalsearch.com/site/petalbot)"
66.249.79.200 - - [20/Aug/2025:05:03:34 +0000] "GET /?g=0894958064603&channel=6e8c46&from=jp.php%3Fid%3D580646-288%26name%3D%E3%82%A8%E3%83%83%E3%82%BB%E3%83%B3%E3%82%B7%E3%83%A3%E3%83%AB%E3%82%BA+%E3%83%91%E3%83%BC%E3%82%AB%E3%83%BC+%E3%83%96%E3%83%A9%E3%83%83%E3%82%AF HTTP/1.1" 200 304351 "-" "Mozilla/5.0 (Linux; Android 6.0.1; Nexus 5X Build/MMB29P) AppleWebKit/537.36 (KHTML, like Gecko) Chrome/138.0.7204.183 Mobile Safari/537.36 (compatible; Googlebot/2.1; +http://www.google.com/bot.html)"
200.196.36.187 - - [20/Aug/2025:05:03:41 +0000] "GET /?g=8214816387801&channel=95ccc6&from=info.php?id%3D163878-534%26name%3D%E3%83%BC%E9%BB%91%E3%80%80%E7%9A%99%E3%80%80%EF%BC%88KOKUSEKI%EF%BC%89%E3%83%BC%E3%80%80099+%E9%BB%92%E5%BE%A1%E5%BD%B1%E7%9F%B3%E3%80%80%EF%BC%88%E3%82%B5%E3%82%BD%E3%83%AA%EF%BC%89 HTTP/1.1" 200 22735 "https://www.ugotechnologies.com/?g=8214816387801&channel=95ccc6&from=info.php%3Fid%3D163878-534%26name%3D%E3%83%BC%E9%BB%91%E3%80%80%E7%9A%99%E3%80%80%EF%BC%88KOKUSEKI%EF%BC%89%E3%83%BC%E3%80%80099+%E9%BB%92%E5%BE%A1%E5%BD%B1%E7%9F%B3%E3%80%80%EF%BC%88%E3%82%B5%E3%82%BD%E3%83%AA%EF%BC%89" "Mozilla/5.0 (Windows NT 10.0; Win64; x64) AppleWebKit/537.36 (KHTML, like Gecko) Chrome/135.0.0.0 Safari/537.36"
114.119.150.86 - - [20/Aug/2025:05:04:33 +0000] "GET /?g=5189275492803&channel=d49645&from=brands.php?id%3D754928-150%26name%3D%E2%96%A0%2B%E2%96%A1%2B45999%E2%98%85%E5%86%AC%2BPRADA%2B%E3%83%97%E3%83%A9%E3%83%80%2B%E3%82%AB%E3%83%BC%E3%83%87%E3%82%A3%E3%82%AC%E3%83%B3%2B%E3%82%AB%E3%82%B7%E3%83%9F%E3%83%A4 HTTP/1.1" 200 22735 "https://ugotechnologies.com/sitemap.xml" "Mozilla/5.0 (Linux; Android 7.0;) AppleWebKit/537.36 (KHTML, like Gecko) Mobile Safari/537.36 (compatible; PetalBot;+https://webmaster.petalsearch.com/site/petalbot)"
114.119.143.233 - - [20/Aug/2025:05:05:55 +0000] "GET /?g=517992802805&channel=25f5da&from=shared.php?id%3D28028-488%26name%3D%E3%83%95%E3%82%A6%E3%83%AD%2BSR%2BS4a%2B%E3%82%B7%E3%83%A3%E3%82%A4%E3%83%8B%E3%83%BC%E3%82%B9%E3%82%BF%E3%83%BCV%2B195/190%2BPSA10 HTTP/1.1" 200 22735 "https://ugotechnologies.com/sitemap.xml" "Mozilla/5.0 (Linux; Android 7.0;) AppleWebKit/537.36 (KHTML, like Gecko) Mobile Safari/537.36 (compatible; PetalBot;+https://webmaster.petalsearch.com/site/petalbot)"
114.119.130.154 - - [20/Aug/2025:05:07:19 +0000] "GET /?g=51178171597903&channel=72cad8&from=brands.php?id%3D1715979-2928%26name%3D%E3%80%906/22%2B20%E6%99%82%E3%80%9C%2B%E5%85%A8%E5%93%81P5%E5%80%8D%EF%BC%86%E3%82%AF%E3%83%BC%E3%83%9D%E3%83%B3%E3%80%91%E3%82%B9%E3%82%BA%E3%82%AD%2B%E3%82%B8%E3%83%A0%E3%83%8B%E3%83%BC(64%E7%B3%BB)%E7%94%A8%2B215/70R16%2B100H%2BXL%2B%E3%83%9F%E3%82%B7%E3%83%A5%E3%83%A9%E3%83%B3%2B%E6%AD%A3%E8%A6%8F%E5%93%81%2B%E3%82%AF%E3%83%AD%E3%82%B9%E3%82%AF%E3%83%A9%E3%82%A4%E3%83%A1%E3%82%A4%E3%83%88SUV%2B%E3%83%89%E3%82%A5%E3%82%AA%E3%83%BC%E3%83%AB%2BCST%2B%E3%82%BC%E3%83%AD%E3%83%AF%E3%83%B3%E3%83%8F%E3%82%A4%E3%83%91%E3%83%BC%2B%2BJ%2B%E9%8B%B3%E5%87%BA%E3%81%97%E3%83%AD%E3%82%B4%2BBR%2B%E6%96%B0%E5%93%81%E3%82%AA%E3%83%BC%E3%83%AB%E3%82%B7%E3%83%BC%E3%82%BA%E3%83%B3%E3%82%BF%E3%82%A4%E3%83%A4%E3%83%9B%E3%82%A4%E3%83%BC%E3%83%AB%2B4%E6%9C%AC%E3%82%BB%E3%83%83%E3%83%88 HTTP/1.1" 200 22735 "https://ugotechnologies.com/sitemap.xml" "Mozilla/5.0 (Linux; Android 7.0;) AppleWebKit/537.36 (KHTML, like Gecko) Mobile Safari/537.36 (compatible; PetalBot;+https://webmaster.petalsearch.com/site/petalbot)"
114.119.141.178 - - [20/Aug/2025:05:08:42 +0000] "GET /?g=50977131319302&channel=72cad8&from=goods.php?id%3D1313193-2928%26name%3D245/45R18%2B100W%2BXL%2B%E3%83%80%E3%83%B3%E3%83%AD%E3%83%83%E3%83%97%2B%E3%82%B7%E3%83%B3%E3%82%AF%E3%83%AD%E3%82%A6%E3%82%A7%E3%82%B6%E3%83%BC%2B%E3%82%A6%E3%82%A7%E3%83%83%E3%82%BA%2B%E3%82%A6%E3%82%A7%E3%83%83%E3%82%BA%E3%82%B9%E3%83%9D%E3%83%BC%E3%83%84%2BSA%2B01R%2BWBC%2B18-8.5J%2B%E5%9B%BD%E7%94%A3%E8%BB%8A%E7%94%A8%2B%E3%82%AA%E3%83%BC%E3%83%AB%E3%82%B7%E3%83%BC%E3%82%BA%E3%83%B3%E3%82%BF%E3%82%A4%E3%83%A4%E3%83%9B%E3%82%A4%E3%83%BC%E3%83%AB4%E6%9C%AC%E3%82%BB%E3%83%83%E3%83%88 HTTP/1.1" 200 22735 "https://ugotechnologies.com/sitemap.xml" "Mozilla/5.0 (Linux; Android 7.0;) AppleWebKit/537.36 (KHTML, like Gecko) Mobile Safari/537.36 (compatible; PetalBot;+https://webmaster.petalsearch.com/site/petalbot)"
114.119.136.30 - - [20/Aug/2025:05:10:06 +0000] "GET /?g=5093540066301&channel=57e0d6&from=jp.php?id%3D400663-3044%26name%3D%E5%B0%8F%E6%9D%BE%E8%BE%B0%E9%9B%84%E3%80%80%E3%82%B5%E3%82%A4%E3%83%B3%E5%85%A5%E3%82%8A%E6%B2%A2%E6%9D%91%E8%B3%9E%E8%A8%98%E5%BF%B5%E3%83%97%E3%83%AC%E3%83%BC%E3%83%88%E3%80%80%E4%B8%AD%E6%97%A5%E3%83%89%E3%83%A9%E3%82%B4%E3%83%B3%E3%82%BA HTTP/1.1" 200 22735 "https://ugotechnologies.com/sitemap.xml" "Mozilla/5.0 (Linux; Android 7.0;) AppleWebKit/537.36 (KHTML, like Gecko) Mobile Safari/537.36 (compatible; PetalBot;+https://webmaster.petalsearch.com/site/petalbot)"
114.119.157.43 - - [20/Aug/2025:05:12:03 +0000] "GET /?g=50767188369202&channel=50fe6f&from=category-info.php?id%3D1883692-1193%26name%3DWeds%2BLEONIS%2BWX%2B%E3%83%9B%E3%82%A4%E3%83%BC%E3%83%AB4%E6%9C%ACSet%2B%E3%83%96%E3%83%A9%E3%83%83%E3%82%AF%E3%83%A1%E3%82%BF%E3%83%AB%E3%82%B3%E3%83%BC%E3%83%88I%3Cbr%3E8.5-20%E3%82%A4%E3%83%B3%E3%83%81%2B5%E7%A9%B4/PCD114.3%2B%E3%82%A4%E3%83%B3%E3%82%BB%E3%83%83%E3%83%88%2B35%E3%80%90%E4%BB%A3%E5%BC%95%E4%B8%8D%E5%8F%AF%E3%80%91 HTTP/1.1" 200 22735 "https://ugotechnologies.com/sitemap.xml" "Mozilla/5.0 (Linux; Android 7.0;) AppleWebKit/537.36 (KHTML, like Gecko) Mobile Safari/537.36 (compatible; PetalBot;+https://webmaster.petalsearch.com/site/petalbot)"
114.119.143.233 - - [20/Aug/2025:05:12:54 +0000] "GET /?g=50599186229301&channel=a4441a&from=shared.php?id%3D1862293-9325%26name%3D%E3%82%AF%E3%83%A9%E3%82%A6%E3%83%B3%2B215/60R16%2B%E3%83%9B%E3%82%A4%E3%83%BC%E3%83%AB%E3%82%BB%E3%83%83%E3%83%88%2B%7C%2B%E3%83%80%E3%83%B3%E3%83%AD%E3%83%83%E3%83%97%2B%E3%82%A8%E3%83%8A%E3%82%BB%E3%83%BC%E3%83%96%2BRV505%2B%26%2B%E3%82%AC%E3%83%AB%E3%82%B7%E3%82%A2%2B%E3%83%80%E3%83%A9%E3%82%B96%2B16%E3%82%A4%E3%83%B3%E3%83%81%2B5%E7%A9%B4114.3 HTTP/1.1" 200 22735 "https://ugotechnologies.com/sitemap.xml" "Mozilla/5.0 (Linux; Android 7.0;) AppleWebKit/537.36 (KHTML, like Gecko) Mobile Safari/537.36 (compatible; PetalBot;+https://webmaster.petalsearch.com/site/petalbot)"
114.119.151.93 - - [20/Aug/2025:05:14:18 +0000] "GET /?g=50518105065100&channel=d18692&from=jp.php?id%3D1050651-4802%26name%3DESM-2173%2BESPELIR%2B%E3%83%80%E3%82%A6%E3%83%B3%E3%82%B5%E3%82%B9%2B1%E5%8F%B0%E5%88%86%2B%E3%83%9E%E3%83%84%E3%83%80%2B%E3%82%B9%E3%82%AF%E3%83%A9%E3%83%A0%E3%83%AF%E3%82%B4%E3%83%B3%2BDG17W%2B2015/3%E3%80%9C%2BR06A%2B4WD%2BPX%E3%82%BF%E3%83%BC%E3%83%9C%2B/%2BPZ%E3%82%BF%E3%83%BC%E3%83%9C%2B/%2BPZ%E3%82%BF%E3%83%BC%E3%83%9C%E3%82%B9%E3%83%9A%E3%82%B7%E3%83%A3%E3%83%AB HTTP/1.1" 200 22735 "https://ugotechnologies.com/sitemap.xml" "Mozilla/5.0 (Linux; Android 7.0;) AppleWebKit/537.36 (KHTML, like Gecko) Mobile Safari/537.36 (compatible; PetalBot;+https://webmaster.petalsearch.com/site/petalbot)"
114.119.141.178 - - [20/Aug/2025:05:15:41 +0000] "GET /?g=50478172358706&channel=25f5da&from=info.php?id%3D1723587-488%26name%3D%E8%A6%8B%E8%BF%94%E3%82%8A%E7%BE%8E%E4%BA%BA%E3%83%94%E3%82%AB%E3%83%81%E3%83%A5%E3%82%A6%E3%80%80%E3%83%9D%E3%82%B1%E3%83%A2%E3%83%B3%E3%82%AB%E3%83%BC%E3%83%89 HTTP/1.1" 200 22735 "https://ugotechnologies.com/sitemap.xml" "Mozilla/5.0 (Linux; Android 7.0;) AppleWebKit/537.36 (KHTML, like Gecko) Mobile Safari/537.36 (compatible; PetalBot;+https://webmaster.petalsearch.com/site/petalbot)"
114.119.157.43 - - [20/Aug/2025:05:17:05 +0000] "GET /?g=50374125190200&channel=9dba8d&from=shop.php?id%3D1251902-4828%26name%3D%E3%80%90%E4%B8%AD%E5%8F%A4%E3%80%91%2B%E3%83%91%E3%83%8A%E3%82%BD%E3%83%8B%E3%83%83%E3%82%AF(Panasonic)%2B%E5%A4%A7%E5%8F%A3%E5%BE%84%E6%9C%9B%E9%81%A0%E3%82%BA%E3%83%BC%E3%83%A0%E3%83%AC%E3%83%B3%E3%82%BA%2B%E3%83%9E%E3%82%A4%E3%82%AF%E3%83%AD%E3%83%95%E3%82%A9%E3%83%BC%E3%82%B5%E3%83%BC%E3%82%BA%E7%94%A8%2B%E3%83%AB%E3%83%9F%E3%83%83%E3%82%AF%E3%82%B9%2BLEICA%2BDG%2BVARIO-SUMMILUX%2B25-50mm/F1.7%2BASPH.%2BH-X2550 HTTP/1.1" 200 22735 "https://ugotechnologies.com/sitemap.xml" "Mozilla/5.0 (Linux; Android 7.0;) AppleWebKit/537.36 (KHTML, like Gecko) Mobile Safari/537.36 (compatible; PetalBot;+https://webmaster.petalsearch.com/site/petalbot)"
114.119.141.178 - - [20/Aug/2025:05:18:28 +0000] "GET /?g=5035047501001&channel=876e5d&from=jp.php?id%3D475010-8068%26name%3D%E6%97%A5%E9%9B%BB%E7%90%86%E5%8C%96%E7%A1%9D%E5%AD%90%2B%E3%81%AD%E3%81%98%E5%8F%A3%E3%81%B3%E3%82%93%EF%BC%88%E6%A8%99%E6%BA%96%E3%82%BB%E3%83%83%E3%83%88%EF%BC%89%E3%80%80%E8%8C%B6%E8%A4%90%E8%89%B2%E3%80%802%EF%BD%8DL%E3%80%80S-08%2B1%E7%AE%B1(100%E6%9C%AC%E5%85%A5)%2B250013 HTTP/1.1" 200 22735 "https://ugotechnologies.com/sitemap.xml" "Mozilla/5.0 (Linux; Android 7.0;) AppleWebKit/537.36 (KHTML, like Gecko) Mobile Safari/537.36 (compatible; PetalBot;+https://webmaster.petalsearch.com/site/petalbot)"
114.119.136.30 - - [20/Aug/2025:05:19:50 +0000] "GET /?g=502958789402&channel=8237d4&from=pin.php?id%3D87894-5440%26name%3D%E3%80%90%E3%83%A1%E3%83%BC%E3%82%AB%E3%83%BC%E3%82%AB%E3%82%B9%E3%82%BF%E3%83%A0%E3%80%91%2B%E3%83%A4%E3%83%9E%E3%83%8F%2B%E3%82%A4%E3%83%B3%E3%83%97%E3%83%AC%E3%82%B9%2B%E3%83%89%E3%83%A9%E3%82%A4%E3%83%96%E3%82%B9%E3%82%BF%E3%83%BC%2BType-D%2B%E3%82%A2%E3%82%A4%E3%82%A2%E3%83%B3%2B%237-Pw(4%E6%9C%AC%E3%82%BB%E3%83%83%E3%83%88)%2B%E8%97%A4%E5%80%89%2BTRAVIL%2B%E3%83%88%E3%83%A9%E3%83%B4%E3%82%A3%E3%83%AB%2B%E3%82%A2%E3%82%A4%E3%82%A2%E3%83%B3%2B%E3%82%B7%E3%83%A3%E3%83%95%E3%83%88%2BYAMAHA%2Binpres%2B2025 HTTP/1.1" 200 22735 "https://ugotechnologies.com/sitemap.xml" "Mozilla/5.0 (Linux; Android 7.0;) AppleWebKit/537.36 (KHTML, like Gecko) Mobile Safari/537.36 (compatible; PetalBot;+https://webmaster.petalsearch.com/site/petalbot)"
114.119.136.30 - - [20/Aug/2025:05:21:15 +0000] "GET /?g=50244180125001&channel=876e5d&from=blog.php?id%3D1801250-8068%26name%3D%E5%AE%89%E7%AB%8B%E8%A8%88%E5%99%A8%2B%E9%9D%99%E6%AD%A2%E8%A1%A8%E9%9D%A2%E7%94%A8%E6%B8%A9%E5%BA%A6%E3%82%BB%E3%83%B3%E3%82%B5%2BA%E5%BD%A2%E3%82%B7%E3%83%AA%E3%83%BC%E3%82%BA%2B%CF%8615mm%2B90%C2%B0%EF%BC%88%E3%82%A8%E3%83%AB%E3%83%9C%E4%BD%BF%E7%94%A8%EF%BC%89%2B%E6%A8%99%E6%BA%96%E3%83%97%E3%83%A9%E3%82%B0%EF%BC%88%E7%86%B1%E9%9B%BB%E5%AF%BE%E5%90%8C%E7%A8%AE%E9%87%91%E5%B1%9E%EF%BC%89%2B300mm%2BK%E3%82%BF%E3%82%A4%E3%83%97%2B1%E6%9C%AC%2BA-244K-03-1-TC1-ASP HTTP/1.1" 200 22735 "https://ugotechnologies.com/sitemap.xml" "Mozilla/5.0 (Linux; Android 7.0;) AppleWebKit/537.36 (KHTML, like Gecko) Mobile Safari/537.36 (compatible; PetalBot;+https://webmaster.petalsearch.com/site/petalbot)"
114.119.157.43 - - [20/Aug/2025:05:22:39 +0000] "GET /?g=50180161175211&channel=d7a262&from=blog.php?id%3D1611752-7769%26name%3D%E3%80%90%E4%B8%AD%E5%8F%A4%E3%80%91%E3%83%96%E3%83%AA%E3%83%82%E3%82%B9%E3%83%88%E3%83%B3%2BTOUR%2BB%2BJGR%2B2019%2B%E3%83%89%E3%83%A9%E3%82%A4%E3%83%90%E3%83%BC%2B10.5%C2%B0%2BSR%E3%83%95%E3%83%AC%E3%83%83%E3%82%AF%E3%82%B9%2B44.75%E3%82%A4%E3%83%B3%E3%83%81%2BTOUR%2BAD%2Bfor%2BJGR%2BTG2-5%2BD%E3%83%A9%E3%83%B3%E3%82%AF%2B%E5%8F%B3%E5%88%A9%E3%81%8D%E7%94%A8%2BBRIDGESTONE%2B%E3%82%B4%E3%83%AB%E3%83%95%E3%82%AF%E3%83%A9%E3%83%96%2B%E3%82%B4%E3%83%AB%E3%83%95%E3%83%89%E3%82%A5%2B%E3%82%B4%E3%83%AB%E3%83%95%E7%94%A8%E5%93%81%2BGOLF%2BDO%2B%E4%B8%AD%E5%8F%A4%E3%82%B4%E3%83%AB%E3%83%95%E3%82%AF%E3%83%A9%E3%83%96 HTTP/1.1" 200 22735 "https://ugotechnologies.com/sitemap.xml" "Mozilla/5.0 (Linux; Android 7.0;) AppleWebKit/537.36 (KHTML, like Gecko) Mobile Safari/537.36 (compatible; PetalBot;+https://webmaster.petalsearch.com/site/petalbot)"
13.42.205.55 - - [20/Aug/2025:05:23:40 +0000] "GET / HTTP/1.1" 200 22735 "-" "Mozilla/5.0 (Windows NT 10.0; Win64; x64) AppleWebKit/537.36 (KHTML, like Gecko) Chrome/121.0.0.0 Safari/537.36 Edg/121.0.0.0"
114.119.153.152 - - [20/Aug/2025:05:24:02 +0000] "GET /?g=5014594673105&channel=1e136a&from=article.php?id%3D946731-1109%26name%3D%E3%83%90%E3%83%BC%E3%83%90%E3%83%AA%E3%83%BC%2B%E3%83%88%E3%83%AC%E3%83%B3%E3%83%81%E3%82%B3%E3%83%BC%E3%83%88%2B%E3%83%AC%E3%83%87%E3%82%A3%E3%83%BC%E3%82%B9%2B%E5%A9%A6%E4%BA%BA%2B%E3%83%8E%E3%83%90%E3%83%81%E3%82%A7%E3%83%83%E3%82%AF%2B%E3%82%A2%E3%82%A6%E3%82%BF%E3%83%BC%2B1%E6%9E%9A%E8%A2%96 HTTP/1.1" 200 22735 "https://ugotechnologies.com/sitemap.xml" "Mozilla/5.0 (Linux; Android 7.0;) AppleWebKit/537.36 (KHTML, like Gecko) Mobile Safari/537.36 (compatible; PetalBot;+https://webmaster.petalsearch.com/site/petalbot)"
114.119.157.43 - - [20/Aug/2025:05:25:25 +0000] "GET /?g=5008658744300&channel=3a1bd3&from=product.php?id%3D587443-11728%26name%3D%E6%97%A5%E6%9C%AC%E7%B2%BE%E5%99%A8%E3%80%80%EF%BC%A6%EF%BC%B2%EF%BC%AC%E3%83%A6%E3%83%8B%E3%83%83%E3%83%88%E3%80%80%EF%BC%98%EF%BC%A1%E3%80%80%E3%83%A2%E3%82%B8%E3%83%A5%E3%83%A9%E3%83%BC%E6%8E%A5%E7%B6%9A%E3%82%BF%E3%82%A4%E3%83%97 HTTP/1.1" 200 22735 "https://ugotechnologies.com/sitemap.xml" "Mozilla/5.0 (Linux; Android 7.0;) AppleWebKit/537.36 (KHTML, like Gecko) Mobile Safari/537.36 (compatible; PetalBot;+https://webmaster.petalsearch.com/site/petalbot)"
114.119.143.233 - - [20/Aug/2025:05:26:48 +0000] "GET /?g=49271112172601&channel=ea33b7&from=form.php?id%3D1121726-74%26name%3D%E3%83%80%E3%82%B7%E3%83%AA%E3%83%AA%E3%82%AA%E3%83%B3%E3%83%AD%E3%83%B3%E3%82%AE%E3%82%B7%E3%83%9E%E3%83%A0 HTTP/1.1" 200 22735 "https://ugotechnologies.com/sitemap.xml" "Mozilla/5.0 (Linux; Android 7.0;) AppleWebKit/537.36 (KHTML, like Gecko) Mobile Safari/537.36 (compatible; PetalBot;+https://webmaster.petalsearch.com/site/petalbot)"
114.119.130.154 - - [20/Aug/2025:05:28:12 +0000] "GET /?g=49222188111700&channel=139fd2&from=jp.php?id%3D1881117-12382%26name%3D%E3%83%A9%E3%83%B3%E3%83%89%E3%83%AD%E3%83%BC%E3%83%90%E3%83%BC%2B%E3%83%AC%E3%83%B3%E3%82%B8%E3%83%AD%E3%83%BC%E3%83%90%E3%83%BC%E3%82%B9%E3%83%9D%E3%83%BC%E3%83%84%2B%E3%82%B9%E3%83%91%E3%83%BC%E3%82%AF%E3%83%97%E3%83%A9%E3%82%B0%2BNGK%2BABA-LS44%2B%E5%B9%B3%E6%88%9018%E5%B9%B41%E6%9C%88-%2B%E3%83%97%E3%83%AC%E3%83%9F%E3%82%A2%E3%83%A0RX%E3%83%97%E3%83%A9%E3%82%B0%2BBKR5ERX-11P%2B%E3%80%90H04006%E3%80%91 HTTP/1.1" 200 22735 "https://ugotechnologies.com/sitemap.xml" "Mozilla/5.0 (Linux; Android 7.0;) AppleWebKit/537.36 (KHTML, like Gecko) Mobile Safari/537.36 (compatible; PetalBot;+https://webmaster.petalsearch.com/site/petalbot)"
114.119.151.93 - - [20/Aug/2025:05:29:37 +0000] "GET /?g=4907093292302&channel=590d82&from=news.php?id%3D932923-413%26name%3DK18YG%2B%E3%83%80%E3%82%A4%E3%83%A4%E3%83%A2%E3%83%B3%E3%83%89%2B%E3%83%94%E3%83%B3%E3%82%AD%E3%83%BC%2B%E3%83%AA%E3%83%B3%E3%82%B0%2B0.52CT HTTP/1.1" 200 22735 "https://ugotechnologies.com/sitemap.xml" "Mozilla/5.0 (Linux; Android 7.0;) AppleWebKit/537.36 (KHTML, like Gecko) Mobile Safari/537.36 (compatible; PetalBot;+https://webmaster.petalsearch.com/site/petalbot)"
66.249.69.12 - - [20/Aug/2025:05:31:01 +0000] "GET /?yrkopajgih1720359 HTTP/1.1" 200 304203 "-" "Mozilla/5.0 (Linux; Android 6.0.1; Nexus 5X Build/MMB29P) AppleWebKit/537.36 (KHTML, like Gecko) Chrome/138.0.7204.183 Mobile Safari/537.36 (compatible; Googlebot/2.1; +http://www.google.com/bot.html)"
114.119.157.43 - - [20/Aug/2025:05:31:03 +0000] "GET /?g=48974117360800&channel=d9afa2&from=category-info.php?id%3D1173608-9835%26name%3D%E3%83%8A%E3%82%A4%E3%82%AD%2B%E3%83%A1%E3%83%B3%E3%82%BA%2B%E3%82%B7%E3%83%A3%E3%83%84%2B%E3%83%88%E3%83%83%E3%83%97%E3%82%B9%2BMen's%2BDK%2BMetcalf%2BBlack%2BPittsburgh%2BSteelers%2BTeam%2BVapor%2BF.U.S.E.%2BLimited%2BJersey%2BBlack HTTP/1.1" 200 22735 "https://ugotechnologies.com/sitemap.xml" "Mozilla/5.0 (Linux; Android 7.0;) AppleWebKit/537.36 (KHTML, like Gecko) Mobile Safari/537.36 (compatible; PetalBot;+https://webmaster.petalsearch.com/site/petalbot)"
114.119.151.93 - - [20/Aug/2025:05:32:23 +0000] "GET /?g=48786165157900&channel=21be7f&from=category-info.php?id%3D1651579-2044%26name%3D%E3%80%90%E4%BA%88%E7%B4%84%E7%94%9F%E5%9C%B0%E3%80%91%E5%AE%9D%E7%9F%B3%E3%80%80%E3%83%80%E3%83%83%E3%82%AF%E3%82%B9%E3%83%95%E3%83%B3%E3%83%89%E3%80%80%E3%83%91%E3%83%8D%E3%83%AB%E7%94%9F%E5%9C%B0%E3%80%80%EF%BC%99%E6%9F%84 HTTP/1.1" 200 22735 "https://ugotechnologies.com/sitemap.xml" "Mozilla/5.0 (Linux; Android 7.0;) AppleWebKit/537.36 (KHTML, like Gecko) Mobile Safari/537.36 (compatible; PetalBot;+https://webmaster.petalsearch.com/site/petalbot)"
66.249.68.39 - - [20/Aug/2025:05:32:23 +0000] "GET /?qgvvryctpj1195801 HTTP/1.1" 200 304711 "-" "Mozilla/5.0 (Linux; Android 6.0.1; Nexus 5X Build/MMB29P) AppleWebKit/537.36 (KHTML, like Gecko) Chrome/138.0.7204.183 Mobile Safari/537.36 (compatible; Googlebot/2.1; +http://www.google.com/bot.html)"
66.249.79.200 - - [20/Aug/2025:05:33:03 +0000] "GET /?g=66071178007504&channel=be8f2c&from=shop.php%3Fid%3D1780075-900%26name%3D%E3%80%906%2F22+20%E6%99%82%E3%80%9C+%E5%85%A8%E5%93%81P5%E5%80%8D%EF%BC%86%E3%82%AF%E3%83%BC%E3%83%9D%E3%83%B3%E3%80%91%E3%83%9F%E3%83%84%E3%83%93%E3%82%B7+%E3%83%87%E3%83%AA%E3%82%AB%E3%83%9F%E3%83%8B%284WD%E8%BB%8A%29%28B3%E7%B3%BB%29%E7%94%A8+2024%E5%B9%B4%E8%A3%BD+165%2F65R15+81Q+%E3%83%A8%E3%82%B3%E3%83%8F%E3%83%9E+%E3%82%A2%E3%82%A4%E3%82%B9%E3%82%AC%E3%83%BC%E3%83%897%28IG70%29+%E3%82%A8%E3%83%A0%E3%82%A2%E3%82%A4%E3%83%87%E3%82%A3%E3%83%BC+%E3%82%AC%E3%83%AB%E3%82%B7%E3%82%A2+%E3%83%91%E3%83%BC%E3%83%A08+%E3%83%A1%E3%82%BF%E3%83%AA%E3%83%83%E3%82%AF%E3%82%B0%E3%83%AC%E3%83%BC%2F%E3%83%9D%E3%83%AA%E3%83%83%E3%82%B7%E3%83%A5+%E6%96%B0%E5%93%81%E3%82%B9%E3%82%BF%E3%83%83%E3%83%89%E3%83%AC%E3%82%B9%E3%82%BF%E3%82%A4%E3%83%A4%E3%83%9B%E3%82%A4%E3%83%BC%E3%83%AB+4%E6%9C%AC%E3%82%BB%E3%83%83%E3%83%88 HTTP/1.1" 200 318902 "-" "Mozilla/5.0 (Linux; Android 6.0.1; Nexus 5X Build/MMB29P) AppleWebKit/537.36 (KHTML, like Gecko) Chrome/138.0.7204.183 Mobile Safari/537.36 (compatible; Googlebot/2.1; +http://www.google.com/bot.html)"
66.249.79.198 - - [20/Aug/2025:05:33:41 +0000] "GET /?g=87378105448600&channel=b4d5c5&from=jp.php%3Fid%3D1054486-4267%26name%3DK18PG%E3%80%80%E3%83%94%E3%83%B3%E3%82%AF%E3%82%B4%E3%83%BC%E3%83%AB%E3%83%89%E3%83%80%E3%82%A4%E3%83%A4%E3%83%A2%E3%83%B3%E3%83%89+%E3%83%8F%E3%83%BC%E3%83%88+%E3%83%9A%E3%83%B3%E3%83%80%E3%83%B3%E3%83%88+%E3%83%8D%E3%83%83%E3%82%AF%E3%83%AC%E3%82%B910P03Dec16%E3%80%90%E6%A5%BD%E3%82%AE%E3%83%95_%E5%8C%85%E8%A3%85%E3%80%91 HTTP/1.1" 200 316521 "-" "Mozilla/5.0 (Linux; Android 6.0.1; Nexus 5X Build/MMB29P) AppleWebKit/537.36 (KHTML, like Gecko) Chrome/138.0.7204.183 Mobile Safari/537.36 (compatible; Googlebot/2.1; +http://www.google.com/bot.html)"
114.119.151.93 - - [20/Aug/2025:05:33:47 +0000] "GET /?g=4866666349809&channel=ac811a&from=goods.php?id%3D663498-1234%26name%3D%E3%83%AC%E3%83%87%E3%82%A3%E3%83%BC%E3%82%B9%2B%E3%82%B4%E3%83%AB%E3%83%95%E3%82%AF%E3%83%A9%E3%83%96%E3%82%BB%E3%83%83%E3%83%88%E3%80%80%2B%E3%83%9E%E3%82%AF%E3%83%AC%E3%82%AC%E3%83%BC%2B%E3%83%96%E3%83%AA%E3%83%82%E3%82%B9%E3%83%88%E3%83%B3%2B%E4%BB%96%E3%80%80%E3%82%B4%E3%83%AB%E3%83%95%E3%82%BB%E3%83%83%E3%83%88 HTTP/1.1" 200 22735 "https://ugotechnologies.com/sitemap.xml" "Mozilla/5.0 (Linux; Android 7.0;) AppleWebKit/537.36 (KHTML, like Gecko) Mobile Safari/537.36 (compatible; PetalBot;+https://webmaster.petalsearch.com/site/petalbot)"
66.249.79.198 - - [20/Aug/2025:05:34:20 +0000] "GET /?g=1203541962416&channel=876085&from=goods.php%3Fid%3D419624-9422%26name%3DHARIO++%28%E3%83%8F%E3%83%AA%E3%82%AA%29+%E8%8C%B6%E7%8E%8B+2%E4%BA%BA%E7%94%A8%E3%82%B7%E3%83%AB%E3%83%90%E3%83%BC+%E3%83%97%E3%83%AC%E3%82%BC%E3%83%B3%E3%83%88+%E3%82%AE%E3%83%95%E3%83%88+%E8%B4%88%E3%82%8A%E7%89%A9+CHAN-2SV+%E3%83%9E%E3%83%AB%E3%83%81%EF%BC%88HARIO+%28%E3%83%8F%E3%83%AA%E3%82%AA%29+%E8%8C%B6%E7%8E%8B+2%E4%BA%BA%E7%94%A8%E3%82%B7%E3%83%AB%E3%83%90%E3%83%BC+CHAN-2SV+%E3%83%9E%E3%83%AB%E3%83%81+%E3%81%8A%E8%8C%B6%E7%94%A8%E5%93%81%EF%BC%89 HTTP/1.1" 200 294953 "-" "Mozilla/5.0 (Linux; Android 6.0.1; Nexus 5X Build/MMB29P) AppleWebKit/537.36 (KHTML, like Gecko) Chrome/138.0.7204.183 Mobile Safari/537.36 (compatible; Googlebot/2.1; +http://www.google.com/bot.html)"
66.249.79.198 - - [20/Aug/2025:05:34:58 +0000] "GET /?g=34216122004700&channel=87e792&from=blog.php%3Fid%3D1220047-12764%26name%3DB.B%E3%83%95%E3%82%A1%E3%83%8B%E3%82%B7%E3%83%B3%E3%82%B0+KALEIDO%E3%80%803%E6%AE%B5%E3%83%A9%E3%83%83%E3%82%AF%E3%80%80%E5%B9%8560+KAOR-60-D3 HTTP/1.1" 200 304705 "-" "Mozilla/5.0 (Linux; Android 6.0.1; Nexus 5X Build/MMB29P) AppleWebKit/537.36 (KHTML, like Gecko) Chrome/138.0.7204.183 Mobile Safari/537.36 (compatible; Googlebot/2.1; +http://www.google.com/bot.html)"
186.224.159.227 - - [20/Aug/2025:05:35:06 +0000] "GET /?g=921316956902&channel=d76743&from=brands.php?id%3D69569-6552%26name%3D%E3%82%A2%E3%83%B3%E3%83%96%E3%83%AD%E3%80%80%E3%82%A4%E3%83%B3%E3%82%B0%E3%83%A9%E3%83%B3%E3%83%89%E4%BB%A3%E8%A1%A8%E3%80%80%E3%83%9E%E3%82%A6%E3%83%B3%E3%83%86%E3%83%B3%E3%83%91%E3%83%BC%E3%82%AB%E3%83%BC%E3%80%80%E3%82%B8%E3%83%A3%E3%82%B1%E3%83%83%E3%83%88 HTTP/1.1" 200 22735 "https://www.ugotechnologies.com/?g=921316956902&channel=d76743&from=brands.php%3Fid%3D69569-6552%26name%3D%E3%82%A2%E3%83%B3%E3%83%96%E3%83%AD%E3%80%80%E3%82%A4%E3%83%B3%E3%82%B0%E3%83%A9%E3%83%B3%E3%83%89%E4%BB%A3%E8%A1%A8%E3%80%80%E3%83%9E%E3%82%A6%E3%83%B3%E3%83%86%E3%83%B3%E3%83%91%E3%83%BC%E3%82%AB%E3%83%BC%E3%80%80%E3%82%B8%E3%83%A3%E3%82%B1%E3%83%83%E3%83%88" "Mozilla/5.0 (Macintosh; Intel Mac OS X 10_15_7) AppleWebKit/537.36 (KHTML, like Gecko) Chrome/135.0.0.0 Safari/537.36"
114.119.150.86 - - [20/Aug/2025:05:35:10 +0000] "GET /?g=4861848352900&channel=7ce312&from=category-info.php?id%3D483529-489%26name%3D%E3%80%90TASAKI%E3%80%91%2B%E7%94%B0%E5%B4%8E%E7%9C%9F%E7%8F%A0%2B%E3%81%82%E3%81%93%E3%82%84%E7%9C%9F%E7%8F%A0%2B%E3%83%8D%E3%83%83%E3%82%AF%E3%83%AC%E3%82%B9 HTTP/1.1" 200 22735 "https://ugotechnologies.com/sitemap.xml" "Mozilla/5.0 (Linux; Android 7.0;) AppleWebKit/537.36 (KHTML, like Gecko) Mobile Safari/537.36 (compatible; PetalBot;+https://webmaster.petalsearch.com/site/petalbot)"
66.249.79.198 - - [20/Aug/2025:05:35:36 +0000] "GET /?g=89627174755616&channel=f8936e&from=brands.php%3Fid%3D1747556-207%26name%3D%E3%80%90%E4%B8%AD%E5%8F%A4%E3%80%91Louis+Vuitton+%E3%83%AB%E3%82%A4%E3%83%B4%E3%82%A3%E3%83%88%E3%83%B3+M69353+%E3%83%A2%E3%83%8E%E3%82%B0%E3%83%A9%E3%83%A0%E3%83%BB%E3%82%B8%E3%83%A3%E3%82%A4%E3%82%A2%E3%83%B3%E3%83%88+%E3%83%AA%E3%83%90%E3%83%BC%E3%82%B9+%E3%82%B8%E3%83%83%E3%83%94%E3%83%BC%E3%82%A6%E3%82%A9%E3%83%AC%E3%83%83%E3%83%88+%E3%83%A1%E3%83%B3%E3%82%BA+%E3%83%AC%E3%83%87%E3%82%A3%E3%83%BC%E3%82%B9+%E3%83%A6%E3%83%8B%E3%82%BB%E3%83%83%E3%82%AF%E3%82%B9+%E8%AA%95%E7%94%9F%E6%97%A5+%E8%A8%98%E5%BF%B5%E6%97%A5+%E3%83%97%E3%83%AC%E3%82%BC%E3%83%B3%E3%83%88+%E6%97%A5%E5%B8%B8%E4%BD%BF%E3%81%84+%E6%97%85%E8%A1%8C%E7%94%A8+A2502821%E3%80%90%E7%84%A1%E6%96%99%E3%82%AE%E3%83%95%E3%83%88%E3%83%A9%E3%83%83%E3%83%94%E3%83%B3%E3%82%B0%E6%89%BF%E3%82%8A%E3%81%BE%E3%81%99%E3%80%91 HTTP/1.1" 200 300652 "-" "Mozilla/5.0 (Linux; Android 6.0.1; Nexus 5X Build/MMB29P) AppleWebKit/537.36 (KHTML, like Gecko) Chrome/138.0.7204.183 Mobile Safari/537.36 (compatible; Googlebot/2.1; +http://www.google.com/bot.html)"
66.249.79.198 - - [20/Aug/2025:05:36:13 +0000] "GET /?g=1801737315004&channel=673489&from=shop.php%3Fid%3D373150-6460%26name%3DVIVO+%E3%83%97%E3%83%AC%E3%83%9F%E3%82%A2%E3%83%A0%E3%82%A6%E3%83%AB%E3%83%88%E3%83%A9%E3%83%AF%E3%82%A4%E3%83%89%E3%83%A2%E3%83%8B%E3%82%BF%E3%83%BC%E3%82%AB%E3%82%A6%E3%83%B3%E3%82%BF%E3%83%BC%E3%83%90%E3%83%A9%E3%83%B3%E3%82%B9%E3%82%A6%E3%82%A9%E3%83%BC%E3%83%AB%E3%83%9E%E3%82%A6%E3%83%B3%E3%83%88+49%E3%82%A4%E3%83%B3%E3%83%81%E3%82%B9%E3%82%AF%E3%83%AA%E3%83%BC%E3%83%B3%E7%94%A8+%E6%9C%80%E5%A4%A744%E3%83%9D%E3%83%B3%E3%83%89%E3%80%81%E3%83%95%E3%83%AB%E3%83%A2%E3%83%BC%E3%82%B7%E3%83%A7%E3%83%B3 HTTP/1.1" 200 310015 "-" "Mozilla/5.0 (Linux; Android 6.0.1; Nexus 5X Build/MMB29P) AppleWebKit/537.36 (KHTML, like Gecko) Chrome/138.0.7204.183 Mobile Safari/537.36 (compatible; Googlebot/2.1; +http://www.google.com/bot.html)"
114.119.151.93 - - [20/Aug/2025:05:36:34 +0000] "GET /?g=48472163939803&channel=f5cf63&from=blog.php?id%3D1639398-1140%26name%3DMANARAY%2BMID%2BSCHNEIDER%2B%E3%82%B7%E3%83%A5%E3%83%8A%E3%82%A4%E3%83%80%E3%83%BC%2BSLS%2B%E3%83%9B%E3%82%A4%E3%83%BC%E3%83%AB%2B17%E3%82%A4%E3%83%B3%E3%83%81%2B17%2BX%2B7.0J%2B%2B50%2B5%E7%A9%B4%2B100%2B%3Cbr%3EFORCELAND%2B%E2%97%8F%E3%82%B5%E3%83%9E%E3%83%BC%E3%82%BB%E3%83%BC%E3%83%AB%E2%97%8F%2BVitality%2BF22%2B%E5%9C%A8%E5%BA%AB%E2%97%8F%2B%E3%82%B5%E3%83%9E%E3%83%BC%E3%82%BF%E3%82%A4%E3%83%A4%2B205/55ZR17%2B205/55R17 HTTP/1.1" 200 22735 "https://ugotechnologies.com/sitemap.xml" "Mozilla/5.0 (Linux; Android 7.0;) AppleWebKit/537.36 (KHTML, like Gecko) Mobile Safari/537.36 (compatible; PetalBot;+https://webmaster.petalsearch.com/site/petalbot)"
66.249.79.198 - - [20/Aug/2025:05:36:50 +0000] "GET /?g=17402156372503&channel=963085&from=blog.php%3Fid%3D1563725-1007%26name%3D%E3%82%A2%E3%82%A6%E3%83%88%E3%83%AC%E3%83%83%E3%83%88%E3%80%80%E3%83%A8%E3%83%BC%E3%83%AD%E3%83%94%E3%82%A2%E3%83%B3%E8%AA%BF%E3%80%80%E3%83%AD%E3%82%B3%E3%82%B3%E8%AA%BF%E3%80%80%E3%81%8A%E5%A7%AB%E3%81%95%E3%81%BE%E3%80%80%E3%83%8F%E3%83%B3%E3%82%AC%E3%83%BC%E3%83%A9%E3%83%83%E3%82%AF%E3%80%80A HTTP/1.1" 200 306049 "-" "Mozilla/5.0 (Linux; Android 6.0.1; Nexus 5X Build/MMB29P) AppleWebKit/537.36 (KHTML, like Gecko) Chrome/138.0.7204.183 Mobile Safari/537.36 (compatible; Googlebot/2.1; +http://www.google.com/bot.html)"
66.249.79.198 - - [20/Aug/2025:05:37:27 +0000] "GET /?g=5236149574101&channel=00a251&from=goods.php%3Fid%3D495741-9134%26name%3D%E3%83%91%E3%83%BC%E3%83%86%E3%82%A3%E3%83%BC%E3%83%89%E3%83%AC%E3%82%B9+%E3%83%89%E3%83%AC%E3%82%B9+%E7%B5%90%E5%A9%9A%E5%BC%8F+%E3%83%AF%E3%83%B3%E3%83%94%E3%83%BC%E3%82%B9+%E3%83%95%E3%82%A9%E3%83%BC%E3%83%9E%E3%83%AB%E3%83%89%E3%83%AC%E3%82%B9+%E3%81%8A%E5%91%BC%E3%81%B0%E3%82%8C+%E3%83%AC%E3%83%BC%E3%82%B9+%E3%83%91%E3%83%BC%E3%83%86%E3%82%A3%E3%83%89%E3%83%AC%E3%82%B9+%E7%B7%8F%E3%83%AC%E3%83%BC%E3%82%B9+%E3%82%A6%E3%82%A8%E3%83%87%E3%82%A3%E3%83%B3%E3%82%B0+%E3%83%89%E3%83%AC%E3%82%B9+%E4%BA%8C%E6%AC%A1%E4%BC%9A+%E8%8A%B1%E5%AB%81+%E3%83%96%E3%83%A9%E3%82%A4%E3%82%BA%E3%83%A1%E3%82%A4%E3%83%89+%E3%83%9F%E3%83%A2%E3%83%AC%E4%B8%88+%E7%B5%90%E5%A9%9A%E5%BC%8F+%E5%85%A5%E5%AD%A6%E5%BC%8F+%E6%BC%94%E5%A5%8F%E4%BC%9A%E7%94%A8+%E3%81%8A%E5%91%BC%E3%81%B0%E3%82%8C+%E3%83%AF%E3%83%B3%E3%83%94%E3%83%BC%E3%82%B9+%E3%82%A8%E3%83%B3%E3%83%91%E3%82%A4%E3%82%A2 HTTP/1.1" 200 315902 "-" "Mozilla/5.0 (Linux; Android 6.0.1; Nexus 5X Build/MMB29P) AppleWebKit/537.36 (KHTML, like Gecko) Chrome/138.0.7204.183 Mobile Safari/537.36 (compatible; Googlebot/2.1; +http://www.google.com/bot.html)"
114.119.153.152 - - [20/Aug/2025:05:37:58 +0000] "GET /?g=48381161813107&channel=25f5da&from=shop.php?id%3D1618131-488%26name%3D%E3%83%9D%E3%82%B1%E3%83%A2%E3%83%B3%E3%82%AB%E3%83%BC%E3%83%89%E3%80%80%E3%83%AA%E3%82%B6%E3%83%BC%E3%83%89%E3%83%B3ex%2BSAR HTTP/1.1" 200 22735 "https://ugotechnologies.com/sitemap.xml" "Mozilla/5.0 (Linux; Android 7.0;) AppleWebKit/537.36 (KHTML, like Gecko) Mobile Safari/537.36 (compatible; PetalBot;+https://webmaster.petalsearch.com/site/petalbot)"
66.249.79.199 - - [20/Aug/2025:05:38:03 +0000] "GET /?g=20059119778404&channel=0fba7a&from=category-info.php%3Fid%3D1197784-4959%26name%3DUS%E3%83%98%E3%83%83%E3%83%89%E3%83%A9%E3%82%A4%E3%83%88+Chevrolet+Malibu+LED%E3%83%98%E3%83%83%E3%83%89%E3%83%A9%E3%82%A4%E3%83%88LED++DRL+13-15%E3%82%92LED+DRL+13-15%E3%81%AB%E4%BB%A3%E3%82%8F%E3%82%8BHalogen%E3%82%B7%E3%83%BC%E3%82%B1%E3%83%B3%E3%82%B7%E3%83%A3%E3%83%AB+For+Chevrolet+Malibu+LED+Headlights+LED+DRL+13-15+Replace+OEM+Halogen+Sequential%EF%BC%88Fit+2013-2015+Chevy+Malibu+16+Limited+LED+Strip+DRL+Projector+Headlights+13-+15+%7C+eBay%EF%BC%89 HTTP/1.1" 200 304731 "-" "Mozilla/5.0 (Linux; Android 6.0.1; Nexus 5X Build/MMB29P) AppleWebKit/537.36 (KHTML, like Gecko) Chrome/138.0.7204.183 Mobile Safari/537.36 (compatible; Googlebot/2.1; +http://www.google.com/bot.html)"
66.249.79.198 - - [20/Aug/2025:05:38:39 +0000] "GET /?g=102242966113&channel=f5cf63&from=brands.php%3Fid%3D29661-1140%26name%3DHotStuff+%E3%82%AF%E3%83%AD%E3%82%B9%E3%82%B9%E3%83%94%E3%83%BC%E3%83%89+CR5+CR-5+%E8%BB%BD%E9%87%8F+BK+%E3%83%9B%E3%82%A4%E3%83%BC%E3%83%AB+14%E3%82%A4%E3%83%B3%E3%83%81+14+X+4.5J+%2B45+4%E7%A9%B4+100+%3Cbr%3E%E3%83%96%E3%83%AA%E3%83%82%E3%82%B9%E3%83%88%E3%83%B3+REGNO+%E3%83%AC%E3%82%B0%E3%83%8E+GR-X3+GRX3+GR-XIII+%E3%82%B5%E3%83%9E%E3%83%BC%E3%82%BF%E3%82%A4%E3%83%A4+155%2F65R14+%E3%82%B5%E3%82%AF%E3%83%A9+N-BOX+%E3%83%87%E3%83%AA%E3%82%AB%E3%83%9F%E3%83%8B+%E3%83%8F%E3%82%A4%E3%82%BC%E3%83%83%E3%83%88+%E3%82%A2%E3%82%B2%E3%83%88%E3%83%A9%E3%82%AB%E3%82%B9%E3%82%BF%E3%83%A0%E8%BB%8A%E7%94%A8%E2%80%BB%E8%BB%BD%E8%87%AA%E5%8B%95%E8%BB%8A%E5%B0%82%E7%94%A8%E3%83%9B%E3%82%A4%E3%83%BC%E3%83%AB%E2%80%BB HTTP/1.1" 200 317980 "-" "Mozilla/5.0 (Linux; Android 6.0.1; Nexus 5X Build/MMB29P) AppleWebKit/537.36 (KHTML, like Gecko) Chrome/138.0.7204.183 Mobile Safari/537.36 (compatible; Googlebot/2.1; +http://www.google.com/bot.html)"
66.249.79.200 - - [20/Aug/2025:05:39:15 +0000] "GET /?g=8254226950300&channel=9a6be6&from=goods.php%3Fid%3D269503-4525%26name%3D%E3%80%90%E4%B8%AD%E5%8F%A4%E3%80%91%28%E9%9D%9E%E5%B8%B8%E3%81%AB%E8%89%AF%E3%81%84%29%E3%83%96%E3%83%A9%E3%82%A6%E3%83%B3+%E3%83%A1%E3%83%B3%E3%82%BA%E3%82%B7%E3%82%A7%E3%83%BC%E3%83%90%E3%83%BC%E3%80%903%E6%9E%9A%E5%88%83%E3%80%91%EF%BC%88%E3%83%8E%E3%83%AF%E3%83%BC%E3%83%AB%E3%83%96%E3%83%A9%E3%83%83%E3%82%AF%EF%BC%89BRAUN+Series6%EF%BC%88%E3%82%B7%E3%83%AA%E3%83%BC%E3%82%BA6%EF%BC%89+60-N4200CS HTTP/1.1" 200 319007 "-" "Mozilla/5.0 (Linux; Android 6.0.1; Nexus 5X Build/MMB29P) AppleWebKit/537.36 (KHTML, like Gecko) Chrome/138.0.7204.183 Mobile Safari/537.36 (compatible; Googlebot/2.1; +http://www.google.com/bot.html)"
114.119.153.152 - - [20/Aug/2025:05:39:21 +0000] "GET /?g=48185137178706&channel=a849bf&from=category-info.php?id%3D1371787-730%26name%3DLune21%E6%A7%98%E5%B0%82%E7%94%A8%2B%2BPRADA%2B%E3%83%97%E3%83%A9%E3%83%80%2B%2B%E3%82%B5%E3%83%95%E3%82%A3%E3%82%A2%E3%83%BC%E3%83%8E%2B%2B%E6%8A%98%E3%82%8A%E8%B2%A1%E5%B8%83 HTTP/1.1" 200 22735 "https://ugotechnologies.com/sitemap.xml" "Mozilla/5.0 (Linux; Android 7.0;) AppleWebKit/537.36 (KHTML, like Gecko) Mobile Safari/537.36 (compatible; PetalBot;+https://webmaster.petalsearch.com/site/petalbot)"
66.249.79.199 - - [20/Aug/2025:05:39:53 +0000] "GET /?g=05909102742004&channel=78f7d5&from=brands.php%3Fid%3D1027420-11757%26name%3DEK%E3%83%81%E3%82%A7%E3%83%BC%E3%83%B3+%E6%B1%9F%E6%B2%BC%E3%83%81%E3%82%A7%E3%83%BC%E3%83%B3+QX%E3%83%AA%E3%83%B3%E3%82%B0%E3%82%B7%E3%83%BC%E3%83%AB%E3%83%81%E3%82%A7%E3%83%BC%E3%83%B3+428ZVX+APRILIA+%E3%82%A2%E3%83%97%E3%83%AA%E3%83%AA%E3%82%A2+HONDA+%E3%83%9B%E3%83%B3%E3%83%80+KAWASAKI+%E3%82%AB%E3%83%AF%E3%82%B5%E3%82%AD+SUZUKI+%E3%82%B9%E3%82%BA%E3%82%AD+YAMAHA+%E3%83%A4%E3%83%9E%E3%83%8F+%E3%83%81%E3%82%A7%E3%83%BC%E3%83%B3+%E9%A7%86%E5%8B%95%E7%B3%BB++%E3%83%AA%E3%83%B3%E3%82%AF%E6%95%B0%EF%BC%9A148L HTTP/1.1" 200 309760 "-" "Mozilla/5.0 (Linux; Android 6.0.1; Nexus 5X Build/MMB29P) AppleWebKit/537.36 (KHTML, like Gecko) Chrome/138.0.7204.183 Mobile Safari/537.36 (compatible; Googlebot/2.1; +http://www.google.com/bot.html)"
66.249.68.37 - - [20/Aug/2025:05:40:30 +0000] "GET /?g=2902761274408&channel=b19e3c&from=blog.php%3Fid%3D612744-11224%26name%3D%E3%80%90P10%E5%80%8D%EF%BC%9A6%2F22+20%3A00+-+6%2F27+01%3A59%E3%80%91%E5%8F%8E%E7%B4%8D%E4%BB%98%E3%81%8D%E3%83%99%E3%83%83%E3%83%89+%E3%82%BB%E3%83%9F%E3%83%80%E3%83%96%E3%83%AB%E3%83%99%E3%83%83%E3%83%89+%E3%83%9C%E3%83%B3%E3%83%8D%E3%83%AB%E3%82%B3%E3%82%A4%E3%83%AB%E3%83%9E%E3%83%83%E3%83%88%E3%83%AC%E3%82%B9%E4%BB%98%E3%81%8D+%E7%85%A7%E6%98%8E%E3%83%BB%E6%A3%9A%E4%BB%98%E3%81%8D%E5%8F%8E%E7%B4%8D%E3%83%99%E3%83%83%E3%83%89 HTTP/1.1" 200 311997 "-" "Mozilla/5.0 (Linux; Android 6.0.1; Nexus 5X Build/MMB29P) AppleWebKit/537.36 (KHTML, like Gecko) Chrome/138.0.7204.183 Mobile Safari/537.36 (compatible; Googlebot/2.1; +http://www.google.com/bot.html)"
114.119.136.30 - - [20/Aug/2025:05:40:46 +0000] "GET /?g=4805694123804&channel=5141ad&from=pin.php?id%3D941238-12872%26name%3D%E3%82%A8%E3%82%AF%E3%82%BB%E3%83%B3%2B%E4%BD%8E%E5%91%A8%E6%B3%A2%E6%8C%AF%E5%8B%95%E3%83%A2%E3%83%BC%E3%82%BF%2BEVSI3-800A%2B%E6%97%A7%E5%9E%8B%E5%BC%8F%2BEVSI3-800%2B2%E6%A5%B5%2B%E3%82%B1%E3%83%BC%E3%83%96%E3%83%AB%2B2%EF%BD%8D%2B%E4%BB%98%2B%E3%83%A2%E3%83%BC%E3%82%BF%2B%E4%BD%8E%E5%91%A8%E6%B3%A2%2B%E9%98%B2%E5%A1%B5%2B%E8%80%90%E6%B0%B4%2B%E4%BD%8E%E5%91%A8%E6%B3%A2%2B%E8%A3%BD%E7%B2%89%E5%B7%A5%E5%A0%B4%2B%E5%B7%A5%E5%A0%B4%2B%E7%A0%82%E5%88%A9%2B%E3%82%BB%E3%83%A1%E3%83%B3%E3%83%88%2B%E8%A3%BD%E7%B4%99%2B%E9%89%84%E9%8B%BC%2B%E9%9D%9E%E9%89%84%E9%87%91%E5%B1%9E%2B%E7%9F%B3%E6%B2%B9%E5%8C%96%E5%AD%A6%2BEXEN HTTP/1.1" 200 22735 "https://ugotechnologies.com/sitemap.xml" "Mozilla/5.0 (Linux; Android 7.0;) AppleWebKit/537.36 (KHTML, like Gecko) Mobile Safari/537.36 (compatible; PetalBot;+https://webmaster.petalsearch.com/site/petalbot)"
66.249.79.198 - - [20/Aug/2025:05:41:06 +0000] "GET /?g=77381101228501&channel=9efed6&from=shop.php%3Fid%3D1012285-12096%26name%3D%E3%83%91%E3%83%83%E3%83%88+WEB+LAN+%E3%83%AB%E3%83%BC%E3%82%BF%E3%83%BC+%E3%83%91%E3%82%BD%E3%82%B3%E3%83%B3+%E3%82%B9%E3%83%9E%E3%83%BC%E3%83%88%E3%83%95%E3%82%A9%E3%83%B3+%E3%82%B9%E3%83%9E%E3%83%9B+OA%E6%A9%9F%E5%99%A8+%E3%83%87%E3%82%B8%E3%82%BF%E3%83%AB+%E6%83%85%E5%A0%B1+%E5%91%A8%E8%BE%BA++%E3%83%87%E3%82%B8%E3%82%BF%E3%83%AB%E9%96%A2%E9%80%A3%3Cbr%3E%3Cbr%3E++%7C+%E3%82%A8%E3%83%AC%E3%82%B3%E3%83%A0+Bluetooth%E8%96%84%E5%9E%8B%E3%83%9F%E3%83%8B%E3%82%AD%E3%83%BC%E3%83%9C%E3%83%BC%E3%83%89+Slint+%E3%83%9B%E3%83%AF%E3%82%A4%E3%83%88+TK-TM10BPWH HTTP/1.1" 200 317144 "-" "Mozilla/5.0 (Linux; Android 6.0.1; Nexus 5X Build/MMB29P) AppleWebKit/537.36 (KHTML, like Gecko) Chrome/138.0.7204.183 Mobile Safari/537.36 (compatible; Googlebot/2.1; +http://www.google.com/bot.html)"
66.249.79.199 - - [20/Aug/2025:05:41:43 +0000] "GET /?g=2023736093900&channel=6c2f72&from=category-info.php%3Fid%3D360939-1882%26name%3D%E6%9C%AA%E4%BD%BF%E7%94%A8%E5%93%81+%E3%83%A1%E3%83%B3%E3%82%BA+%E3%83%8E%E3%83%BC%E3%82%B3%E3%83%A1%E3%83%B3%E3%83%88%E3%83%91%E3%83%AA+NO+COMMENT+PARIS+%E9%95%B7%E8%A2%96%E3%82%B7%E3%83%A3%E3%83%84+XL+%E9%BB%92+%E9%95%B7%E8%A2%96%E3%83%A2%E3%83%83%E3%82%AF%E3%83%8D%E3%83%83%E3%82%AF HTTP/1.1" 200 307338 "-" "Mozilla/5.0 (Linux; Android 6.0.1; Nexus 5X Build/MMB29P) AppleWebKit/537.36 (KHTML, like Gecko) Chrome/138.0.7204.183 Mobile Safari/537.36 (compatible; Googlebot/2.1; +http://www.google.com/bot.html)"
114.119.153.152 - - [20/Aug/2025:05:42:08 +0000] "GET /?g=4799072060101&channel=8b6ccc&from=product.php?id%3D720601-1705%26name%3D%E3%82%A2%E3%83%80%E3%83%97%E3%83%88%E3%83%A9%E3%83%86%EF%BC%88%E3%82%AA%E3%83%AA%E3%82%B8%E3%83%8A%E3%83%AB360g%EF%BC%892%E8%A2%8B%E2%98%852%E6%99%82%E9%96%93%E4%BB%A5%E5%86%85%E7%99%BA%E9%80%81%E5%8F%AF%E8%83%BD%E2%99%AA HTTP/1.1" 200 22735 "https://ugotechnologies.com/sitemap.xml" "Mozilla/5.0 (Linux; Android 7.0;) AppleWebKit/537.36 (KHTML, like Gecko) Mobile Safari/537.36 (compatible; PetalBot;+https://webmaster.petalsearch.com/site/petalbot)"
66.249.79.198 - - [20/Aug/2025:05:42:18 +0000] "GET /?g=8010049959504&channel=470f9e&from=form.php%3Fid%3D499595-405%26name%3D4u+%E3%82%AD%E3%83%A5%E3%83%BC%E3%83%96%E3%83%90%E3%83%83%E3%82%B0+S%E3%82%B5%E3%82%A4%E3%82%BA+%E3%82%B7%E3%83%AB%E3%83%90%E3%83%BC%E9%87%91%E5%85%B7+%E3%82%BF%E3%82%B1%E3%82%B0%E3%83%AA%E3%83%BC%E3%83%B3 HTTP/1.1" 200 296610 "-" "Mozilla/5.0 (Linux; Android 6.0.1; Nexus 5X Build/MMB29P) AppleWebKit/537.36 (KHTML, like Gecko) Chrome/138.0.7204.183 Mobile Safari/537.36 (compatible; Googlebot/2.1; +http://www.google.com/bot.html)"
