114.119.130.154 - - [20/Aug/2025:03:43:25 +0000] "GET /?g=5999256139300&channel=d8f6fe&from=info.php?id%3D561393-703%26name%3D(CD)IU%2B1%E9%9B%86%2B-%2BGrowing%2BUp(%E9%9F%93%E5%9B%BD%E7%9B%A4)%EF%BC%8FIU HTTP/1.1" 200 22735 "https://ugotechnologies.com/sitemap.xml" "Mozilla/5.0 (Linux; Android 7.0;) AppleWebKit/537.36 (KHTML, like Gecko) Mobile Safari/537.36 (compatible; PetalBot;+https://webmaster.petalsearch.com/site/petalbot)"
66.249.79.198 - - [20/Aug/2025:03:43:32 +0000] "GET /?g=70821197887606&channel=e1ba0a&from=form.php%3Fid%3D1978876-9344%26name%3D%E3%80%90%E3%80%91%EF%BD%BA%EF%BE%9B%EF%BE%85%E3%80%8ACSH-SP22AR-W%E3%80%8B%28CSH-SP22AR+%28W%29+%2B+COH-SP22AR+%2B+%EF%BE%98%EF%BE%93%EF%BD%BA%EF%BE%9D%29+%EF%BD%A5+6%E7%95%B3+2024%E5%B9%B4+%3A+%EF%BE%99%EF%BD%B0%EF%BE%91%EF%BD%B4%EF%BD%B1%EF%BD%BA%EF%BE%9D+%E5%86%B7%E6%9A%96%E9%99%A4%E6%B9%BF+SP%EF%BD%BC%EF%BE%98%EF%BD%B0%EF%BD%BD%EF%BE%9E++CSH-SP22AR+%28W%29++%E2%88%B4CORONA%3Cbr%3E HTTP/1.1" 200 306276 "-" "Mozilla/5.0 (Linux; Android 6.0.1; Nexus 5X Build/MMB29P) AppleWebKit/537.36 (KHTML, like Gecko) Chrome/138.0.7204.183 Mobile Safari/537.36 (compatible; Googlebot/2.1; +http://www.google.com/bot.html)"
66.249.79.198 - - [20/Aug/2025:03:43:45 +0000] "GET /?g=0785160247300&channel=1cc56c&from=info.php%3Fid%3D602473-11808%26name%3D%E3%80%90%E8%BC%B8%E5%85%A5%E7%9B%A4DVD%E3%80%91%E3%80%90%E6%96%B0%E5%93%81%E3%80%91MAGELLAN%3A+THE+COMPLETE+SERIES+%2820PC%29%E3%80%90D2023%2F11%2F28%E7%99%BA%E5%A3%B2%E3%80%91 HTTP/1.1" 200 316374 "-" "Mozilla/5.0 (Linux; Android 6.0.1; Nexus 5X Build/MMB29P) AppleWebKit/537.36 (KHTML, like Gecko) Chrome/138.0.7204.183 Mobile Safari/537.36 (compatible; Googlebot/2.1; +http://www.google.com/bot.html)"
66.249.79.199 - - [20/Aug/2025:03:43:59 +0000] "GET /?g=154498556901&channel=07e364&from=jp.php%3Fid%3D85569-1930%26name%3D%E3%80%90%E6%96%B0%E5%93%81%E3%83%BB7%E5%96%B6%E6%A5%AD%E6%97%A5%E4%BB%A5%E5%86%85%E7%99%BA%E9%80%81%E3%80%91%E3%83%88%E3%83%BC%E3%83%95%E3%83%AC+TF-14000-40-500+TF+%E6%B6%88%E9%98%B2%E6%B3%95%E3%83%95%E3%83%AC%E3%82%AD+%E9%AB%98%E5%9C%A71%E5%B1%A4%E3%83%99%E3%83%AD%E3%83%BC%E3%82%BA+SUS316L+JIS10K+SS400+40AX500L+TF1400040500%E3%80%90%E6%B2%96%E7%B8%84%E9%9B%A2%E5%B3%B6%E8%B2%A9%E5%A3%B2%E4%B8%8D%E5%8F%AF%E3%80%91 HTTP/1.1" 200 320853 "-" "Mozilla/5.0 (Linux; Android 6.0.1; Nexus 5X Build/MMB29P) AppleWebKit/537.36 (KHTML, like Gecko) Chrome/138.0.7204.183 Mobile Safari/537.36 (compatible; Googlebot/2.1; +http://www.google.com/bot.html)"
66.249.79.198 - - [20/Aug/2025:03:44:13 +0000] "GET /?g=19260136296703&channel=91feca&from=article.php%3Fid%3D1362967-443%26name%3D483xN6%EF%BC%84%E3%83%9D%E3%82%A4%E3%83%B3%E3%83%8865++%E3%83%90%E3%82%A4%E3%82%AF+%E3%83%84%E3%83%BC%E3%83%AA%E3%83%B3%E3%82%B0+%E3%83%90%E3%83%83%E3%82%B0%2F25L%E3%82%B5%E3%82%A4%E3%83%89%E3%83%90%E3%83%83%E3%82%B0%E4%BB%98%E9%BB%92 HTTP/1.1" 200 294939 "-" "Mozilla/5.0 (Linux; Android 6.0.1; Nexus 5X Build/MMB29P) AppleWebKit/537.36 (KHTML, like Gecko) Chrome/138.0.7204.183 Mobile Safari/537.36 (compatible; Googlebot/2.1; +http://www.google.com/bot.html)"
66.249.68.38 - - [20/Aug/2025:03:44:26 +0000] "GET /?g=4788059354805&channel=7e25f6&from=product.php%3Fid%3D593548-17471%26name%3DBluetooth+%E3%82%BF%E3%83%83%E3%83%81%E3%83%91%E3%83%83%E3%83%89%E4%BB%98%E3%81%8D%E3%82%AD%E3%83%BC%E3%83%9C%E3%83%BC%E3%83%89 HTTP/1.1" 200 298230 "-" "Mozilla/5.0 (Linux; Android 6.0.1; Nexus 5X Build/MMB29P) AppleWebKit/537.36 (KHTML, like Gecko) Chrome/138.0.7204.183 Mobile Safari/537.36 (compatible; Googlebot/2.1; +http://www.google.com/bot.html)"
66.249.79.198 - - [20/Aug/2025:03:44:40 +0000] "GET /?g=86204183619002&channel=ea33b7&from=category-info.php%3Fid%3D1836190-74%26name%3D%E8%8A%B1%E8%8B%97+%E3%82%AF%E3%83%AA%E3%82%B9%E3%83%9E%E3%82%B9%E3%83%AD%E3%83%BC%E3%82%BA+%E6%B0%B7%E3%81%AE%E8%96%94%E8%96%87++%E9%96%8B%E8%8A%B1%E6%A0%AA+%EF%BC%93%E9%89%A2%E3%82%BB%E3%83%83%E3%83%88+%E3%83%94%E3%82%B3%E3%83%86%E3%82%A3+%E3%83%AD%E3%83%BC%E3%82%BA%E7%AD%89+%EF%BC%A1 HTTP/1.1" 200 303038 "-" "Mozilla/5.0 (Linux; Android 6.0.1; Nexus 5X Build/MMB29P) AppleWebKit/537.36 (KHTML, like Gecko) Chrome/138.0.7204.183 Mobile Safari/537.36 (compatible; Googlebot/2.1; +http://www.google.com/bot.html)"
114.119.143.233 - - [20/Aug/2025:03:44:49 +0000] "GET /?g=5990639888104&channel=50fe6f&from=news.php?id%3D398881-1193%26name%3DNOVARIS/ASSETE%2BS1%2B%E3%83%9E%E3%83%BC%E3%82%AFX%2B130%E7%B3%BB%2BFR%2B%E3%82%A2%E3%83%AB%E3%83%9F%E3%83%9B%E3%82%A4%E3%83%BC%E3%83%AB4%E6%9C%AC%E3%82%BB%E3%83%83%E3%83%88%E3%80%9020%C3%978.5J%2B5-114.3%2BINSET45%2BBLACK/RIM%2BPOLISH%E3%80%910041338%C3%974 HTTP/1.1" 200 22735 "https://ugotechnologies.com/sitemap.xml" "Mozilla/5.0 (Linux; Android 7.0;) AppleWebKit/537.36 (KHTML, like Gecko) Mobile Safari/537.36 (compatible; PetalBot;+https://webmaster.petalsearch.com/site/petalbot)"
66.249.79.198 - - [20/Aug/2025:03:44:54 +0000] "GET /?g=09834148107601&channel=d3d6bd&from=goods.php%3Fid%3D1481076-8368%26name%3D%28%E6%96%B0%E5%93%81%29+Tory+Burch%28%E3%83%88%E3%83%AA%E3%83%BC%E3%83%90%E3%83%BC%E3%83%81%29+%E3%82%BC%E3%83%AA%E3%83%BC+%E3%82%B5%E3%83%B3%E3%83%80%E3%83%AB HTTP/1.1" 200 306847 "-" "Mozilla/5.0 (Linux; Android 6.0.1; Nexus 5X Build/MMB29P) AppleWebKit/537.36 (KHTML, like Gecko) Chrome/138.0.7204.183 Mobile Safari/537.36 (compatible; Googlebot/2.1; +http://www.google.com/bot.html)"
66.249.79.198 - - [20/Aug/2025:03:45:08 +0000] "GET /?g=04288160377606&channel=ee14b4&from=article.php%3Fid%3D1603776-2003%26name%3D%E3%83%AD%E3%82%A8%E3%83%99%E3%80%80%E3%83%91%E3%83%B3%E3%83%80%E3%80%80%E3%82%B3%E3%82%A4%E3%83%B3%E3%82%B1%E3%83%BC%E3%82%B9 HTTP/1.1" 200 295204 "-" "Mozilla/5.0 (Linux; Android 6.0.1; Nexus 5X Build/MMB29P) AppleWebKit/537.36 (KHTML, like Gecko) Chrome/138.0.7204.183 Mobile Safari/537.36 (compatible; Googlebot/2.1; +http://www.google.com/bot.html)"
114.119.141.178 - - [20/Aug/2025:03:46:12 +0000] "GET /?g=59888171451603&channel=49b140&from=info.php?id%3D1714516-1143%26name%3D%E4%B8%AD%E5%8F%A4%2B215/65R16%2B%E3%83%88%E3%83%BC%E3%83%A8%E3%83%BC%2B%E3%82%A6%E3%82%A3%E3%83%B3%E3%82%BF%E3%83%BC%E3%83%88%E3%83%A9%E3%83%B3%E3%83%91%E3%82%B9%2BTX%2B4%E6%9C%AC%E3%82%BB%E3%83%83%E3%83%88%3CBR%3E%E3%82%A2%E3%83%AB%E3%83%95%E3%82%A1%E3%83%BC%E3%83%89%2B%E3%83%B4%E3%82%A7%E3%83%AB%E3%83%95%E3%82%A1%E3%82%A4%E3%82%A2%2B%E3%82%A8%E3%83%AB%E3%82%B0%E3%83%A9%E3%83%B3%E3%83%89%2BRVR%E3%83%AD%E3%83%BC%E3%83%87%E3%82%B9%E3%83%88%2B%E3%83%95%E3%82%A9%E3%83%AC%E3%82%B9%E3%82%BF%E3%83%BC%2BCX-30%3CBR%3E%E4%B8%AD%E5%8F%A4%E3%82%BF%E3%82%A4%E3%83%A4%2B%E3%82%B9%E3%82%BF%E3%83%83%E3%83%89%E3%83%AC%E3%82%B9%E3%82%BF%E3%82%A4%E3%83%A4%2B16%E3%82%A4%E3%83%B3%E3%83%81 HTTP/1.1" 200 22735 "https://ugotechnologies.com/sitemap.xml" "Mozilla/5.0 (Linux; Android 7.0;) AppleWebKit/537.36 (KHTML, like Gecko) Mobile Safari/537.36 (compatible; PetalBot;+https://webmaster.petalsearch.com/site/petalbot)"
114.119.136.30 - - [20/Aug/2025:03:47:36 +0000] "GET /?g=5978247147308&channel=520da2&from=blog.php?id%3D471473-765%26name%3D%E7%84%A1%E5%8D%B0%E8%89%AF%E5%93%81%E3%80%80MUJI%2B%E5%86%B7%E8%94%B5%E5%BA%AB%E3%80%80375L%2B%2BM-R38A%2B%2B%E2%97%8E%E3%81%8A%E5%BC%95%E3%81%8D%E5%8F%96%E3%82%8A%E3%81%AE%E6%96%B9%E5%89%B2%E5%BC%95%E3%81%82%E3%82%8A HTTP/1.1" 200 22735 "https://ugotechnologies.com/sitemap.xml" "Mozilla/5.0 (Linux; Android 7.0;) AppleWebKit/537.36 (KHTML, like Gecko) Mobile Safari/537.36 (compatible; PetalBot;+https://webmaster.petalsearch.com/site/petalbot)"
114.119.150.86 - - [20/Aug/2025:03:52:31 +0000] "GET /?g=5939720933500&channel=1b97f1&from=form.php?id%3D209335-7186%26name%3D%E3%80%90%E6%9C%80%E7%9F%AD%E7%BF%8C%E6%97%A5%E7%99%BA%E9%80%81%E3%80%91EPIC%2BSPEED%2B%7C%2B10.5%2B%7C%2BS%2B%7C%2BDiamana%2B50%2Bfor%2BCallaway(EPIC%2BSPEED)%2B%7C%2B%E4%B8%AD%E5%8F%A4%2B%7C%2B%E3%83%89%E3%83%A9%E3%82%A4%E3%83%90%E3%83%BC%2B%7C%2B%E3%82%AD%E3%83%A3%E3%83%AD%E3%82%A6%E3%82%A7%E3%82%A4 HTTP/1.1" 200 22735 "https://ugotechnologies.com/sitemap.xml" "Mozilla/5.0 (Linux; Android 7.0;) AppleWebKit/537.36 (KHTML, like Gecko) Mobile Safari/537.36 (compatible; PetalBot;+https://webmaster.petalsearch.com/site/petalbot)"
85.208.98.19 - - [20/Aug/2025:03:52:40 +0000] "GET /pickup/Z2001323 HTTP/1.1" 200 22735 "-" "Mozilla/5.0 (compatible; SemrushBot-BA; +http://www.semrush.com/bot.html)"
114.119.130.154 - - [20/Aug/2025:03:52:53 +0000] "GET /?g=592054394601&channel=9f7f67&from=category-info.php?id%3D43946-3405%26name%3D%E3%83%8A%E3%83%93%E3%82%B9%EF%BC%88%E3%82%A2%E3%82%BA%E3%83%AF%E3%83%B3%EF%BC%89%2B%E3%82%B3%E3%83%B3%E3%83%95%E3%82%A9%E3%83%BC%E3%83%88%E3%82%B7%E3%82%A7%E3%83%AB%E3%83%95%EF%BC%88%E3%82%B9%E3%83%AA%E3%83%A0%E3%82%BF%E3%82%A4%E3%83%97%EF%BC%89%2B%E3%83%9B%E3%83%AF%E3%82%A4%E3%83%88%2B575%C3%97575%C3%971335mm%2BM-3FW%2B(%2B%E7%9B%AE%E5%AE%89%E5%9C%A8%E5%BA%AB%3D%E2%96%B3 HTTP/1.1" 200 22735 "https://ugotechnologies.com/sitemap.xml" "Mozilla/5.0 (Linux; Android 7.0;) AppleWebKit/537.36 (KHTML, like Gecko) Mobile Safari/537.36 (compatible; PetalBot;+https://webmaster.petalsearch.com/site/petalbot)"
85.208.98.19 - - [20/Aug/2025:03:53:03 +0000] "GET /pickup/B1604877 HTTP/1.1" 200 22735 "-" "Mozilla/5.0 (compatible; SemrushBot-BA; +http://www.semrush.com/bot.html)"
114.119.130.154 - - [20/Aug/2025:03:53:08 +0000] "GET /?g=59091155624000&channel=46c5cd&from=blog.php?id%3D1556240-4479%26name%3D%E3%80%90%E4%B8%AD%E5%8F%A4%E3%80%91%2B%E3%82%B9%E3%83%AF%E3%83%B3%E3%82%AF%E3%83%AA%E3%82%B9%E3%82%BF%E3%83%AB%2B%E3%82%AF%E3%83%AA%E3%82%A2%E3%83%96%E3%83%A9%E3%83%83%E3%82%AF%2B%E3%80%90%E3%83%AF%E3%83%B3%E3%83%80%E3%83%BC%E3%82%B9%E3%83%AF%E3%83%B3%E3%80%91 HTTP/1.1" 200 22735 "https://ugotechnologies.com/sitemap.xml" "Mozilla/5.0 (Linux; Android 7.0;) AppleWebKit/537.36 (KHTML, like Gecko) Mobile Safari/537.36 (compatible; PetalBot;+https://webmaster.petalsearch.com/site/petalbot)"
114.119.130.154 - - [20/Aug/2025:03:53:35 +0000] "GET /?g=58918196362000&channel=366c42&from=form.php?id%3D1963620-1099%26name%3D%E3%80%90%E6%B5%B7%E5%A4%96%E6%AD%A3%E8%A6%8F%E5%93%81%E3%80%91%E3%83%AC%E3%82%A4%E3%83%90%E3%83%B3%2BRay-Ban%2B%E3%83%A9%E3%82%A4%E3%83%88%E3%82%AB%E3%83%A9%E3%83%BC%2B%E3%83%A1%E3%82%AC%E3%83%8D%2B%E3%83%95%E3%83%AC%E3%83%BC%E3%83%A0%2BRX5250%2B5114%2B54%E3%82%B5%E3%82%A4%E3%82%BA%2B%E3%82%B5%E3%83%BC%E3%83%A2%E3%83%B3%E3%83%88%E5%9E%8B%2B%E7%9C%BC%E9%8F%A1%2B%E4%BC%8A%E9%81%94%E3%83%A1%E3%82%AC%E3%83%8D%2B%E3%83%A1%E3%83%B3%E3%82%BA%2B%E3%83%AC%E3%83%87%E3%82%A3%E3%83%BC%E3%82%B9%2B(%E3%83%A9%E3%82%A4%E3%83%88%E3%83%96%E3%83%AB%E3%83%BC) HTTP/1.1" 200 22735 "https://ugotechnologies.com/sitemap.xml" "Mozilla/5.0 (Linux; Android 7.0;) AppleWebKit/537.36 (KHTML, like Gecko) Mobile Safari/537.36 (compatible; PetalBot;+https://webmaster.petalsearch.com/site/petalbot)"
85.208.98.19 - - [20/Aug/2025:03:54:23 +0000] "GET /ballflower-322642.shtml HTTP/1.1" 200 22735 "-" "Mozilla/5.0 (compatible; SemrushBot-BA; +http://www.semrush.com/bot.html)"
85.208.98.31 - - [20/Aug/2025:03:54:40 +0000] "GET /pickup/D197707 HTTP/1.1" 200 22735 "-" "Mozilla/5.0 (compatible; SemrushBot-BA; +http://www.semrush.com/bot.html)"
114.119.141.178 - - [20/Aug/2025:03:55:06 +0000] "GET /?g=58836134383900&channel=6b93db&from=pin.php?id%3D1343839-217%26name%3D%E3%82%A4%E3%83%96%E3%83%A9%E3%83%92%E3%83%A0%2B%E8%AA%95%E7%94%9F%E6%97%A5%E7%BC%B6%E3%83%90%E3%83%83%E3%82%B8 HTTP/1.1" 200 22735 "https://ugotechnologies.com/sitemap.xml" "Mozilla/5.0 (Linux; Android 7.0;) AppleWebKit/537.36 (KHTML, like Gecko) Mobile Safari/537.36 (compatible; PetalBot;+https://webmaster.petalsearch.com/site/petalbot)"
114.119.143.233 - - [20/Aug/2025:03:56:16 +0000] "GET /?g=58821132807800&channel=b578e5&from=article.php?id%3D1328078-572%26name%3Dpatagonia%E3%83%91%E3%82%BF%E3%82%B4%E3%83%8B%E3%82%A2%E3%80%80%E3%83%AC%E3%83%88%E3%83%ADX%E3%80%80%E3%83%9C%E3%82%A2%E3%83%95%E3%83%AA%E3%83%BC%E3%82%B9%E3%80%80%E5%B8%8C%E5%B0%91%E3%82%B0%E3%83%AC%E3%83%BC%C3%97%E3%83%96%E3%83%A9%E3%83%83%E3%82%AFM HTTP/1.1" 200 22735 "https://ugotechnologies.com/sitemap.xml" "Mozilla/5.0 (Linux; Android 7.0;) AppleWebKit/537.36 (KHTML, like Gecko) Mobile Safari/537.36 (compatible; PetalBot;+https://webmaster.petalsearch.com/site/petalbot)"
85.208.98.19 - - [20/Aug/2025:03:57:18 +0000] "GET /weakwilled-537319.shtml HTTP/1.1" 200 22735 "-" "Mozilla/5.0 (compatible; SemrushBot-BA; +http://www.semrush.com/bot.html)"
114.119.136.30 - - [20/Aug/2025:03:57:41 +0000] "GET /?g=58702174021604&channel=3896ee&from=info.php?id%3D1740216-708%26name%3D%E6%A5%B5%E5%A4%AA%2B00s%2B%E5%BB%83%E7%9B%A4%2B%E3%82%A8%E3%83%89%E3%82%A6%E3%82%A3%E3%83%B3%2B%E3%83%87%E3%83%8B%E3%83%A0%2B%E3%83%AC%E3%82%A4%E3%83%90%E3%83%BC%E3%83%91%E3%83%B3%E3%83%84%2B%E3%83%95%E3%83%AC%E3%82%A2%2B%E3%83%99%E3%83%AB%E3%83%9C%E3%83%88%E3%83%A0 HTTP/1.1" 200 22735 "https://ugotechnologies.com/sitemap.xml" "Mozilla/5.0 (Linux; Android 7.0;) AppleWebKit/537.36 (KHTML, like Gecko) Mobile Safari/537.36 (compatible; PetalBot;+https://webmaster.petalsearch.com/site/petalbot)"
114.119.157.43 - - [20/Aug/2025:03:59:03 +0000] "GET /?g=58602193519301&channel=3ba579&from=info.php?id%3D1935193-5225%26name%3DMID%2B%E3%83%95%E3%82%A1%E3%82%A4%E3%83%8A%E3%83%AB%E3%82%B9%E3%83%94%E3%83%BC%E3%83%89%2BGR%E3%82%AC%E3%83%B3%E3%83%9E%2B%E3%82%A2%E3%83%AB%E3%83%9F%E3%83%9B%E3%82%A4%E3%83%BC%E3%83%AB%2B4%E6%9C%AC%2BC-HR%2B50/10%E7%B3%BB(16%C3%976.5J%2B5-114.3%2BINSET48%2B%E3%83%96%E3%83%A9%E3%83%83%E3%82%AF%E3%83%9D%E3%83%AA%E3%83%83%E3%82%B7%E3%83%A5)FINALSPEED%2BGR%2BGANMA HTTP/1.1" 200 22735 "https://ugotechnologies.com/sitemap.xml" "Mozilla/5.0 (Linux; Android 7.0;) AppleWebKit/537.36 (KHTML, like Gecko) Mobile Safari/537.36 (compatible; PetalBot;+https://webmaster.petalsearch.com/site/petalbot)"
114.119.151.93 - - [20/Aug/2025:04:00:28 +0000] "GET /?g=5843860422101&channel=3bb5bc&from=brands.php?id%3D604221-10035%26name%3D%E3%82%BD%E3%83%AA%E3%82%AA%2B%E3%83%87%E3%83%AA%E3%82%ABD2%2B165/65R15%2B%E3%83%9B%E3%82%A4%E3%83%BC%E3%83%AB%E3%82%BB%E3%83%83%E3%83%88%2B%7C%2B%E3%83%A8%E3%82%B3%E3%83%8F%E3%83%9E%2B%E3%82%B8%E3%82%AA%E3%83%A9%E3%83%B3%E3%83%80%E3%83%BC%2BG058%2B%26%2B%E3%82%A2%E3%82%A4%E3%83%B4%E3%82%A1%E3%83%BC%2B15%E3%82%A4%E3%83%B3%E3%83%81%2B4%E7%A9%B4100 HTTP/1.1" 200 22735 "https://ugotechnologies.com/sitemap.xml" "Mozilla/5.0 (Linux; Android 7.0;) AppleWebKit/537.36 (KHTML, like Gecko) Mobile Safari/537.36 (compatible; PetalBot;+https://webmaster.petalsearch.com/site/petalbot)"
114.119.136.30 - - [20/Aug/2025:04:01:50 +0000] "GET /?g=58395137186609&channel=ee14b4&from=article.php?id%3D1371866-2003%26name%3D%E2%96%A0%E7%BE%8E%E5%93%81%E2%96%A0%E3%80%80%E3%83%AB%E3%82%A4%E3%83%B4%E3%82%A3%E3%83%88%E3%83%B3%2B%E3%83%9D%E3%83%AB%E3%83%88%E3%83%A2%E3%83%8D%E3%83%97%E3%83%A9%2B%E5%B0%8F%E9%8A%AD%E5%85%A5%E3%82%8C%2B%E8%B2%A1%E5%B8%83%2B%E3%82%B3%E3%82%A4%E3%83%B3%E3%82%B1%E3%83%BC%E3%82%B9%2B%E3%83%A2%E3%83%8E%E3%82%B0%E3%83%A9%E3%83%A0%2BM61930%2B%E3%80%90250088%E3%80%917 HTTP/1.1" 200 22735 "https://ugotechnologies.com/sitemap.xml" "Mozilla/5.0 (Linux; Android 7.0;) AppleWebKit/537.36 (KHTML, like Gecko) Mobile Safari/537.36 (compatible; PetalBot;+https://webmaster.petalsearch.com/site/petalbot)"
114.119.153.152 - - [20/Aug/2025:04:03:14 +0000] "GET /?g=5826026855902&channel=a9b148&from=category-info.php?id%3D268559-3507%26name%3D%E7%A7%98%E8%94%B5%E3%81%A3%E5%AD%90%2B%E3%83%94%E3%83%B3%E3%82%AF%E3%83%AC%E3%83%A0%E3%83%AA%E3%82%A2%E3%83%B3%E3%82%B7%E3%83%BC%E3%83%89%E3%82%AF%E3%83%AA%E3%82%B9%E3%82%BF%E3%83%AB HTTP/1.1" 200 22735 "https://ugotechnologies.com/sitemap.xml" "Mozilla/5.0 (Linux; Android 7.0;) AppleWebKit/537.36 (KHTML, like Gecko) Mobile Safari/537.36 (compatible; PetalBot;+https://webmaster.petalsearch.com/site/petalbot)"
114.119.153.152 - - [20/Aug/2025:04:04:38 +0000] "GET /?g=58244183067202&channel=79af74&from=info.php?id%3D1830672-1124%26name%3D%E3%83%80%E3%82%A4%E3%83%AF%E3%80%80%E3%82%B7%E3%83%BC%E3%83%9C%E3%83%BC%E3%82%B0%E3%80%80G300JL HTTP/1.1" 200 22735 "https://ugotechnologies.com/sitemap.xml" "Mozilla/5.0 (Linux; Android 7.0;) AppleWebKit/537.36 (KHTML, like Gecko) Mobile Safari/537.36 (compatible; PetalBot;+https://webmaster.petalsearch.com/site/petalbot)"
114.119.157.43 - - [20/Aug/2025:04:06:02 +0000] "GET /?g=58191177706300&channel=ba8d30&from=shop.php?id%3D1777063-7725%26name%3D%E3%82%BF%E3%83%B3%E3%82%AC%E3%83%AD%E3%82%A4%2BTAC%E3%83%89%E3%83%AA%E3%83%AB%2BTDX470F40-4 HTTP/1.1" 200 22735 "https://ugotechnologies.com/sitemap.xml" "Mozilla/5.0 (Linux; Android 7.0;) AppleWebKit/537.36 (KHTML, like Gecko) Mobile Safari/537.36 (compatible; PetalBot;+https://webmaster.petalsearch.com/site/petalbot)"
114.119.143.233 - - [20/Aug/2025:04:07:30 +0000] "GET /?g=5818984209502&channel=7b69ba&from=form.php?id%3D842095-1139%26name%3D2025%E5%B9%B4%E8%A3%BD%2BFIREMAX%2BFM601%2B275/35ZR19%2B100Y%2BXL%2B%E6%96%B0%E5%93%81%2B%E3%82%B5%E3%83%9E%E3%83%BC%E3%82%BF%E3%82%A4%E3%83%A4%2B%E3%83%95%E3%82%A1%E3%82%A4%E3%82%A2%E3%83%9E%E3%83%83%E3%82%AF%E3%82%B9%2B19%E3%82%A4%E3%83%B3%E3%83%81%EF%BD%9C%E3%82%BF%E3%82%A4%E3%83%A4%E5%8D%98%E5%93%81%2B(275/35R19) HTTP/1.1" 200 22735 "https://ugotechnologies.com/sitemap.xml" "Mozilla/5.0 (Linux; Android 7.0;) AppleWebKit/537.36 (KHTML, like Gecko) Mobile Safari/537.36 (compatible; PetalBot;+https://webmaster.petalsearch.com/site/petalbot)"
114.119.141.178 - - [20/Aug/2025:04:08:56 +0000] "GET /?g=58109196476900&channel=49b140&from=info.php?id%3D1964769-1143%26name%3D%E3%80%87%E3%83%80%E3%83%B3%E3%83%AD%E3%83%83%E3%83%97%2B%E3%82%A6%E3%82%A4%E3%83%B3%E3%82%BF%E3%83%BC%2B%E3%83%9E%E3%83%83%E3%82%AF%E3%82%B903%2BWM03%3Cbr%3E%E3%82%B9%E3%82%BF%E3%83%83%E3%83%89%E3%83%AC%E3%82%B9%E3%82%BF%E3%82%A4%E3%83%A4%3Cbr%3E%E3%80%80195/60R15%2B88Q%2B4%E6%9C%AC%E3%82%BB%E3%83%83%E3%83%88 HTTP/1.1" 200 22735 "https://ugotechnologies.com/sitemap.xml" "Mozilla/5.0 (Linux; Android 7.0;) AppleWebKit/537.36 (KHTML, like Gecko) Mobile Safari/537.36 (compatible; PetalBot;+https://webmaster.petalsearch.com/site/petalbot)"
114.119.136.30 - - [20/Aug/2025:04:10:12 +0000] "GET /?g=58010183311506&channel=6b193d&from=jp.php?id%3D1833115-5638%26name%3D%E3%83%86%E3%83%BC%E3%83%AB%E3%83%A9%E3%82%A4%E3%83%88%2B03-06%2BSilverado%2B2500Hd%2BTaillights%2BRoof%2BCargo%2BLamp%2BParking%2BFoglights%2BHeadlights%2B03-06%2BSilverado%2B2500Hd%E3%83%86%E3%83%BC%E3%83%AB%E3%83%A9%E3%82%A4%E3%83%88%E3%83%AB%E3%83%BC%E3%83%95%E3%82%AB%E3%83%BC%E3%82%B4%E3%83%A9%E3%83%B3%E3%83%97%E3%83%91%E3%83%BC%E3%82%AD%E3%83%B3%E3%82%B0%E3%83%95%E3%82%A9%E3%82%B0%E3%83%A9%E3%82%A4%E3%83%88%E3%83%98%E3%83%83%E3%83%89%E3%83%A9%E3%82%A4%E3%83%88 HTTP/1.1" 200 22735 "https://ugotechnologies.com/sitemap.xml" "Mozilla/5.0 (Linux; Android 7.0;) AppleWebKit/537.36 (KHTML, like Gecko) Mobile Safari/537.36 (compatible; PetalBot;+https://webmaster.petalsearch.com/site/petalbot)"
47.16.130.140 - - [20/Aug/2025:04:10:44 +0000] "GET /?g=30296106309203&channel=583d3b&from=category-info.php%3Fid%3D1063092-1522%26name%3DTiffany+%26+Co.+Elsa+Peretti+Bean+Key+Ring HTTP/1.1" 200 22735 "https://www.google.com/" "Mozilla/5.0 (iPhone; CPU iPhone OS 18_6_0 like Mac OS X) AppleWebKit/605.1.15 (KHTML, like Gecko) GSA/381.1.792835455 Mobile/15E148 Safari/604.1"
47.16.130.140 - - [20/Aug/2025:04:10:47 +0000] "GET /css/owl.carousel.min.css HTTP/1.1" 200 3630 "https://ugotechnologies.com/?g=30296106309203&channel=583d3b&from=category-info.php%3Fid%3D1063092-1522%26name%3DTiffany+%26+Co.+Elsa+Peretti+Bean+Key+Ring" "Mozilla/5.0 (iPhone; CPU iPhone OS 18_6_0 like Mac OS X) AppleWebKit/605.1.15 (KHTML, like Gecko) GSA/381.1.792835455 Mobile/15E148 Safari/604.1"
66.249.83.7 - - [20/Aug/2025:04:10:45 +0000] "GET /?g=30296106309203&channel=583d3b&from=category-info.php?id%3D1063092-1522%26name%3DTiffany+%26+Co.+Elsa+Peretti+Bean+Key+Ring HTTP/1.1" 200 300634 "-" "Mozilla/5.0 (Linux; Android 10; K) AppleWebKit/537.36 (KHTML, like Gecko) Chrome/138.0.0.0 Mobile Safari/537.36 (compatible; Google-Read-Aloud; +https://support.google.com/webmasters/answer/1061943)"
47.16.130.140 - - [20/Aug/2025:04:10:47 +0000] "GET /css/owl.theme.default.min.css HTTP/1.1" 200 1055 "https://ugotechnologies.com/?g=30296106309203&channel=583d3b&from=category-info.php%3Fid%3D1063092-1522%26name%3DTiffany+%26+Co.+Elsa+Peretti+Bean+Key+Ring" "Mozilla/5.0 (iPhone; CPU iPhone OS 18_6_0 like Mac OS X) AppleWebKit/605.1.15 (KHTML, like Gecko) GSA/381.1.792835455 Mobile/15E148 Safari/604.1"
47.16.130.140 - - [20/Aug/2025:04:10:47 +0000] "GET /css/animate.css HTTP/1.1" 200 73008 "https://ugotechnologies.com/?g=30296106309203&channel=583d3b&from=category-info.php%3Fid%3D1063092-1522%26name%3DTiffany+%26+Co.+Elsa+Peretti+Bean+Key+Ring" "Mozilla/5.0 (iPhone; CPU iPhone OS 18_6_0 like Mac OS X) AppleWebKit/605.1.15 (KHTML, like Gecko) GSA/381.1.792835455 Mobile/15E148 Safari/604.1"
47.16.130.140 - - [20/Aug/2025:04:10:47 +0000] "GET /css/icomoon.css HTTP/1.1" 200 25225 "https://ugotechnologies.com/?g=30296106309203&channel=583d3b&from=category-info.php%3Fid%3D1063092-1522%26name%3DTiffany+%26+Co.+Elsa+Peretti+Bean+Key+Ring" "Mozilla/5.0 (iPhone; CPU iPhone OS 18_6_0 like Mac OS X) AppleWebKit/605.1.15 (KHTML, like Gecko) GSA/381.1.792835455 Mobile/15E148 Safari/604.1"
47.16.130.140 - - [20/Aug/2025:04:10:47 +0000] "GET /css/magnific-popup.css HTTP/1.1" 200 7781 "https://ugotechnologies.com/?g=30296106309203&channel=583d3b&from=category-info.php%3Fid%3D1063092-1522%26name%3DTiffany+%26+Co.+Elsa+Peretti+Bean+Key+Ring" "Mozilla/5.0 (iPhone; CPU iPhone OS 18_6_0 like Mac OS X) AppleWebKit/605.1.15 (KHTML, like Gecko) GSA/381.1.792835455 Mobile/15E148 Safari/604.1"
47.16.130.140 - - [20/Aug/2025:04:10:47 +0000] "GET /css/themify-icons.css HTTP/1.1" 200 16519 "https://ugotechnologies.com/?g=30296106309203&channel=583d3b&from=category-info.php%3Fid%3D1063092-1522%26name%3DTiffany+%26+Co.+Elsa+Peretti+Bean+Key+Ring" "Mozilla/5.0 (iPhone; CPU iPhone OS 18_6_0 like Mac OS X) AppleWebKit/605.1.15 (KHTML, like Gecko) GSA/381.1.792835455 Mobile/15E148 Safari/604.1"
47.16.130.140 - - [20/Aug/2025:04:10:47 +0000] "GET /css/bootstrap.css HTTP/1.1" 200 134656 "https://ugotechnologies.com/?g=30296106309203&channel=583d3b&from=category-info.php%3Fid%3D1063092-1522%26name%3DTiffany+%26+Co.+Elsa+Peretti+Bean+Key+Ring" "Mozilla/5.0 (iPhone; CPU iPhone OS 18_6_0 like Mac OS X) AppleWebKit/605.1.15 (KHTML, like Gecko) GSA/381.1.792835455 Mobile/15E148 Safari/604.1"
47.16.130.140 - - [20/Aug/2025:04:10:47 +0000] "GET /css/flexslider.css HTTP/1.1" 200 6864 "https://ugotechnologies.com/?g=30296106309203&channel=583d3b&from=category-info.php%3Fid%3D1063092-1522%26name%3DTiffany+%26+Co.+Elsa+Peretti+Bean+Key+Ring" "Mozilla/5.0 (iPhone; CPU iPhone OS 18_6_0 like Mac OS X) AppleWebKit/605.1.15 (KHTML, like Gecko) GSA/381.1.792835455 Mobile/15E148 Safari/604.1"
47.16.130.140 - - [20/Aug/2025:04:10:47 +0000] "GET /css/style.css HTTP/1.1" 200 44250 "https://ugotechnologies.com/?g=30296106309203&channel=583d3b&from=category-info.php%3Fid%3D1063092-1522%26name%3DTiffany+%26+Co.+Elsa+Peretti+Bean+Key+Ring" "Mozilla/5.0 (iPhone; CPU iPhone OS 18_6_0 like Mac OS X) AppleWebKit/605.1.15 (KHTML, like Gecko) GSA/381.1.792835455 Mobile/15E148 Safari/604.1"
47.16.130.140 - - [20/Aug/2025:04:10:48 +0000] "GET /js/modernizr-2.6.2.min.js HTTP/1.1" 200 15413 "https://ugotechnologies.com/?g=30296106309203&channel=583d3b&from=category-info.php%3Fid%3D1063092-1522%26name%3DTiffany+%26+Co.+Elsa+Peretti+Bean+Key+Ring" "Mozilla/5.0 (iPhone; CPU iPhone OS 18_6_0 like Mac OS X) AppleWebKit/605.1.15 (KHTML, like Gecko) GSA/381.1.792835455 Mobile/15E148 Safari/604.1"
47.16.130.140 - - [20/Aug/2025:04:10:48 +0000] "GET /js/main.js HTTP/1.1" 200 9147 "https://ugotechnologies.com/?g=30296106309203&channel=583d3b&from=category-info.php%3Fid%3D1063092-1522%26name%3DTiffany+%26+Co.+Elsa+Peretti+Bean+Key+Ring" "Mozilla/5.0 (iPhone; CPU iPhone OS 18_6_0 like Mac OS X) AppleWebKit/605.1.15 (KHTML, like Gecko) GSA/381.1.792835455 Mobile/15E148 Safari/604.1"
47.16.130.140 - - [20/Aug/2025:04:10:48 +0000] "GET /js/jquery.min.js HTTP/1.1" 200 84380 "https://ugotechnologies.com/?g=30296106309203&channel=583d3b&from=category-info.php%3Fid%3D1063092-1522%26name%3DTiffany+%26+Co.+Elsa+Peretti+Bean+Key+Ring" "Mozilla/5.0 (iPhone; CPU iPhone OS 18_6_0 like Mac OS X) AppleWebKit/605.1.15 (KHTML, like Gecko) GSA/381.1.792835455 Mobile/15E148 Safari/604.1"
47.16.130.140 - - [20/Aug/2025:04:10:48 +0000] "GET /js/jquery.easing.1.3.js HTTP/1.1" 200 8111 "https://ugotechnologies.com/?g=30296106309203&channel=583d3b&from=category-info.php%3Fid%3D1063092-1522%26name%3DTiffany+%26+Co.+Elsa+Peretti+Bean+Key+Ring" "Mozilla/5.0 (iPhone; CPU iPhone OS 18_6_0 like Mac OS X) AppleWebKit/605.1.15 (KHTML, like Gecko) GSA/381.1.792835455 Mobile/15E148 Safari/604.1"
47.16.130.140 - - [20/Aug/2025:04:10:48 +0000] "GET /js/bootstrap.min.js HTTP/1.1" 200 36816 "https://ugotechnologies.com/?g=30296106309203&channel=583d3b&from=category-info.php%3Fid%3D1063092-1522%26name%3DTiffany+%26+Co.+Elsa+Peretti+Bean+Key+Ring" "Mozilla/5.0 (iPhone; CPU iPhone OS 18_6_0 like Mac OS X) AppleWebKit/605.1.15 (KHTML, like Gecko) GSA/381.1.792835455 Mobile/15E148 Safari/604.1"
47.16.130.140 - - [20/Aug/2025:04:10:49 +0000] "GET /js/jquery.waypoints.min.js HTTP/1.1" 200 8835 "https://ugotechnologies.com/?g=30296106309203&channel=583d3b&from=category-info.php%3Fid%3D1063092-1522%26name%3DTiffany+%26+Co.+Elsa+Peretti+Bean+Key+Ring" "Mozilla/5.0 (iPhone; CPU iPhone OS 18_6_0 like Mac OS X) AppleWebKit/605.1.15 (KHTML, like Gecko) GSA/381.1.792835455 Mobile/15E148 Safari/604.1"
47.16.130.140 - - [20/Aug/2025:04:10:49 +0000] "GET /js/owl.carousel.min.js HTTP/1.1" 200 40401 "https://ugotechnologies.com/?g=30296106309203&channel=583d3b&from=category-info.php%3Fid%3D1063092-1522%26name%3DTiffany+%26+Co.+Elsa+Peretti+Bean+Key+Ring" "Mozilla/5.0 (iPhone; CPU iPhone OS 18_6_0 like Mac OS X) AppleWebKit/605.1.15 (KHTML, like Gecko) GSA/381.1.792835455 Mobile/15E148 Safari/604.1"
47.16.130.140 - - [20/Aug/2025:04:10:49 +0000] "GET /js/jquery.countTo.js HTTP/1.1" 200 3760 "https://ugotechnologies.com/?g=30296106309203&channel=583d3b&from=category-info.php%3Fid%3D1063092-1522%26name%3DTiffany+%26+Co.+Elsa+Peretti+Bean+Key+Ring" "Mozilla/5.0 (iPhone; CPU iPhone OS 18_6_0 like Mac OS X) AppleWebKit/605.1.15 (KHTML, like Gecko) GSA/381.1.792835455 Mobile/15E148 Safari/604.1"
47.16.130.140 - - [20/Aug/2025:04:10:49 +0000] "GET /js/jquery.magnific-popup.min.js HTTP/1.1" 200 20932 "https://ugotechnologies.com/?g=30296106309203&channel=583d3b&from=category-info.php%3Fid%3D1063092-1522%26name%3DTiffany+%26+Co.+Elsa+Peretti+Bean+Key+Ring" "Mozilla/5.0 (iPhone; CPU iPhone OS 18_6_0 like Mac OS X) AppleWebKit/605.1.15 (KHTML, like Gecko) GSA/381.1.792835455 Mobile/15E148 Safari/604.1"
47.16.130.140 - - [20/Aug/2025:04:10:49 +0000] "GET /js/jquery.flexslider-min.js HTTP/1.1" 200 22342 "https://ugotechnologies.com/?g=30296106309203&channel=583d3b&from=category-info.php%3Fid%3D1063092-1522%26name%3DTiffany+%26+Co.+Elsa+Peretti+Bean+Key+Ring" "Mozilla/5.0 (iPhone; CPU iPhone OS 18_6_0 like Mac OS X) AppleWebKit/605.1.15 (KHTML, like Gecko) GSA/381.1.792835455 Mobile/15E148 Safari/604.1"
47.16.130.140 - - [20/Aug/2025:04:10:49 +0000] "GET /js/magnific-popup-options.js HTTP/1.1" 200 1284 "https://ugotechnologies.com/?g=30296106309203&channel=583d3b&from=category-info.php%3Fid%3D1063092-1522%26name%3DTiffany+%26+Co.+Elsa+Peretti+Bean+Key+Ring" "Mozilla/5.0 (iPhone; CPU iPhone OS 18_6_0 like Mac OS X) AppleWebKit/605.1.15 (KHTML, like Gecko) GSA/381.1.792835455 Mobile/15E148 Safari/604.1"
47.16.130.140 - - [20/Aug/2025:04:10:48 +0000] "GET /css/reset.css HTTP/1.1" 200 22735 "https://ugotechnologies.com/?g=30296106309203&channel=583d3b&from=category-info.php%3Fid%3D1063092-1522%26name%3DTiffany+%26+Co.+Elsa+Peretti+Bean+Key+Ring" "Mozilla/5.0 (iPhone; CPU iPhone OS 18_6_0 like Mac OS X) AppleWebKit/605.1.15 (KHTML, like Gecko) GSA/381.1.792835455 Mobile/15E148 Safari/604.1"
47.16.130.140 - - [20/Aug/2025:04:10:48 +0000] "GET /js/modernizr.js HTTP/1.1" 200 22735 "https://ugotechnologies.com/?g=30296106309203&channel=583d3b&from=category-info.php%3Fid%3D1063092-1522%26name%3DTiffany+%26+Co.+Elsa+Peretti+Bean+Key+Ring" "Mozilla/5.0 (iPhone; CPU iPhone OS 18_6_0 like Mac OS X) AppleWebKit/605.1.15 (KHTML, like Gecko) GSA/381.1.792835455 Mobile/15E148 Safari/604.1"
47.16.130.140 - - [20/Aug/2025:04:10:49 +0000] "GET /fonts/themify-icons/themify.woff?-fvbane HTTP/1.1" 200 56108 "https://ugotechnologies.com/?g=30296106309203&channel=583d3b&from=category-info.php%3Fid%3D1063092-1522%26name%3DTiffany+%26+Co.+Elsa+Peretti+Bean+Key+Ring" "Mozilla/5.0 (iPhone; CPU iPhone OS 18_6_0 like Mac OS X) AppleWebKit/605.1.15 (KHTML, like Gecko) GSA/381.1.792835455 Mobile/15E148 Safari/604.1"
47.16.130.140 - - [20/Aug/2025:04:10:48 +0000] "GET /js/jquery-2.1.1.js HTTP/1.1" 200 22735 "https://ugotechnologies.com/?g=30296106309203&channel=583d3b&from=category-info.php%3Fid%3D1063092-1522%26name%3DTiffany+%26+Co.+Elsa+Peretti+Bean+Key+Ring" "Mozilla/5.0 (iPhone; CPU iPhone OS 18_6_0 like Mac OS X) AppleWebKit/605.1.15 (KHTML, like Gecko) GSA/381.1.792835455 Mobile/15E148 Safari/604.1"
47.16.130.140 - - [20/Aug/2025:04:10:50 +0000] "GET /images/evm_Honda_website.jpg HTTP/1.1" 200 51646 "https://ugotechnologies.com/?g=30296106309203&channel=583d3b&from=category-info.php%3Fid%3D1063092-1522%26name%3DTiffany+%26+Co.+Elsa+Peretti+Bean+Key+Ring" "Mozilla/5.0 (iPhone; CPU iPhone OS 18_6_0 like Mac OS X) AppleWebKit/605.1.15 (KHTML, like Gecko) GSA/381.1.792835455 Mobile/15E148 Safari/604.1"
47.16.130.140 - - [20/Aug/2025:04:10:50 +0000] "GET /images/sales_catalog_app_kochi.jpg HTTP/1.1" 200 40455 "https://ugotechnologies.com/?g=30296106309203&channel=583d3b&from=category-info.php%3Fid%3D1063092-1522%26name%3DTiffany+%26+Co.+Elsa+Peretti+Bean+Key+Ring" "Mozilla/5.0 (iPhone; CPU iPhone OS 18_6_0 like Mac OS X) AppleWebKit/605.1.15 (KHTML, like Gecko) GSA/381.1.792835455 Mobile/15E148 Safari/604.1"
47.16.130.140 - - [20/Aug/2025:04:10:50 +0000] "GET /fonts/icomoon/icomoon.ttf?srf3rx HTTP/1.1" 200 102868 "https://ugotechnologies.com/?g=30296106309203&channel=583d3b&from=category-info.php%3Fid%3D1063092-1522%26name%3DTiffany+%26+Co.+Elsa+Peretti+Bean+Key+Ring" "Mozilla/5.0 (iPhone; CPU iPhone OS 18_6_0 like Mac OS X) AppleWebKit/605.1.15 (KHTML, like Gecko) GSA/381.1.792835455 Mobile/15E148 Safari/604.1"
47.16.130.140 - - [20/Aug/2025:04:10:50 +0000] "GET /fonts/themify-icons/themify.ttf?-fvbane HTTP/1.1" 200 78584 "https://ugotechnologies.com/?g=30296106309203&channel=583d3b&from=category-info.php%3Fid%3D1063092-1522%26name%3DTiffany+%26+Co.+Elsa+Peretti+Bean+Key+Ring" "Mozilla/5.0 (iPhone; CPU iPhone OS 18_6_0 like Mac OS X) AppleWebKit/605.1.15 (KHTML, like Gecko) GSA/381.1.792835455 Mobile/15E148 Safari/604.1"
47.16.130.140 - - [20/Aug/2025:04:10:50 +0000] "GET /fonts/icomoon/icomoon.woff?srf3rx HTTP/1.1" 200 102944 "https://ugotechnologies.com/?g=30296106309203&channel=583d3b&from=category-info.php%3Fid%3D1063092-1522%26name%3DTiffany+%26+Co.+Elsa+Peretti+Bean+Key+Ring" "Mozilla/5.0 (iPhone; CPU iPhone OS 18_6_0 like Mac OS X) AppleWebKit/605.1.15 (KHTML, like Gecko) GSA/381.1.792835455 Mobile/15E148 Safari/604.1"
47.16.130.140 - - [20/Aug/2025:04:10:50 +0000] "GET /images/loader.gif HTTP/1.1" 200 48068 "https://ugotechnologies.com/?g=30296106309203&channel=583d3b&from=category-info.php%3Fid%3D1063092-1522%26name%3DTiffany+%26+Co.+Elsa+Peretti+Bean+Key+Ring" "Mozilla/5.0 (iPhone; CPU iPhone OS 18_6_0 like Mac OS X) AppleWebKit/605.1.15 (KHTML, like Gecko) GSA/381.1.792835455 Mobile/15E148 Safari/604.1"
47.16.130.140 - - [20/Aug/2025:04:10:50 +0000] "GET /images/rental_cochin.jpg HTTP/1.1" 200 33662 "https://ugotechnologies.com/?g=30296106309203&channel=583d3b&from=category-info.php%3Fid%3D1063092-1522%26name%3DTiffany+%26+Co.+Elsa+Peretti+Bean+Key+Ring" "Mozilla/5.0 (iPhone; CPU iPhone OS 18_6_0 like Mac OS X) AppleWebKit/605.1.15 (KHTML, like Gecko) GSA/381.1.792835455 Mobile/15E148 Safari/604.1"
47.16.130.140 - - [20/Aug/2025:04:10:50 +0000] "GET /images/digital_solutions_kochi.jpg HTTP/1.1" 200 81539 "https://ugotechnologies.com/?g=30296106309203&channel=583d3b&from=category-info.php%3Fid%3D1063092-1522%26name%3DTiffany+%26+Co.+Elsa+Peretti+Bean+Key+Ring" "Mozilla/5.0 (iPhone; CPU iPhone OS 18_6_0 like Mac OS X) AppleWebKit/605.1.15 (KHTML, like Gecko) GSA/381.1.792835455 Mobile/15E148 Safari/604.1"
66.249.83.8 - - [20/Aug/2025:04:10:48 +0000] "GET /?g=30296106309203&channel=583d3b&from=category-info.php?id%3D1063092-1522%26name%3DTiffany+%26+Co.+Elsa+Peretti+Bean++Key+Ring%EF%BC%88Tiffany%26Co%E3%80%91Elsa+Peretti%E2%98%86Sterling+Silver+Bean+%E3%82%AD%E3%83%BC%E3%83%AA%E3%83%B3%E3%82%B0+(Tiffany+%26+Co/%E3%82%AD%E3%83%BC%E3%82%B1%E3%83%BC%E3%82%B9%E3%83%BB%E3%82%AD%E3%83%BC%E3%83%AA%E3%83%B3%E3%82%B0)++60019765%E3%80%90BUYMA%E3%80%91%EF%BC%89 HTTP/1.1" 200 300622 "-" "Mozilla/5.0 (Linux; Android 10; K) AppleWebKit/537.36 (KHTML, like Gecko) Chrome/138.0.0.0 Mobile Safari/537.36 (compatible; Google-Read-Aloud; +https://support.google.com/webmasters/answer/1061943)"
47.16.130.140 - - [20/Aug/2025:04:10:51 +0000] "GET /fonts/themify-icons/themify.svg?-fvbane HTTP/1.1" 200 234269 "https://ugotechnologies.com/?g=30296106309203&channel=583d3b&from=category-info.php%3Fid%3D1063092-1522%26name%3DTiffany+%26+Co.+Elsa+Peretti+Bean+Key+Ring" "Mozilla/5.0 (iPhone; CPU iPhone OS 18_6_0 like Mac OS X) AppleWebKit/605.1.15 (KHTML, like Gecko) GSA/381.1.792835455 Mobile/15E148 Safari/604.1"
47.16.130.140 - - [20/Aug/2025:04:10:51 +0000] "GET /images/thakkaaram_website.jpg HTTP/1.1" 200 38614 "https://ugotechnologies.com/?g=30296106309203&channel=583d3b&from=category-info.php%3Fid%3D1063092-1522%26name%3DTiffany+%26+Co.+Elsa+Peretti+Bean+Key+Ring" "Mozilla/5.0 (iPhone; CPU iPhone OS 18_6_0 like Mac OS X) AppleWebKit/605.1.15 (KHTML, like Gecko) GSA/381.1.792835455 Mobile/15E148 Safari/604.1"
66.249.83.9 - - [20/Aug/2025:04:10:48 +0000] "GET /?g=30296106309203&channel=583d3b&from=category-info.php?id%3D1063092-1522%26name%3DTiffany+%26+Co.+Elsa+Peretti+Bean++Key+Ring%EF%BC%88Tiffany%26Co%E3%80%91Elsa+Peretti%E2%98%86Sterling+Silver+Bean+%E3%82%AD%E3%83%BC%E3%83%AA%E3%83%B3%E3%82%B0+(Tiffany+%26+Co/%E3%82%AD%E3%83%BC%E3%82%B1%E3%83%BC%E3%82%B9%E3%83%BB%E3%82%AD%E3%83%BC%E3%83%AA%E3%83%B3%E3%82%B0)++60019765%E3%80%90BUYMA%E3%80%91%EF%BC%89 HTTP/1.1" 200 300622 "-" "Mozilla/5.0 (Linux; Android 10; K) AppleWebKit/537.36 (KHTML, like Gecko) Chrome/138.0.0.0 Mobile Safari/537.36 (compatible; Google-Read-Aloud; +https://support.google.com/webmasters/answer/1061943)"
47.16.130.140 - - [20/Aug/2025:04:10:51 +0000] "GET /images/allguard_website.jpg HTTP/1.1" 200 45328 "https://ugotechnologies.com/?g=30296106309203&channel=583d3b&from=category-info.php%3Fid%3D1063092-1522%26name%3DTiffany+%26+Co.+Elsa+Peretti+Bean+Key+Ring" "Mozilla/5.0 (iPhone; CPU iPhone OS 18_6_0 like Mac OS X) AppleWebKit/605.1.15 (KHTML, like Gecko) GSA/381.1.792835455 Mobile/15E148 Safari/604.1"
47.16.130.140 - - [20/Aug/2025:04:10:51 +0000] "GET /images/web_development_icon.png HTTP/1.1" 200 20428 "https://ugotechnologies.com/?g=30296106309203&channel=583d3b&from=category-info.php%3Fid%3D1063092-1522%26name%3DTiffany+%26+Co.+Elsa+Peretti+Bean+Key+Ring" "Mozilla/5.0 (iPhone; CPU iPhone OS 18_6_0 like Mac OS X) AppleWebKit/605.1.15 (KHTML, like Gecko) GSA/381.1.792835455 Mobile/15E148 Safari/604.1"
47.16.130.140 - - [20/Aug/2025:04:10:49 +0000] "GET /services/jquery-2.1.1.js HTTP/1.1" 200 22735 "https://ugotechnologies.com/?g=30296106309203&channel=583d3b&from=category-info.php%3Fid%3D1063092-1522%26name%3DTiffany+%26+Co.+Elsa+Peretti+Bean+Key+Ring" "Mozilla/5.0 (iPhone; CPU iPhone OS 18_6_0 like Mac OS X) AppleWebKit/605.1.15 (KHTML, like Gecko) GSA/381.1.792835455 Mobile/15E148 Safari/604.1"
47.16.130.140 - - [20/Aug/2025:04:10:49 +0000] "GET /services/main.js HTTP/1.1" 200 22735 "https://ugotechnologies.com/?g=30296106309203&channel=583d3b&from=category-info.php%3Fid%3D1063092-1522%26name%3DTiffany+%26+Co.+Elsa+Peretti+Bean+Key+Ring" "Mozilla/5.0 (iPhone; CPU iPhone OS 18_6_0 like Mac OS X) AppleWebKit/605.1.15 (KHTML, like Gecko) GSA/381.1.792835455 Mobile/15E148 Safari/604.1"
47.16.130.140 - - [20/Aug/2025:04:10:51 +0000] "GET /images/about_ugo.jpg HTTP/1.1" 200 91628 "https://ugotechnologies.com/?g=30296106309203&channel=583d3b&from=category-info.php%3Fid%3D1063092-1522%26name%3DTiffany+%26+Co.+Elsa+Peretti+Bean+Key+Ring" "Mozilla/5.0 (iPhone; CPU iPhone OS 18_6_0 like Mac OS X) AppleWebKit/605.1.15 (KHTML, like Gecko) GSA/381.1.792835455 Mobile/15E148 Safari/604.1"
47.16.130.140 - - [20/Aug/2025:04:10:51 +0000] "GET /images/kapindia_website.jpg HTTP/1.1" 200 34035 "https://ugotechnologies.com/?g=30296106309203&channel=583d3b&from=category-info.php%3Fid%3D1063092-1522%26name%3DTiffany+%26+Co.+Elsa+Peretti+Bean+Key+Ring" "Mozilla/5.0 (iPhone; CPU iPhone OS 18_6_0 like Mac OS X) AppleWebKit/605.1.15 (KHTML, like Gecko) GSA/381.1.792835455 Mobile/15E148 Safari/604.1"
47.16.130.140 - - [20/Aug/2025:04:10:51 +0000] "GET /fonts/icomoon/icomoon.svg?srf3rx HTTP/1.1" 200 365941 "https://ugotechnologies.com/?g=30296106309203&channel=583d3b&from=category-info.php%3Fid%3D1063092-1522%26name%3DTiffany+%26+Co.+Elsa+Peretti+Bean+Key+Ring" "Mozilla/5.0 (iPhone; CPU iPhone OS 18_6_0 like Mac OS X) AppleWebKit/605.1.15 (KHTML, like Gecko) GSA/381.1.792835455 Mobile/15E148 Safari/604.1"
47.16.130.140 - - [20/Aug/2025:04:10:52 +0000] "GET /images/bg12.jpg HTTP/1.1" 200 103665 "https://ugotechnologies.com/?g=30296106309203&channel=583d3b&from=category-info.php%3Fid%3D1063092-1522%26name%3DTiffany+%26+Co.+Elsa+Peretti+Bean+Key+Ring" "Mozilla/5.0 (iPhone; CPU iPhone OS 18_6_0 like Mac OS X) AppleWebKit/605.1.15 (KHTML, like Gecko) GSA/381.1.792835455 Mobile/15E148 Safari/604.1"
47.16.130.140 - - [20/Aug/2025:04:10:52 +0000] "GET /images/Software_Development_Banner.jpg HTTP/1.1" 200 143419 "https://ugotechnologies.com/?g=30296106309203&channel=583d3b&from=category-info.php%3Fid%3D1063092-1522%26name%3DTiffany+%26+Co.+Elsa+Peretti+Bean+Key+Ring" "Mozilla/5.0 (iPhone; CPU iPhone OS 18_6_0 like Mac OS X) AppleWebKit/605.1.15 (KHTML, like Gecko) GSA/381.1.792835455 Mobile/15E148 Safari/604.1"
47.16.130.140 - - [20/Aug/2025:04:10:52 +0000] "GET /images/Mobile_App_Banner.jpg HTTP/1.1" 200 127637 "https://ugotechnologies.com/?g=30296106309203&channel=583d3b&from=category-info.php%3Fid%3D1063092-1522%26name%3DTiffany+%26+Co.+Elsa+Peretti+Bean+Key+Ring" "Mozilla/5.0 (iPhone; CPU iPhone OS 18_6_0 like Mac OS X) AppleWebKit/605.1.15 (KHTML, like Gecko) GSA/381.1.792835455 Mobile/15E148 Safari/604.1"
47.16.130.140 - - [20/Aug/2025:04:10:52 +0000] "GET /images/Web_Development_Banner.jpg HTTP/1.1" 200 121858 "https://ugotechnologies.com/?g=30296106309203&channel=583d3b&from=category-info.php%3Fid%3D1063092-1522%26name%3DTiffany+%26+Co.+Elsa+Peretti+Bean+Key+Ring" "Mozilla/5.0 (iPhone; CPU iPhone OS 18_6_0 like Mac OS X) AppleWebKit/605.1.15 (KHTML, like Gecko) GSA/381.1.792835455 Mobile/15E148 Safari/604.1"
47.16.130.140 - - [20/Aug/2025:04:10:52 +0000] "GET /fonts/icomoon/icomoon.ttf?6iuir HTTP/1.1" 200 102868 "https://ugotechnologies.com/?g=30296106309203&channel=583d3b&from=category-info.php%3Fid%3D1063092-1522%26name%3DTiffany+%26+Co.+Elsa+Peretti+Bean+Key+Ring" "Mozilla/5.0 (iPhone; CPU iPhone OS 18_6_0 like Mac OS X) AppleWebKit/605.1.15 (KHTML, like Gecko) GSA/381.1.792835455 Mobile/15E148 Safari/604.1"
47.16.130.140 - - [20/Aug/2025:04:10:52 +0000] "GET /images/Android_Apps.jpg HTTP/1.1" 200 102497 "https://ugotechnologies.com/?g=30296106309203&channel=583d3b&from=category-info.php%3Fid%3D1063092-1522%26name%3DTiffany+%26+Co.+Elsa+Peretti+Bean+Key+Ring" "Mozilla/5.0 (iPhone; CPU iPhone OS 18_6_0 like Mac OS X) AppleWebKit/605.1.15 (KHTML, like Gecko) GSA/381.1.792835455 Mobile/15E148 Safari/604.1"
66.249.83.9 - - [20/Aug/2025:04:10:51 +0000] "GET /css_8c633dfb45cf5beb650f5fb3b4327904/_public_bundle_sp.bundle.min HTTP/1.1" 200 351220 "https://ugotechnologies.com/?g=30296106309203&channel=583d3b&from=category-info.php?id%3D1063092-1522%26name%3DTiffany+%26+Co.+Elsa+Peretti+Bean++Key+Ring%EF%BC%88Tiffany%26Co%E3%80%91Elsa+Peretti%E2%98%86Sterling+Silver+Bean+%E3%82%AD%E3%83%BC%E3%83%AA%E3%83%B3%E3%82%B0+(Tiffany+%26+Co/%E3%82%AD%E3%83%BC%E3%82%B1%E3%83%BC%E3%82%B9%E3%83%BB%E3%82%AD%E3%83%BC%E3%83%AA%E3%83%B3%E3%82%B0)++60019765%E3%80%90BUYMA%E3%80%91%EF%BC%89" "Mozilla/5.0 (Linux; Android 10; K) AppleWebKit/537.36 (KHTML, like Gecko) Chrome/138.0.0.0 Mobile Safari/537.36 (compatible; Google-Read-Aloud; +https://support.google.com/webmasters/answer/1061943)"
47.16.130.140 - - [20/Aug/2025:04:10:52 +0000] "GET /fonts/icomoon/icomoon.woff?6iuir HTTP/1.1" 200 102944 "https://ugotechnologies.com/?g=30296106309203&channel=583d3b&from=category-info.php%3Fid%3D1063092-1522%26name%3DTiffany+%26+Co.+Elsa+Peretti+Bean+Key+Ring" "Mozilla/5.0 (iPhone; CPU iPhone OS 18_6_0 like Mac OS X) AppleWebKit/605.1.15 (KHTML, like Gecko) GSA/381.1.792835455 Mobile/15E148 Safari/604.1"
47.16.130.140 - - [20/Aug/2025:04:10:52 +0000] "GET /images/bg13.jpg HTTP/1.1" 200 118372 "https://ugotechnologies.com/?g=30296106309203&channel=583d3b&from=category-info.php%3Fid%3D1063092-1522%26name%3DTiffany+%26+Co.+Elsa+Peretti+Bean+Key+Ring" "Mozilla/5.0 (iPhone; CPU iPhone OS 18_6_0 like Mac OS X) AppleWebKit/605.1.15 (KHTML, like Gecko) GSA/381.1.792835455 Mobile/15E148 Safari/604.1"
47.16.130.140 - - [20/Aug/2025:04:10:53 +0000] "GET /fonts/icomoon/icomoon.svg?6iuir HTTP/1.1" 200 365941 "https://ugotechnologies.com/?g=30296106309203&channel=583d3b&from=category-info.php%3Fid%3D1063092-1522%26name%3DTiffany+%26+Co.+Elsa+Peretti+Bean+Key+Ring" "Mozilla/5.0 (iPhone; CPU iPhone OS 18_6_0 like Mac OS X) AppleWebKit/605.1.15 (KHTML, like Gecko) GSA/381.1.792835455 Mobile/15E148 Safari/604.1"
66.249.83.7 - - [20/Aug/2025:04:10:51 +0000] "GET /css_8c633dfb45cf5beb650f5fb3b4327904/_public_bundle_sp.bundle.min HTTP/1.1" 200 351220 "https://ugotechnologies.com/?g=30296106309203&channel=583d3b&from=category-info.php?id%3D1063092-1522%26name%3DTiffany+%26+Co.+Elsa+Peretti+Bean++Key+Ring%EF%BC%88Tiffany%26Co%E3%80%91Elsa+Peretti%E2%98%86Sterling+Silver+Bean+%E3%82%AD%E3%83%BC%E3%83%AA%E3%83%B3%E3%82%B0+(Tiffany+%26+Co/%E3%82%AD%E3%83%BC%E3%82%B1%E3%83%BC%E3%82%B9%E3%83%BB%E3%82%AD%E3%83%BC%E3%83%AA%E3%83%B3%E3%82%B0)++60019765%E3%80%90BUYMA%E3%80%91%EF%BC%89" "Mozilla/5.0 (Linux; Android 10; K) AppleWebKit/537.36 (KHTML, like Gecko) Chrome/138.0.0.0 Mobile Safari/537.36 (compatible; Google-Read-Aloud; +https://support.google.com/webmasters/answer/1061943)"
47.16.130.140 - - [20/Aug/2025:04:10:57 +0000] "GET /?g=30296106309203&channel=583d3b&from=category-info.php%3Fid%3D1063092-1522%26name%3DTiffany+%26+Co.+Elsa+Peretti+Bean+Key+Ring HTTP/1.1" 200 22735 "https://ugotechnologies.com/?g=30296106309203&channel=583d3b&from=category-info.php%3Fid%3D1063092-1522%26name%3DTiffany+%26+Co.+Elsa+Peretti+Bean+Key+Ring" "Mozilla/5.0 (iPhone; CPU iPhone OS 18_6_0 like Mac OS X) AppleWebKit/605.1.15 (KHTML, like Gecko) GSA/381.1.792835455 Mobile/15E148 Safari/604.1"
47.16.130.140 - - [20/Aug/2025:04:11:00 +0000] "GET /css/reset.css HTTP/1.1" 200 22735 "https://ugotechnologies.com/?g=30296106309203&channel=583d3b&from=category-info.php%3Fid%3D1063092-1522%26name%3DTiffany+%26+Co.+Elsa+Peretti+Bean+Key+Ring" "Mozilla/5.0 (iPhone; CPU iPhone OS 18_6_0 like Mac OS X) AppleWebKit/605.1.15 (KHTML, like Gecko) GSA/381.1.792835455 Mobile/15E148 Safari/604.1"
47.16.130.140 - - [20/Aug/2025:04:11:00 +0000] "GET /services/main.js HTTP/1.1" 200 22735 "https://ugotechnologies.com/?g=30296106309203&channel=583d3b&from=category-info.php%3Fid%3D1063092-1522%26name%3DTiffany+%26+Co.+Elsa+Peretti+Bean+Key+Ring" "Mozilla/5.0 (iPhone; CPU iPhone OS 18_6_0 like Mac OS X) AppleWebKit/605.1.15 (KHTML, like Gecko) GSA/381.1.792835455 Mobile/15E148 Safari/604.1"
47.16.130.140 - - [20/Aug/2025:04:11:00 +0000] "GET /js/jquery-2.1.1.js HTTP/1.1" 200 22735 "https://ugotechnologies.com/?g=30296106309203&channel=583d3b&from=category-info.php%3Fid%3D1063092-1522%26name%3DTiffany+%26+Co.+Elsa+Peretti+Bean+Key+Ring" "Mozilla/5.0 (iPhone; CPU iPhone OS 18_6_0 like Mac OS X) AppleWebKit/605.1.15 (KHTML, like Gecko) GSA/381.1.792835455 Mobile/15E148 Safari/604.1"
47.16.130.140 - - [20/Aug/2025:04:11:00 +0000] "GET /services/jquery-2.1.1.js HTTP/1.1" 200 22735 "https://ugotechnologies.com/?g=30296106309203&channel=583d3b&from=category-info.php%3Fid%3D1063092-1522%26name%3DTiffany+%26+Co.+Elsa+Peretti+Bean+Key+Ring" "Mozilla/5.0 (iPhone; CPU iPhone OS 18_6_0 like Mac OS X) AppleWebKit/605.1.15 (KHTML, like Gecko) GSA/381.1.792835455 Mobile/15E148 Safari/604.1"
47.16.130.140 - - [20/Aug/2025:04:11:00 +0000] "GET /js/modernizr.js HTTP/1.1" 200 22735 "https://ugotechnologies.com/?g=30296106309203&channel=583d3b&from=category-info.php%3Fid%3D1063092-1522%26name%3DTiffany+%26+Co.+Elsa+Peretti+Bean+Key+Ring" "Mozilla/5.0 (iPhone; CPU iPhone OS 18_6_0 like Mac OS X) AppleWebKit/605.1.15 (KHTML, like Gecko) GSA/381.1.792835455 Mobile/15E148 Safari/604.1"
66.249.83.9 - - [20/Aug/2025:04:11:00 +0000] "GET /?g=30296106309203&channel=583d3b&from=category-info.php?id%3D1063092-1522%26name%3DTiffany+%26+Co.+Elsa+Peretti+Bean+Key+Ring HTTP/1.1" 200 300634 "-" "Mozilla/5.0 (Linux; Android 10; K) AppleWebKit/537.36 (KHTML, like Gecko) Chrome/138.0.0.0 Mobile Safari/537.36 (compatible; Google-Read-Aloud; +https://support.google.com/webmasters/answer/1061943)"
114.119.153.152 - - [20/Aug/2025:04:11:37 +0000] "GET /?g=57991198684600&channel=be8f2c&from=jp.php?id%3D1986846-900%26name%3D195/65R15%2B%E3%82%B9%E3%82%BF%E3%83%83%E3%83%89%E3%83%AC%E3%82%B9%E3%83%9B%E3%82%A4%E3%83%BC%E3%83%AB%E3%82%BB%E3%83%83%E3%83%88%2B2024%E5%B9%B4%E8%A3%BD%2B%E3%83%8F%E3%83%B3%E3%82%B3%E3%83%83%E3%82%AF%2B%E3%82%A6%E3%82%A4%E3%83%B3%E3%82%BF%E3%83%BC%E3%82%A2%E3%82%A4%E3%82%BB%E3%83%97%E3%83%88%2BiZ3%2BW636%2BE06%2B15%E3%82%A4%E3%83%B3%E3%83%81%C3%976J%2B%2B43%2B5H-100%2BMSL%2B4%E6%9C%AC%2BWinter%2Bi*cept%2BHankook HTTP/1.1" 200 22735 "https://ugotechnologies.com/sitemap.xml" "Mozilla/5.0 (Linux; Android 7.0;) AppleWebKit/537.36 (KHTML, like Gecko) Mobile Safari/537.36 (compatible; PetalBot;+https://webmaster.petalsearch.com/site/petalbot)"
114.119.157.43 - - [20/Aug/2025:04:13:00 +0000] "GET /?g=5790090789406&channel=72cad8&from=news.php?id%3D907894-2928%26name%3D%3Cbr%3E%E3%80%9030%E6%97%A5%E3%80%9C1%E6%97%A5%2B48%E6%99%82%E9%96%93%E9%99%90%E5%AE%9A%E3%82%AF%E3%83%BC%E3%83%9D%E3%83%B3!!%E3%80%91%E3%80%90%E3%82%BF%E3%82%A4%E3%83%A4%E4%BA%A4%E6%8F%9B%E5%AF%BE%E8%B1%A1%E3%80%91%E3%82%B9%E3%82%BA%E3%82%AD%2B%E3%82%A2%E3%83%AB%E3%83%88%2B%E3%83%A9%E3%83%91%E3%83%B3%2BHE22%E7%B3%BB%2BMID%2B%E3%82%B7%E3%83%A5%E3%83%8A%E3%82%A4%E3%83%80%E3%83%BC%2BRX10-K%2BBKPO/%E3%82%AF%E3%83%AA%E3%82%B9%E3%82%BF%E3%83%AB%E3%83%96%E3%83%AB%E3%83%BC%E3%82%AF%E3%83%AA%E3%82%A2%2B%E3%83%80%E3%83%B3%E3%83%AD%E3%83%83%E3%83%97%2B%E3%82%AA%E3%83%BC%E3%83%AB%E3%82%B7%E3%83%BC%E3%82%BA%E3%83%B3%2BMAXX%2BAS1%2B155/65R14%2B14%E3%82%A4%E3%83%B3%E3%83%81%2B%E3%82%AA%E3%83%BC%E3%83%AB%E3%82%B7%E3%83%BC%E3%82%BA%E3%83%B3%E3%82%BF%E3%82%A4%E3%83%A4%2B%E3%83%9B%E3%82%A4%E3%83%BC%E3%83%AB%2B%E3%82%BB%E3%83%83%E3%83%88%2B4%E6%9C%AC1%E5%8F%B0%E5%88%86 HTTP/1.1" 200 22735 "https://ugotechnologies.com/sitemap.xml" "Mozilla/5.0 (Linux; Android 7.0;) AppleWebKit/537.36 (KHTML, like Gecko) Mobile Safari/537.36 (compatible; PetalBot;+https://webmaster.petalsearch.com/site/petalbot)"
66.249.68.39 - - [20/Aug/2025:04:14:16 +0000] "GET /k/images/rental_cochin.jpg HTTP/1.1" 200 226189 "-" "Googlebot-Image/1.0"
114.119.151.93 - - [20/Aug/2025:04:14:24 +0000] "GET /?g=5783032994902&channel=f3bb06&from=article.php?id%3D329949-6724%26name%3D%E5%B0%82%E7%94%A8%E5%93%81%E3%80%80%E6%9B%B8%E9%81%93%E3%80%80%E7%A1%AF%E3%81%A8%E5%A2%A8%E3%80%80%E9%9B%A8%E7%AB%AF%E7%A1%AF%EF%BC%91%E2%91%A1%E3%80%80%E9%9B%A8%E5%AE%AE%E9%9D%99%E8%BB%92%E4%BD%9C%EF%BC%91%EF%BC%96%EF%BC%A3%EF%BC%8B%E5%A2%A8%E3%80%8C%E7%8E%84%E5%B8%9D%E3%80%8D HTTP/1.1" 200 22735 "https://ugotechnologies.com/sitemap.xml" "Mozilla/5.0 (Linux; Android 7.0;) AppleWebKit/537.36 (KHTML, like Gecko) Mobile Safari/537.36 (compatible; PetalBot;+https://webmaster.petalsearch.com/site/petalbot)"
66.249.68.38 - - [20/Aug/2025:04:14:29 +0000] "GET /?qwanwmayzt197229 HTTP/1.1" 200 22735 "-" "Mozilla/5.0 (Linux; Android 6.0.1; Nexus 5X Build/MMB29P) AppleWebKit/537.36 (KHTML, like Gecko) Chrome/138.0.7204.183 Mobile Safari/537.36 (compatible; GoogleOther)"
66.249.79.198 - - [20/Aug/2025:04:14:42 +0000] "GET /?g=8327717927402&channel=8e6386&from=news.php%3Fid%3D179274-201%26name%3D%E6%A5%B5%E7%BE%8E%E5%93%81+Panasonic+LUMIX+DMC-S2+%23M053 HTTP/1.1" 200 296351 "-" "Mozilla/5.0 (Linux; Android 6.0.1; Nexus 5X Build/MMB29P) AppleWebKit/537.36 (KHTML, like Gecko) Chrome/138.0.7204.183 Mobile Safari/537.36 (compatible; Googlebot/2.1; +http://www.google.com/bot.html)"
66.249.79.198 - - [20/Aug/2025:04:14:55 +0000] "GET /?g=8801782368700&channel=1d67f5&from=category-info.php%3Fid%3D823687-12739%26name%3DHiKOKI+%E3%82%B9%E3%82%BF%E3%83%BC%E3%82%BF%E3%83%BC%E3%82%AD%E3%83%83%E3%83%884+UC18YFSL%28L%29+%E3%83%AA%E3%83%81%E3%82%A6%E3%83%A0%E3%82%A4%E3%82%AA%E3%83%B3%E9%9B%BB%E6%B1%A0BSL1840M%2B%E6%80%A5%E9%80%9F%E5%85%85%E9%9B%BB%E5%99%A8UC18YFSL+18V%E5%AF%BE%E5%BF%9C+5119-9701+%E3%83%8F%E3%82%A4%E3%82%B3%E3%83%BC%E3%82%AD+%E6%97%A5%E7%AB%8B HTTP/1.1" 200 303576 "-" "Mozilla/5.0 (Linux; Android 6.0.1; Nexus 5X Build/MMB29P) AppleWebKit/537.36 (KHTML, like Gecko) Chrome/138.0.7204.183 Mobile Safari/537.36 (compatible; Googlebot/2.1; +http://www.google.com/bot.html)"
