114.119.143.233 - - [20/Aug/2025:07:09:52 +0000] "GET /?g=36586139930500&channel=9a6be6&from=article.php?id%3D1399305-4525%26name%3D%E3%80%90%E4%B8%AD%E5%8F%A4%E3%80%91(%E6%9C%AA%E4%BD%BF%E7%94%A8%EF%BD%A5%E6%9C%AA%E9%96%8B%E5%B0%81%E5%93%81)InFocus%2B-%2BProjector%2Blamp%2B-%2B2000%2Bhours%2B(standard%2Bmode)%2B/%2B3000%2Bhours%2B(economic%2Bmode)%2B-%2Bfor%2BInFocus%2BIN3124,%2BIN3126,%2BIN3128HD HTTP/1.1" 200 22735 "https://ugotechnologies.com/sitemap.xml" "Mozilla/5.0 (Linux; Android 7.0;) AppleWebKit/537.36 (KHTML, like Gecko) Mobile Safari/537.36 (compatible; PetalBot;+https://webmaster.petalsearch.com/site/petalbot)"
85.208.98.16 - - [20/Aug/2025:07:10:15 +0000] "GET /rugae-257076.shtml HTTP/1.1" 200 22735 "-" "Mozilla/5.0 (compatible; SemrushBot-BA; +http://www.semrush.com/bot.html)"
85.208.98.31 - - [20/Aug/2025:07:10:32 +0000] "GET /pickup/D316241 HTTP/1.1" 200 22735 "-" "Mozilla/5.0 (compatible; SemrushBot-BA; +http://www.semrush.com/bot.html)"
114.119.141.178 - - [20/Aug/2025:07:11:15 +0000] "GET /?g=36428185903501&channel=72cad8&from=blog.php?id%3D1859035-2928%26name%3D%E3%80%906/22%2B20%E6%99%82%E3%80%9C%2B%E5%85%A8%E5%93%81P5%E5%80%8D%EF%BC%86%E3%82%AF%E3%83%BC%E3%83%9D%E3%83%B3%E3%80%91%E3%83%88%E3%83%A8%E3%82%BF%2BC-HR(ZYX10)%E7%94%A8%2B245/40R19%2B98Y%2BXL%2B%E3%83%9F%E3%82%B7%E3%83%A5%E3%83%A9%E3%83%B3%2B%E6%AD%A3%E8%A6%8F%E5%93%81%2B%E3%82%AF%E3%83%AD%E3%82%B9%E3%82%AF%E3%83%A9%E3%82%A4%E3%83%A1%E3%82%A4%E3%83%882%2B%E5%85%B1%E8%B1%8A%2B%E3%82%A8%E3%83%B3%E3%82%B1%E3%82%A4%E3%83%81%E3%83%A5%E3%83%BC%E3%83%8B%E3%83%B3%E3%82%B0FC01%2B%E3%82%BB%E3%83%9F%E3%82%B0%E3%83%AD%E3%82%B9%E3%83%96%E3%83%A9%E3%83%83%E3%82%AF%C3%97%E3%83%AD%E3%82%B4%E3%83%AC%E3%83%BC%E3%82%B6%E3%83%BC%E3%82%A8%E3%83%83%E3%82%B8%E3%83%B3%E3%82%B0%2B%E6%96%B0%E5%93%81%E3%82%AA%E3%83%BC%E3%83%AB%E3%82%B7%E3%83%BC%E3%82%BA%E3%83%B3%E3%82%BF%E3%82%A4%E3%83%A4%E3%83%9B%E3%82%A4%E3%83%BC%E3%83%AB%2B4%E6%9C%AC%E3%82%BB%E3%83%83%E3%83%88 HTTP/1.1" 200 22735 "https://ugotechnologies.com/sitemap.xml" "Mozilla/5.0 (Linux; Android 7.0;) AppleWebKit/537.36 (KHTML, like Gecko) Mobile Safari/537.36 (compatible; PetalBot;+https://webmaster.petalsearch.com/site/petalbot)"
114.119.150.86 - - [20/Aug/2025:07:12:39 +0000] "GET /?g=3605570834502&channel=a849bf&from=pin.php?id%3D708345-730%26name%3D%E3%82%A8%E3%83%AB%E3%83%A1%E3%82%B9%2B%E3%82%B9%E3%82%AB%E3%83%BC%E3%83%95%2B%E3%82%AB%E3%83%AC90%2B%E3%83%96%E3%83%AA%E3%83%83%E3%83%89%E3%83%BB%E3%83%89%E3%82%A5%E3%83%BB%E3%82%AC%E3%83%A9%E3%83%BB%E3%82%BF%E3%83%88%E3%82%A5%E3%83%BC%E3%83%BB%E3%82%B3%E3%83%83%E3%83%88%E3%83%B3%2BBrides%2Bde%2BGala%2BTattoo%2BHERMES%2B%E3%82%B7%E3%83%AB%E3%82%AF%2B%E7%99%BD HTTP/1.1" 200 22735 "https://ugotechnologies.com/sitemap.xml" "Mozilla/5.0 (Linux; Android 7.0;) AppleWebKit/537.36 (KHTML, like Gecko) Mobile Safari/537.36 (compatible; PetalBot;+https://webmaster.petalsearch.com/site/petalbot)"
38.210.125.25 - - [20/Aug/2025:07:13:40 +0000] "GET /?g=74771194674902&channel=ca8038&from=info.php?id%3D1946749-2616%26name%3D%E3%83%AD%E3%83%B3%E3%82%B0%E3%83%96%E3%83%BC%E3%83%84 HTTP/1.1" 200 22735 "https://www.ugotechnologies.com/?g=74771194674902&channel=ca8038&from=info.php%3Fid%3D1946749-2616%26name%3D%E3%83%AD%E3%83%B3%E3%82%B0%E3%83%96%E3%83%BC%E3%83%84" "Mozilla/5.0 (Macintosh; Intel Mac OS X 10_15_7) AppleWebKit/537.36 (KHTML, like Gecko) Chrome/134.0.0.0 Safari/537.36"
114.119.151.93 - - [20/Aug/2025:07:14:02 +0000] "GET /?g=35760148159108&channel=470f9e&from=shop.php?id%3D1481591-405%26name%3D%E3%81%84%E3%81%93%E3%81%84%E6%86%A9%E3%81%95%E3%81%BE%E3%80%82%E3%83%9C%E3%83%83%E3%83%86%E3%82%AC%E3%83%B4%E3%82%A7%E3%83%8D%E3%82%BF%2B%E7%BE%8E%E5%93%81%2B%E5%80%A4%E4%B8%8B%E3%81%92 HTTP/1.1" 200 22735 "https://ugotechnologies.com/sitemap.xml" "Mozilla/5.0 (Linux; Android 7.0;) AppleWebKit/537.36 (KHTML, like Gecko) Mobile Safari/537.36 (compatible; PetalBot;+https://webmaster.petalsearch.com/site/petalbot)"
114.119.151.93 - - [20/Aug/2025:07:15:27 +0000] "GET /?g=3487918269100&channel=606a0f&from=shop.php?id%3D182691-4831%26name%3D%E5%A4%A7%E9%BB%92%E5%B7%A5%E6%A5%AD%E3%80%80%E6%A5%AD%E5%8B%99%E7%94%A8%2B%E7%82%8A%E9%A3%AF%E3%83%8D%E3%83%83%E3%83%88(%E3%83%A9%E3%82%A4%E3%82%B9%E3%83%8D%E3%83%83%E3%83%88)%2B100%C3%97100cm%2BL%E3%82%B5%E3%82%A4%E3%82%BA%E3%80%8010%E6%9E%9A HTTP/1.1" 200 22735 "https://ugotechnologies.com/sitemap.xml" "Mozilla/5.0 (Linux; Android 7.0;) AppleWebKit/537.36 (KHTML, like Gecko) Mobile Safari/537.36 (compatible; PetalBot;+https://webmaster.petalsearch.com/site/petalbot)"
114.119.141.178 - - [20/Aug/2025:07:16:50 +0000] "GET /?g=33963142506601&channel=e85260&from=category-info.php?id%3D1425066-934%26name%3D%E3%83%9D%E3%83%BC%E3%82%BF%E3%83%96%E3%83%AB%E9%9B%BB%E6%BA%90%2B%2B%E5%A4%A7%E5%AE%B9%E9%87%8F%2B110000mAh%2B%E5%AE%B6%E5%BA%AD%2B%E3%82%A2%E3%82%A6%E3%83%88%E3%83%89%E3%82%A2%2B%E9%9B%BB%E6%BA%90%2B%E5%B0%8F%E5%9E%8B HTTP/1.1" 200 22735 "https://ugotechnologies.com/sitemap.xml" "Mozilla/5.0 (Linux; Android 7.0;) AppleWebKit/537.36 (KHTML, like Gecko) Mobile Safari/537.36 (compatible; PetalBot;+https://webmaster.petalsearch.com/site/petalbot)"
114.119.157.43 - - [20/Aug/2025:07:18:16 +0000] "GET /?g=33864119782901&channel=0fba7a&from=blog.php?id%3D1197829-4959%26name%3DUS%E3%83%98%E3%83%83%E3%83%89%E3%83%A9%E3%82%A4%E3%83%88%2BOpel%2BCorsa%2BC%2B00-06%2BChrome%E3%81%AE%E3%81%9F%E3%82%81%E3%81%AE%E6%9C%AC%E7%89%A9%E3%81%AE%E6%98%BC%E9%96%93%E3%81%AE%E3%83%A9%E3%83%B3%E3%83%8B%E3%83%B3%E3%82%B0%E3%83%A9%E3%82%A4%E3%83%88%E3%82%92%E6%8C%81%E3%81%A4%E3%83%98%E3%83%83%E3%83%89%E3%83%A9%E3%82%A4%E3%83%88%E3%82%BB%E3%83%83%E3%83%88%2BHeadlight%2Bset%2Bwith%2Bgenuine%2Bdaytime%2Brunning%2Blights%2BFOR%2BOpel%2BCorsa%2BC%2B00-06%2Bchrome HTTP/1.1" 200 22735 "https://ugotechnologies.com/sitemap.xml" "Mozilla/5.0 (Linux; Android 7.0;) AppleWebKit/537.36 (KHTML, like Gecko) Mobile Safari/537.36 (compatible; PetalBot;+https://webmaster.petalsearch.com/site/petalbot)"
114.119.157.43 - - [20/Aug/2025:07:19:37 +0000] "GET /?g=3380891897800&channel=b21b25&from=brands.php?id%3D918978-819%26name%3D%E2%98%86%E8%8A%B1%E9%9F%B3%E3%81%A1%E3%82%83%E3%82%93%E2%98%86%E6%A7%98%E5%B0%82%E7%94%A8%E2%9D%A4%EF%B8%8F14kgf%E3%83%94%E3%82%A2%E3%82%B9 HTTP/1.1" 200 22735 "https://ugotechnologies.com/sitemap.xml" "Mozilla/5.0 (Linux; Android 7.0;) AppleWebKit/537.36 (KHTML, like Gecko) Mobile Safari/537.36 (compatible; PetalBot;+https://webmaster.petalsearch.com/site/petalbot)"
114.119.136.30 - - [20/Aug/2025:07:21:01 +0000] "GET /?g=3322981334300&channel=6fbd5f&from=article.php?id%3D813343-12252%26name%3D%E3%80%90%E3%81%82%E3%81%99%E6%A5%BD%E5%AF%BE%E5%BF%9C%E3%83%BB%E9%80%81%E6%96%99%E7%84%A1%E6%96%99%E3%80%91%3Cbr%3E%EF%BC%B3%EF%BC%A9%E3%80%80%E3%82%A2%E3%83%B3%E3%82%B0%E3%83%AB%E3%82%A4%E3%83%B3%E3%83%91%E3%82%AF%E3%83%88%E3%83%AC%E3%83%B3%E3%83%81 HTTP/1.1" 200 22735 "https://ugotechnologies.com/sitemap.xml" "Mozilla/5.0 (Linux; Android 7.0;) AppleWebKit/537.36 (KHTML, like Gecko) Mobile Safari/537.36 (compatible; PetalBot;+https://webmaster.petalsearch.com/site/petalbot)"
114.119.130.154 - - [20/Aug/2025:07:22:24 +0000] "GET /?g=3322110487304&channel=1e1f58&from=news.php?id%3D104873-5902%26name%3D%E3%81%B5%E3%82%8B%E3%81%95%E3%81%A8%E7%B4%8D%E7%A8%8E%2B%E3%82%A2%E3%82%AF%E3%82%BB%E3%82%B5%E3%83%AA%E3%83%BC%2B%E3%83%8D%E3%83%83%E3%82%AF%E3%83%AC%E3%82%B9%2B%E5%B1%B1%E6%A2%A8%E7%9C%8C%2B%E4%B8%AD%E5%A4%AE%E5%B8%82%2Bk10%2B%E3%83%8D%E3%83%83%E3%82%AF%E3%83%AC%E3%82%B9%2B%E3%82%AB%E3%83%9C%E3%82%B7%E3%83%A7%E3%83%B3%2B%E5%A4%A9%E7%84%B6%E7%9F%B3%2B10k%2B10%E9%87%91%2B%E3%82%A2%E3%83%B3%E3%83%86%E3%82%A3%E3%83%BC%E3%82%AF%2B%E3%82%AD%E3%83%A3%E3%83%B3%E3%83%87%E3%82%A3%2B%E3%83%89%E3%83%AD%E3%83%83%E3%83%97%2B%E4%B8%80%E7%B2%92%2B%E3%82%AB%E3%83%A9%E3%83%BC%E3%82%B9%E3%83%88%E3%83%BC%E3%83%B3%2B%E9%87%8D%E2%80%A6 HTTP/1.1" 200 22735 "https://ugotechnologies.com/sitemap.xml" "Mozilla/5.0 (Linux; Android 7.0;) AppleWebKit/537.36 (KHTML, like Gecko) Mobile Safari/537.36 (compatible; PetalBot;+https://webmaster.petalsearch.com/site/petalbot)"
178.167.72.123 - - [20/Aug/2025:07:23:09 +0000] "GET /?g=8272364062401&channel=b9fcfd&from=article.php?id%3D640624-12%26name%3D%E5%B0%82%E7%94%A8%E3%82%BB%E3%83%83%E3%83%88 HTTP/1.1" 200 22735 "https://www.ugotechnologies.com/?g=8272364062401&channel=b9fcfd&from=article.php%3Fid%3D640624-12%26name%3D%E5%B0%82%E7%94%A8%E3%82%BB%E3%83%83%E3%83%88" "Mozilla/5.0 (Windows NT 10.0; Win64; x64) AppleWebKit/537.36 (KHTML, like Gecko) Chrome/135.0.0.0 Safari/537.36"
114.119.153.152 - - [20/Aug/2025:07:23:56 +0000] "GET /?g=32992161960906&channel=24e67b&from=blog.php?id%3D1619609-496%26name%3D%E3%83%AC%E3%83%BC%E3%82%B6%E3%83%BC%E8%84%B1%E6%AF%9B%E5%99%A8%2B%E5%AE%B6%E5%BA%AD%E7%94%A8%E8%84%B1%E6%AF%9B%E5%99%A8%2B%E5%85%89%E3%82%A8%E3%82%B9%E3%83%86%2B%2B%E3%83%9B%E3%83%AF%E3%82%A4%E3%83%88 HTTP/1.1" 200 22735 "https://ugotechnologies.com/sitemap.xml" "Mozilla/5.0 (Linux; Android 7.0;) AppleWebKit/537.36 (KHTML, like Gecko) Mobile Safari/537.36 (compatible; PetalBot;+https://webmaster.petalsearch.com/site/petalbot)"
114.119.143.233 - - [20/Aug/2025:07:25:11 +0000] "GET /?g=32941143271500&channel=f4d749&from=article.php?id%3D1432715-9339%26name%3D%E3%80%90%E4%B8%AD%E5%8F%A4%E3%80%91%2BCanon%2B%E3%83%8F%E3%82%A4%E3%83%93%E3%82%B8%E3%83%A7%E3%83%B3%E3%83%87%E3%82%B8%E3%82%BF%E3%83%AB%E3%83%93%E3%83%87%E3%82%AA%E3%82%AB%E3%83%A1%E3%83%A9%2BiVIS%2B(%E3%82%A2%E3%82%A4%E3%83%93%E3%82%B9)%2BHV10%2B%E3%83%90%E3%83%BC%E3%83%8B%E3%83%83%E3%82%B7%E3%83%A5%E3%82%B7%E3%83%AB%E3%83%90%E3%83%BC%2BIVISHV10(S) HTTP/1.1" 200 22735 "https://ugotechnologies.com/sitemap.xml" "Mozilla/5.0 (Linux; Android 7.0;) AppleWebKit/537.36 (KHTML, like Gecko) Mobile Safari/537.36 (compatible; PetalBot;+https://webmaster.petalsearch.com/site/petalbot)"
114.119.157.43 - - [20/Aug/2025:07:26:38 +0000] "GET /?g=32840119064101&channel=f398f3&from=article.php?id%3D1190641-967%26name%3D%E3%83%9D%E3%82%B1%E3%83%A2%E3%83%B3%E3%82%AB%E3%83%BC%E3%83%89%2B%E3%81%BE%E3%82%8B%E3%81%AE%E3%81%BF%E3%81%95%E3%82%8C%E3%81%9F%E3%83%94%E3%82%AB%E3%83%81%E3%83%A5%E3%82%A6%2B%E3%82%BB%E3%83%96%E3%83%B3%2B%E5%89%8D%E5%A3%B2%E3%82%8A%E5%88%B8%E3%82%B8%E3%83%A5%E3%83%8B%E3%82%A2%E2%98%86%E3%83%97%E3%83%AD%E3%83%A2 HTTP/1.1" 200 22735 "https://ugotechnologies.com/sitemap.xml" "Mozilla/5.0 (Linux; Android 7.0;) AppleWebKit/537.36 (KHTML, like Gecko) Mobile Safari/537.36 (compatible; PetalBot;+https://webmaster.petalsearch.com/site/petalbot)"
114.119.130.154 - - [20/Aug/2025:07:27:57 +0000] "GET /?g=327878180703&channel=059283&from=info.php?id%3D81807-5333%26name%3D%E3%80%8E%E4%B8%AD%E5%8F%A4%E5%8D%B3%E7%B4%8D%E3%80%8F%7BFIG%7D%2BB-style%2B%E3%83%A9%E3%82%AF%E3%82%B9%E3%83%BB%E3%82%AF%E3%83%A9%E3%82%A4%E3%83%B3%2B%E7%94%9F%E8%B6%B3%E3%83%90%E3%83%8B%E3%83%BCVer.%2B%E6%A9%9F%E5%8B%95%E6%88%A6%E5%A3%AB%E3%82%AC%E3%83%B3%E3%83%80%E3%83%A0SEED%2B1/4%2B%E3%83%95%E3%82%A3%E3%82%AE%E3%83%A5%E3%82%A2%2B%E3%83%97%E3%83%AC%E3%83%9F%E3%82%A2%E3%83%A0%E3%83%90%E3%83%B3%E3%83%80%E3%82%A4%EF%BC%86%E3%81%82%E3%81%BF%E3%81%82%E3%81%BF%E9%99%90%E5%AE%9A%2B%E3%83%A1%E3%82%AC%E3%83%8F%E3%82%A6%E3%82%B9(20241029) HTTP/1.1" 200 22735 "https://ugotechnologies.com/sitemap.xml" "Mozilla/5.0 (Linux; Android 7.0;) AppleWebKit/537.36 (KHTML, like Gecko) Mobile Safari/537.36 (compatible; PetalBot;+https://webmaster.petalsearch.com/site/petalbot)"
114.119.136.30 - - [20/Aug/2025:07:29:23 +0000] "GET /?g=32708148346001&channel=72cad8&from=shared.php?id%3D1483460-2928%26name%3D%E3%80%906/22%2B20%E6%99%82%E3%80%9C%2B%E5%85%A8%E5%93%81P5%E5%80%8D%EF%BC%86%E3%82%AF%E3%83%BC%E3%83%9D%E3%83%B3%E3%80%91215/50R17%2B95W%2BXL%2B%E3%83%9F%E3%82%B7%E3%83%A5%E3%83%A9%E3%83%B3%2B%E6%AD%A3%E8%A6%8F%E5%93%81%2B%E3%82%AF%E3%83%AD%E3%82%B9%E3%82%AF%E3%83%A9%E3%82%A4%E3%83%A1%E3%82%A4%E3%83%882%2B%E3%83%AC%E3%82%A4%E3%82%BA%2B%E3%82%B0%E3%83%A9%E3%83%A0%E3%83%A9%E3%82%A4%E3%83%84%2B57NR%2B6NJ%2B17-7J%2B%E5%9B%BD%E7%94%A3%E8%BB%8A%E7%94%A8%2B%E3%82%AA%E3%83%BC%E3%83%AB%E3%82%B7%E3%83%BC%E3%82%BA%E3%83%B3%E3%82%BF%E3%82%A4%E3%83%A4%E3%83%9B%E3%82%A4%E3%83%BC%E3%83%AB4%E6%9C%AC%E3%82%BB%E3%83%83%E3%83%88 HTTP/1.1" 200 22735 "https://ugotechnologies.com/sitemap.xml" "Mozilla/5.0 (Linux; Android 7.0;) AppleWebKit/537.36 (KHTML, like Gecko) Mobile Safari/537.36 (compatible; PetalBot;+https://webmaster.petalsearch.com/site/petalbot)"
114.119.130.154 - - [20/Aug/2025:07:30:45 +0000] "GET /?g=3247045040906&channel=31ccf7&from=jp.php?id%3D450409-1361%26name%3DCanon%2B%E3%82%AD%E3%83%A3%E3%83%8E%E3%83%B3%2BAE-1%2B%E3%83%95%E3%82%A3%E3%83%AB%E3%83%A0%E3%82%AB%E3%83%A1%E3%83%A9%2B%E4%B8%80%E7%9C%BC HTTP/1.1" 200 22735 "https://ugotechnologies.com/sitemap.xml" "Mozilla/5.0 (Linux; Android 7.0;) AppleWebKit/537.36 (KHTML, like Gecko) Mobile Safari/537.36 (compatible; PetalBot;+https://webmaster.petalsearch.com/site/petalbot)"
114.119.136.30 - - [20/Aug/2025:07:32:08 +0000] "GET /?g=3231922973302&channel=87d992&from=product.php?id%3D229733-501%26name%3DLIZLISA%2BSalon%2Bde%2BFraise%E6%9F%84%E3%83%AF%E3%83%B3%E3%83%94%E3%83%BC%E3%82%B9 HTTP/1.1" 200 22735 "https://ugotechnologies.com/sitemap.xml" "Mozilla/5.0 (Linux; Android 7.0;) AppleWebKit/537.36 (KHTML, like Gecko) Mobile Safari/537.36 (compatible; PetalBot;+https://webmaster.petalsearch.com/site/petalbot)"
110.249.201.162 - - [20/Aug/2025:07:32:23 +0000] "GET / HTTP/1.1" 200 22735 "-" "Mozilla/5.0 (Linux; Android 5.0) AppleWebKit/537.36 (KHTML, like Gecko) Mobile Safari/537.36 (compatible; Bytespider; https://zhanzhang.toutiao.com/)"
110.249.201.157 - - [20/Aug/2025:07:32:25 +0000] "GET /css/icomoon.css HTTP/1.1" 200 25225 "https://ugotechnologies.com/" "Mozilla/5.0 (Linux; Android 5.0) AppleWebKit/537.36 (KHTML, like Gecko) Mobile Safari/537.36 (compatible; Bytespider; https://zhanzhang.toutiao.com/)"
110.249.201.163 - - [20/Aug/2025:07:32:25 +0000] "GET /css/themify-icons.css HTTP/1.1" 200 16519 "https://ugotechnologies.com/" "Mozilla/5.0 (Linux; Android 5.0) AppleWebKit/537.36 (KHTML, like Gecko) Mobile Safari/537.36 (compatible; Bytespider; https://zhanzhang.toutiao.com/)"
110.249.201.167 - - [20/Aug/2025:07:32:26 +0000] "GET /css/animate.css HTTP/1.1" 200 73008 "https://ugotechnologies.com/" "Mozilla/5.0 (Linux; Android 5.0) AppleWebKit/537.36 (KHTML, like Gecko) Mobile Safari/537.36 (compatible; Bytespider; https://zhanzhang.toutiao.com/)"
110.249.201.158 - - [20/Aug/2025:07:32:25 +0000] "GET /css/bootstrap.css HTTP/1.1" 200 134656 "https://ugotechnologies.com/" "Mozilla/5.0 (Linux; Android 5.0) AppleWebKit/537.36 (KHTML, like Gecko) Mobile Safari/537.36 (compatible; Bytespider; https://zhanzhang.toutiao.com/)"
110.249.201.157 - - [20/Aug/2025:07:32:26 +0000] "GET /css/owl.carousel.min.css HTTP/1.1" 200 3630 "https://ugotechnologies.com/" "Mozilla/5.0 (Linux; Android 5.0) AppleWebKit/537.36 (KHTML, like Gecko) Mobile Safari/537.36 (compatible; Bytespider; https://zhanzhang.toutiao.com/)"
110.249.201.162 - - [20/Aug/2025:07:32:26 +0000] "GET /css/style.css HTTP/1.1" 200 44250 "https://ugotechnologies.com/" "Mozilla/5.0 (Linux; Android 5.0) AppleWebKit/537.36 (KHTML, like Gecko) Mobile Safari/537.36 (compatible; Bytespider; https://zhanzhang.toutiao.com/)"
110.249.201.157 - - [20/Aug/2025:07:32:26 +0000] "GET /css/flexslider.css HTTP/1.1" 200 6864 "https://ugotechnologies.com/" "Mozilla/5.0 (Linux; Android 5.0) AppleWebKit/537.36 (KHTML, like Gecko) Mobile Safari/537.36 (compatible; Bytespider; https://zhanzhang.toutiao.com/)"
110.249.201.150 - - [20/Aug/2025:07:32:26 +0000] "GET /css/owl.theme.default.min.css HTTP/1.1" 200 1055 "https://ugotechnologies.com/" "Mozilla/5.0 (Linux; Android 5.0) AppleWebKit/537.36 (KHTML, like Gecko) Mobile Safari/537.36 (compatible; Bytespider; https://zhanzhang.toutiao.com/)"
110.249.201.157 - - [20/Aug/2025:07:32:26 +0000] "GET /css/magnific-popup.css HTTP/1.1" 200 7781 "https://ugotechnologies.com/" "Mozilla/5.0 (Linux; Android 5.0) AppleWebKit/537.36 (KHTML, like Gecko) Mobile Safari/537.36 (compatible; Bytespider; https://zhanzhang.toutiao.com/)"
110.249.201.150 - - [20/Aug/2025:07:32:26 +0000] "GET /js/modernizr-2.6.2.min.js HTTP/1.1" 200 15413 "https://ugotechnologies.com/" "Mozilla/5.0 (Linux; Android 5.0) AppleWebKit/537.36 (KHTML, like Gecko) Mobile Safari/537.36 (compatible; Bytespider; https://zhanzhang.toutiao.com/)"
110.249.201.162 - - [20/Aug/2025:07:32:27 +0000] "GET /css/reset.css HTTP/1.1" 200 22735 "https://ugotechnologies.com/" "Mozilla/5.0 (Linux; Android 5.0) AppleWebKit/537.36 (KHTML, like Gecko) Mobile Safari/537.36 (compatible; Bytespider; https://zhanzhang.toutiao.com/)"
110.249.201.150 - - [20/Aug/2025:07:32:29 +0000] "GET /js/jquery.easing.1.3.js HTTP/1.1" 200 8111 "https://ugotechnologies.com/" "Mozilla/5.0 (Linux; Android 5.0) AppleWebKit/537.36 (KHTML, like Gecko) Mobile Safari/537.36 (compatible; Bytespider; https://zhanzhang.toutiao.com/)"
110.249.201.158 - - [20/Aug/2025:07:32:29 +0000] "GET /js/jquery.min.js HTTP/1.1" 200 84380 "https://ugotechnologies.com/" "Mozilla/5.0 (Linux; Android 5.0) AppleWebKit/537.36 (KHTML, like Gecko) Mobile Safari/537.36 (compatible; Bytespider; https://zhanzhang.toutiao.com/)"
110.249.201.157 - - [20/Aug/2025:07:32:29 +0000] "GET /js/main.js HTTP/1.1" 200 9147 "https://ugotechnologies.com/" "Mozilla/5.0 (Linux; Android 5.0) AppleWebKit/537.36 (KHTML, like Gecko) Mobile Safari/537.36 (compatible; Bytespider; https://zhanzhang.toutiao.com/)"
110.249.201.157 - - [20/Aug/2025:07:32:30 +0000] "GET /images/digital_solutions_kochi.jpg HTTP/1.1" 206 500 "https://ugotechnologies.com/" "Mozilla/5.0 (Linux; Android 5.0) AppleWebKit/537.36 (KHTML, like Gecko) Mobile Safari/537.36 (compatible; Bytespider; https://zhanzhang.toutiao.com/)"
110.249.201.157 - - [20/Aug/2025:07:32:30 +0000] "GET /images/loader.gif HTTP/1.1" 206 500 "https://ugotechnologies.com/css/style.css" "Mozilla/5.0 (Linux; Android 5.0) AppleWebKit/537.36 (KHTML, like Gecko) Mobile Safari/537.36 (compatible; Bytespider; https://zhanzhang.toutiao.com/)"
110.249.201.157 - - [20/Aug/2025:07:32:30 +0000] "GET /js/jquery.flexslider-min.js HTTP/1.1" 200 22342 "https://ugotechnologies.com/" "Mozilla/5.0 (Linux; Android 5.0) AppleWebKit/537.36 (KHTML, like Gecko) Mobile Safari/537.36 (compatible; Bytespider; https://zhanzhang.toutiao.com/)"
110.249.201.162 - - [20/Aug/2025:07:32:30 +0000] "GET /js/jquery.waypoints.min.js HTTP/1.1" 200 8835 "https://ugotechnologies.com/" "Mozilla/5.0 (Linux; Android 5.0) AppleWebKit/537.36 (KHTML, like Gecko) Mobile Safari/537.36 (compatible; Bytespider; https://zhanzhang.toutiao.com/)"
110.249.201.157 - - [20/Aug/2025:07:32:30 +0000] "GET /js/jquery.countTo.js HTTP/1.1" 200 3760 "https://ugotechnologies.com/" "Mozilla/5.0 (Linux; Android 5.0) AppleWebKit/537.36 (KHTML, like Gecko) Mobile Safari/537.36 (compatible; Bytespider; https://zhanzhang.toutiao.com/)"
110.249.201.162 - - [20/Aug/2025:07:32:30 +0000] "GET /js/bootstrap.min.js HTTP/1.1" 200 36816 "https://ugotechnologies.com/" "Mozilla/5.0 (Linux; Android 5.0) AppleWebKit/537.36 (KHTML, like Gecko) Mobile Safari/537.36 (compatible; Bytespider; https://zhanzhang.toutiao.com/)"
110.249.201.157 - - [20/Aug/2025:07:32:31 +0000] "GET /js/owl.carousel.min.js HTTP/1.1" 200 40401 "https://ugotechnologies.com/" "Mozilla/5.0 (Linux; Android 5.0) AppleWebKit/537.36 (KHTML, like Gecko) Mobile Safari/537.36 (compatible; Bytespider; https://zhanzhang.toutiao.com/)"
110.249.201.158 - - [20/Aug/2025:07:32:31 +0000] "GET /js/magnific-popup-options.js HTTP/1.1" 200 1284 "https://ugotechnologies.com/" "Mozilla/5.0 (Linux; Android 5.0) AppleWebKit/537.36 (KHTML, like Gecko) Mobile Safari/537.36 (compatible; Bytespider; https://zhanzhang.toutiao.com/)"
110.249.201.163 - - [20/Aug/2025:07:32:29 +0000] "GET /js/jquery-2.1.1.js HTTP/1.1" 200 22735 "https://ugotechnologies.com/" "Mozilla/5.0 (Linux; Android 5.0) AppleWebKit/537.36 (KHTML, like Gecko) Mobile Safari/537.36 (compatible; Bytespider; https://zhanzhang.toutiao.com/)"
110.249.201.167 - - [20/Aug/2025:07:32:29 +0000] "GET /js/modernizr.js HTTP/1.1" 200 22735 "https://ugotechnologies.com/" "Mozilla/5.0 (Linux; Android 5.0) AppleWebKit/537.36 (KHTML, like Gecko) Mobile Safari/537.36 (compatible; Bytespider; https://zhanzhang.toutiao.com/)"
110.249.201.157 - - [20/Aug/2025:07:32:31 +0000] "GET /js/jquery.magnific-popup.min.js HTTP/1.1" 200 20932 "https://ugotechnologies.com/" "Mozilla/5.0 (Linux; Android 5.0) AppleWebKit/537.36 (KHTML, like Gecko) Mobile Safari/537.36 (compatible; Bytespider; https://zhanzhang.toutiao.com/)"
110.249.201.157 - - [20/Aug/2025:07:32:32 +0000] "GET /images/allguard_website.jpg HTTP/1.1" 206 500 "https://ugotechnologies.com/" "Mozilla/5.0 (Linux; Android 5.0) AppleWebKit/537.36 (KHTML, like Gecko) Mobile Safari/537.36 (compatible; Bytespider; https://zhanzhang.toutiao.com/)"
110.249.201.157 - - [20/Aug/2025:07:32:33 +0000] "GET /images/evm_Honda_website.jpg HTTP/1.1" 206 500 "https://ugotechnologies.com/" "Mozilla/5.0 (Linux; Android 5.0) AppleWebKit/537.36 (KHTML, like Gecko) Mobile Safari/537.36 (compatible; Bytespider; https://zhanzhang.toutiao.com/)"
110.249.201.150 - - [20/Aug/2025:07:32:31 +0000] "GET /services/main.js HTTP/1.1" 200 22735 "https://ugotechnologies.com/" "Mozilla/5.0 (Linux; Android 5.0) AppleWebKit/537.36 (KHTML, like Gecko) Mobile Safari/537.36 (compatible; Bytespider; https://zhanzhang.toutiao.com/)"
110.249.201.162 - - [20/Aug/2025:07:32:33 +0000] "GET /images/about_ugo.jpg HTTP/1.1" 206 500 "https://ugotechnologies.com/" "Mozilla/5.0 (Linux; Android 5.0) AppleWebKit/537.36 (KHTML, like Gecko) Mobile Safari/537.36 (compatible; Bytespider; https://zhanzhang.toutiao.com/)"
110.249.201.157 - - [20/Aug/2025:07:32:33 +0000] "GET /images/web_development_icon.png HTTP/1.1" 206 500 "https://ugotechnologies.com/" "Mozilla/5.0 (Linux; Android 5.0) AppleWebKit/537.36 (KHTML, like Gecko) Mobile Safari/537.36 (compatible; Bytespider; https://zhanzhang.toutiao.com/)"
110.249.201.163 - - [20/Aug/2025:07:32:33 +0000] "GET /images/rental_cochin.jpg HTTP/1.1" 206 500 "https://ugotechnologies.com/" "Mozilla/5.0 (Linux; Android 5.0) AppleWebKit/537.36 (KHTML, like Gecko) Mobile Safari/537.36 (compatible; Bytespider; https://zhanzhang.toutiao.com/)"
110.249.201.158 - - [20/Aug/2025:07:32:31 +0000] "GET /services/jquery-2.1.1.js HTTP/1.1" 200 22735 "https://ugotechnologies.com/" "Mozilla/5.0 (Linux; Android 5.0) AppleWebKit/537.36 (KHTML, like Gecko) Mobile Safari/537.36 (compatible; Bytespider; https://zhanzhang.toutiao.com/)"
110.249.201.163 - - [20/Aug/2025:07:32:33 +0000] "GET /images/sales_catalog_app_kochi.jpg HTTP/1.1" 206 500 "https://ugotechnologies.com/" "Mozilla/5.0 (Linux; Android 5.0) AppleWebKit/537.36 (KHTML, like Gecko) Mobile Safari/537.36 (compatible; Bytespider; https://zhanzhang.toutiao.com/)"
110.249.201.157 - - [20/Aug/2025:07:32:33 +0000] "GET /images/thakkaaram_website.jpg HTTP/1.1" 206 500 "https://ugotechnologies.com/" "Mozilla/5.0 (Linux; Android 5.0) AppleWebKit/537.36 (KHTML, like Gecko) Mobile Safari/537.36 (compatible; Bytespider; https://zhanzhang.toutiao.com/)"
110.249.201.162 - - [20/Aug/2025:07:32:33 +0000] "GET /images/kapindia_website.jpg HTTP/1.1" 206 500 "https://ugotechnologies.com/" "Mozilla/5.0 (Linux; Android 5.0) AppleWebKit/537.36 (KHTML, like Gecko) Mobile Safari/537.36 (compatible; Bytespider; https://zhanzhang.toutiao.com/)"
110.249.201.163 - - [20/Aug/2025:07:32:33 +0000] "GET /images/bg12.jpg HTTP/1.1" 206 500 "https://ugotechnologies.com/css/style.css" "Mozilla/5.0 (Linux; Android 5.0) AppleWebKit/537.36 (KHTML, like Gecko) Mobile Safari/537.36 (compatible; Bytespider; https://zhanzhang.toutiao.com/)"
110.249.201.157 - - [20/Aug/2025:07:32:33 +0000] "GET /images/bg13.jpg HTTP/1.1" 206 500 "https://ugotechnologies.com/" "Mozilla/5.0 (Linux; Android 5.0) AppleWebKit/537.36 (KHTML, like Gecko) Mobile Safari/537.36 (compatible; Bytespider; https://zhanzhang.toutiao.com/)"
110.249.201.150 - - [20/Aug/2025:07:32:36 +0000] "GET /images/Mobile_App_Banner.jpg HTTP/1.1" 206 500 "https://ugotechnologies.com/" "Mozilla/5.0 (Linux; Android 5.0) AppleWebKit/537.36 (KHTML, like Gecko) Mobile Safari/537.36 (compatible; Bytespider; https://zhanzhang.toutiao.com/)"
110.249.201.158 - - [20/Aug/2025:07:32:36 +0000] "GET /images/Web_Development_Banner.jpg HTTP/1.1" 206 500 "https://ugotechnologies.com/" "Mozilla/5.0 (Linux; Android 5.0) AppleWebKit/537.36 (KHTML, like Gecko) Mobile Safari/537.36 (compatible; Bytespider; https://zhanzhang.toutiao.com/)"
110.249.201.157 - - [20/Aug/2025:07:32:36 +0000] "GET /images/Software_Development_Banner.jpg HTTP/1.1" 206 500 "https://ugotechnologies.com/" "Mozilla/5.0 (Linux; Android 5.0) AppleWebKit/537.36 (KHTML, like Gecko) Mobile Safari/537.36 (compatible; Bytespider; https://zhanzhang.toutiao.com/)"
110.249.201.163 - - [20/Aug/2025:07:32:36 +0000] "GET /images/Android_Apps.jpg HTTP/1.1" 206 500 "https://ugotechnologies.com/" "Mozilla/5.0 (Linux; Android 5.0) AppleWebKit/537.36 (KHTML, like Gecko) Mobile Safari/537.36 (compatible; Bytespider; https://zhanzhang.toutiao.com/)"
114.119.157.43 - - [20/Aug/2025:07:33:33 +0000] "GET /?g=3218493761100&channel=25f5da&from=product.php?id%3D937611-488%26name%3DAR%2B%E3%83%A9%E3%83%86%E3%82%A3%E3%82%AA%E3%82%B9%E3%80%80%E3%83%A9%E3%83%86%E3%82%A3%E3%82%A2%E3%82%B9%E3%80%80%E5%90%8412%E6%9E%9A%E3%82%BB%E3%83%83%E3%83%88 HTTP/1.1" 200 22735 "https://ugotechnologies.com/sitemap.xml" "Mozilla/5.0 (Linux; Android 7.0;) AppleWebKit/537.36 (KHTML, like Gecko) Mobile Safari/537.36 (compatible; PetalBot;+https://webmaster.petalsearch.com/site/petalbot)"
114.119.141.178 - - [20/Aug/2025:07:34:56 +0000] "GET /?g=32074140688404&channel=be8f2c&from=shop.php?id%3D1406884-900%26name%3DDUNLOP%2B%E3%82%A6%E3%82%A3%E3%83%B3%E3%82%BF%E3%83%BC%E3%83%9E%E3%83%83%E3%82%AF%E3%82%B903%2BWM03%2B%E3%83%80%E3%83%B3%E3%83%AD%E3%83%83%E3%83%97%2B%E3%82%B9%E3%82%BF%E3%83%83%E3%83%89%E3%83%AC%E3%82%B9%2B%E3%83%9F%E3%83%84%E3%83%A4%2B245/45R18%2B%3Cbr%3EMANARAY%2BRAYS%2B57CR%2BSpecM%2BgramLIGHTS%2B%E3%83%9B%E3%82%A4%E3%83%BC%E3%83%AB%2B18%E3%82%A4%E3%83%B3%E3%83%81%2B18%2BX%2B7.5J%2B%2B40%2B5%E7%A9%B4%2B114.3 HTTP/1.1" 200 22735 "https://ugotechnologies.com/sitemap.xml" "Mozilla/5.0 (Linux; Android 7.0;) AppleWebKit/537.36 (KHTML, like Gecko) Mobile Safari/537.36 (compatible; PetalBot;+https://webmaster.petalsearch.com/site/petalbot)"
124.36.145.26 - - [20/Aug/2025:07:35:35 +0000] "GET /?g=2897975285605&channel=18426f&from=shared.php%3Fid%3D752856-298%26name%3D%E8%B6%85%E3%83%AC%E3%82%A2%EF%BC%81+%E3%80%90+AMIRI+%E3%80%91+BONES+STACKED+TRUCKER+CAP HTTP/1.1" 200 266 "https://www.google.com/" "Mozilla/5.0 (Macintosh; Intel Mac OS X 10_15_7) AppleWebKit/537.36 (KHTML, like Gecko) Chrome/139.0.0.0 Safari/537.36"
66.249.79.198 - - [20/Aug/2025:07:35:40 +0000] "GET /?g=04972185439200&channel=161da5&from=category-info.php%3Fid%3D1854392-6249%26name%3D%E5%85%85%E9%9B%BB%E5%BC%8F+%E3%83%81%E3%82%A7%E3%83%BC%E3%83%B3%E3%82%BD%E3%83%BC+%E9%AB%98%E6%9E%9D%E5%88%87%E3%82%8A%E9%9B%BB%E5%8B%95%E3%83%81%E3%82%A7%E3%83%BC%E3%83%B3%E3%82%BD%E3%83%BC+%E3%83%96%E3%83%A9%E3%82%B7%E3%83%AC%E3%82%B9%E3%83%A2%E3%83%BC%E3%82%BF%E3%83%BC+%E3%82%B3%E3%83%BC%E3%83%89%E3%83%AC%E3%82%B9+%E9%AB%98%E6%9E%9D%E5%88%87%E3%82%8A%E3%83%90%E3%83%83%E3%83%86%E3%83%AA%E3%83%BC%E4%BA%92%E6%8F%9B+%E5%89%AA%E5%AE%9A+%E9%9B%BB%E5%8B%95+%E3%81%AE%E3%81%93%E3%81%8E%E3%82%8A+%E9%AB%98%E6%9E%9D%E3%83%8E%E3%82%B3%E3%82%AE%E3%83%AA+%E3%83%8F%E3%83%B3%E3%83%87%E3%82%A3%E3%83%81%E3%82%A7%E3%83%BC%E3%83%B3%E3%82%BD%E3%83%BC+%E4%B8%A1%E7%94%A8+%E3%83%8F%E3%83%B3%E3%83%87%E3%82%A3+%E3%83%8F%E3%83%B3%E3%83%89%E3%83%81%E3%82%A7%E3%83%BC%E3%83%B3%E3%82%BD%E3%83%BC+%E6%9E%9D%E5%88%87%E3%82%8A+%E9%9B%BB%E5%8B%95%E6%9E%9D%E5%88%87%E3%82%8A+%E9%9B%BB%E5%8B%95%E5%B7%A5%E5%85%B7+%E5%85%85%E9%9B%BB%E5%99%A8%E6%97%A5%E6%9C%AC%E8%AA%9E%E3%81%AE%E8%AA%AC%E6%98%8E%E6%9B%B8%EF%BC%88pdf%EF%BC%89 HTTP/1.1" 200 22735 "-" "Mozilla/5.0 (Linux; Android 6.0.1; Nexus 5X Build/MMB29P) AppleWebKit/537.36 (KHTML, like Gecko) Chrome/138.0.7204.183 Mobile Safari/537.36 (compatible; GoogleOther)"
114.119.130.154 - - [20/Aug/2025:07:36:19 +0000] "GET /?g=3184221627501&channel=64c7fb&from=brands.php?id%3D216275-920%26name%3D%E3%83%9F%E3%82%BA%E3%83%8E%2BMIZUNO%2B%E3%83%A2%E3%83%AC%E3%83%AA%E3%82%A2%2B2%2BSI%2B%E3%82%B5%E3%83%83%E3%82%AB%E3%83%BC%E3%82%B9%E3%83%91%E3%82%A4%E3%82%AF%2B%E5%8F%96%E6%9B%BF%E5%BC%8F HTTP/1.1" 200 22735 "https://ugotechnologies.com/sitemap.xml" "Mozilla/5.0 (Linux; Android 7.0;) AppleWebKit/537.36 (KHTML, like Gecko) Mobile Safari/537.36 (compatible; PetalBot;+https://webmaster.petalsearch.com/site/petalbot)"
66.249.68.38 - - [20/Aug/2025:07:36:38 +0000] "GET /?g=32837181002500&channel=0e5e3e&from=form.php%3Fid%3D1810025-259%26name%3D%E9%9B%BB%E8%84%B3%E3%82%B5%E3%83%BC%E3%82%AD%E3%83%83%E3%83%88500+Snap+Circuits+Pro HTTP/1.1" 200 309187 "-" "Mozilla/5.0 (Linux; Android 6.0.1; Nexus 5X Build/MMB29P) AppleWebKit/537.36 (KHTML, like Gecko) Chrome/138.0.7204.183 Mobile Safari/537.36 (compatible; Googlebot/2.1; +http://www.google.com/bot.html)"
66.249.79.200 - - [20/Aug/2025:07:37:08 +0000] "GET /?g=30648124253901&channel=012bb2&from=goods.php%3Fid%3D1242539-13906%26name%3D%E3%80%90%E5%AD%90%E4%BE%9B%E6%9C%8D%2F%E3%83%87%E3%82%A3%E3%82%BA%E3%83%8B%E3%83%BC%2FDD%C3%97%E3%83%9F%E3%83%83%E3%82%AD%E3%83%BC%2FDENIM+DUNGAREE%C3%97MICKEY%E3%82%B3%E3%83%A9%E3%83%9C%2F%E3%83%87%E3%83%8B%E3%83%A0%E3%82%A2%E3%83%B3%E3%83%89%E3%83%80%E3%83%B3%E3%82%AC%E3%83%AA%E3%83%BC%E3%80%91++%E3%83%93%E3%83%B3%E3%83%86%E3%83%BC%E3%82%B8%E3%83%86%E3%83%B3%E3%82%B8%E3%82%AF+MICKEY+%E3%83%95%E3%83%83%E3%83%88%E3%83%9C%E3%83%BC%E3%83%AB+TEE+12PL%E3%83%91%E3%83%BC%E3%83%97%E3%83%AB HTTP/1.1" 200 303753 "-" "Mozilla/5.0 (Linux; Android 6.0.1; Nexus 5X Build/MMB29P) AppleWebKit/537.36 (KHTML, like Gecko) Chrome/138.0.7204.183 Mobile Safari/537.36 (compatible; Googlebot/2.1; +http://www.google.com/bot.html)"
66.249.79.198 - - [20/Aug/2025:07:37:38 +0000] "GET /?g=3410156082100&channel=b626f5&from=info.php%3Fid%3D560821-68%26name%3D%E3%82%AD%E3%83%A3%E3%83%AD%E3%82%A6%E3%82%A7%E3%82%A4%E3%80%80XR16+%E3%83%95%E3%82%A7%E3%82%A2%E3%82%A6%E3%82%A7%E3%82%A4%E3%82%A6%E3%83%83%E3%83%89%E3%80%805W HTTP/1.1" 200 291476 "-" "Mozilla/5.0 (Linux; Android 6.0.1; Nexus 5X Build/MMB29P) AppleWebKit/537.36 (KHTML, like Gecko) Chrome/138.0.7204.183 Mobile Safari/537.36 (compatible; Googlebot/2.1; +http://www.google.com/bot.html)"
114.119.136.30 - - [20/Aug/2025:07:37:43 +0000] "GET /?g=31700194699301&channel=9fce46&from=blog.php?id%3D1946993-64%26name%3D%E3%82%AD%E3%82%BF%E3%83%A0%E3%83%A9%2B%E3%82%B7%E3%83%A7%E3%83%AB%E3%83%80%E3%83%BC%E3%83%90%E3%83%83%E3%82%B0%2B%E3%83%88%E3%83%BC%E3%83%88%E3%83%90%E3%83%83%E3%82%B0%2B%E8%82%A9%E6%8E%9B%E3%81%91%2B%E3%83%AC%E3%82%B6%E3%83%BC%2B%E3%83%8D%E3%82%A4%E3%83%93%E3%83%BC%2B%E3%83%9F%E3%83%8B%E3%83%9D%E3%83%BC%E3%83%81 HTTP/1.1" 200 22735 "https://ugotechnologies.com/sitemap.xml" "Mozilla/5.0 (Linux; Android 7.0;) AppleWebKit/537.36 (KHTML, like Gecko) Mobile Safari/537.36 (compatible; PetalBot;+https://webmaster.petalsearch.com/site/petalbot)"
66.249.79.200 - - [20/Aug/2025:07:38:08 +0000] "GET /?g=42499171692700&channel=038cce&from=jp.php%3Fid%3D1716927-4587%26name%3DApple+Apple+Watch+Series10+42mm+GPS%E3%83%A2%E3%83%87%E3%83%AB+MWWW3J%2FA%2BMXLL3FE%2FA+A2997%E3%80%90%E3%82%B7%E3%83%AB%E3%83%90%E3%83%BC%E3%82%A2%E3%83%AB%E3%83%9F%E3%83%8B%E3%82%A6%E3%83%A0%E3%82%B1%E3%83%BC%E3%82%B9%2F%E3%82%B9%E3%82%BF%E3%83%BC%E3%83%A9%E3%82%A4%E3%83%88%E3%82%B9%E3%83%9D%E3%83%BC%E3%83%84%E3%83%90%E3%83%B3%E3%83%89%E3%80%91+%5B%E6%9C%AA%E4%BD%BF%E7%94%A8%5D+%E3%80%90%E5%BD%93%E7%A4%BE%EF%BC%96%E3%83%B6%E6%9C%88%E4%BF%9D%E8%A8%BC%E3%80%91++%E3%80%90+%E4%B8%AD%E5%8F%A4%E3%82%B9%E3%83%9E%E3%83%9B%E3%81%A8%E3%82%BF%E3%83%96%E3%83%AC%E3%83%83%E3%83%88%E8%B2%A9%E5%A3%B2%E3%81%AE%E3%82%A4%E3%82%AA%E3%82%B7%E3%82%B9 HTTP/1.1" 200 309256 "-" "Mozilla/5.0 (Linux; Android 6.0.1; Nexus 5X Build/MMB29P) AppleWebKit/537.36 (KHTML, like Gecko) Chrome/138.0.7204.183 Mobile Safari/537.36 (compatible; Googlebot/2.1; +http://www.google.com/bot.html)"
66.249.68.38 - - [20/Aug/2025:07:38:39 +0000] "GET /?g=3800991363909&channel=0a1085&from=brands.php%3Fid%3D913639-1140%26name%3DRAYS+%E3%80%90%E6%AC%A0%E5%93%81%E6%AC%A1%E5%9B%9E8%7E9%E6%9C%88%E3%80%91+G025+VOLK+RACING+%E9%8D%9B%E9%80%A0+%E3%83%9B%E3%82%A4%E3%83%BC%E3%83%AB+19%E3%82%A4%E3%83%B3%E3%83%81+19+X+8.5J+%2B42+5%E7%A9%B4+114.3+%3Cbr%3EWINRUN+R330+%E3%82%B5%E3%83%9E%E3%83%BC%E3%82%BF%E3%82%A4%E3%83%A4+245%2F45R19+%E3%83%87%E3%83%AA%E3%82%ABD%3A5 HTTP/1.1" 200 305300 "-" "Mozilla/5.0 (Linux; Android 6.0.1; Nexus 5X Build/MMB29P) AppleWebKit/537.36 (KHTML, like Gecko) Chrome/138.0.7204.183 Mobile Safari/537.36 (compatible; Googlebot/2.1; +http://www.google.com/bot.html)"
114.119.153.152 - - [20/Aug/2025:07:39:08 +0000] "GET /?g=31695118358407&channel=be8f2c&from=news.php?id%3D1183584-900%26name%3D245/45R20%2B103T%2BXL%2B%E3%83%8E%E3%82%AD%E3%82%A2%E3%83%B3%2B%E3%83%8F%E3%83%83%E3%82%AB%E3%83%9A%E3%83%AA%E3%83%83%E3%82%BFR5%2BSUV%2B%E3%82%A6%E3%82%A7%E3%83%83%E3%82%BA%2B%E3%82%A2%E3%82%BB%E3%83%83%E3%83%88%2BD1%2B%E3%83%96%E3%83%A9%E3%83%83%E3%82%AF/%E3%82%B4%E3%83%BC%E3%83%AB%E3%83%89%E3%83%94%E3%82%A2%E3%82%B9%2B20-8J%2B%E5%9B%BD%E7%94%A3%E8%BB%8A%E7%94%A8%2B%E3%82%B9%E3%82%BF%E3%83%83%E3%83%89%E3%83%AC%E3%82%B9%E3%82%BF%E3%82%A4%E3%83%A4%E3%83%9B%E3%82%A4%E3%83%BC%E3%83%AB4%E6%9C%AC%E3%82%BB%E3%83%83%E3%83%88 HTTP/1.1" 200 22735 "https://ugotechnologies.com/sitemap.xml" "Mozilla/5.0 (Linux; Android 7.0;) AppleWebKit/537.36 (KHTML, like Gecko) Mobile Safari/537.36 (compatible; PetalBot;+https://webmaster.petalsearch.com/site/petalbot)"
66.249.79.200 - - [20/Aug/2025:07:39:11 +0000] "GET /?g=567192936900&channel=6e2cbd&from=shop.php%3Fid%3D29369-3289%26name%3D%E3%83%95%E3%82%A7%E3%82%B9+%E3%82%B0%E3%83%AA%E3%83%83%E3%82%BF%E3%83%BC+%E3%82%A2%E3%82%AF%E3%83%AA%E3%83%AB%E3%82%B9%E3%82%BF%E3%83%B3%E3%83%89+%E3%83%B4%E3%82%A3%E3%82%B8%E3%82%A7%E3%83%AB HTTP/1.1" 200 299811 "-" "Mozilla/5.0 (Linux; Android 6.0.1; Nexus 5X Build/MMB29P) AppleWebKit/537.36 (KHTML, like Gecko) Chrome/138.0.7204.183 Mobile Safari/537.36 (compatible; Googlebot/2.1; +http://www.google.com/bot.html)"
66.249.68.38 - - [20/Aug/2025:07:39:50 +0000] "GET /?g=08722127400008&channel=c25bc3&from=brands.php%3Fid%3D1274000-7646%26name%3D%E3%82%B9%E3%83%81%E3%83%BC%E3%83%AB%E6%A3%9A+%E5%B9%85150%C3%97%E5%A5%A5%E8%A1%8C45%C3%97%E9%AB%98%E3%81%95210cm+7%E6%AE%B5+%E9%80%A3%E7%B5%90+200kg%2F%E6%AE%B5+%E3%83%9C%E3%83%AB%E3%83%88%E3%83%AC%E3%82%B9+%E9%87%8D%E9%87%8F%3A70kg HTTP/1.1" 200 294899 "-" "Mozilla/5.0 (Linux; Android 6.0.1; Nexus 5X Build/MMB29P) AppleWebKit/537.36 (KHTML, like Gecko) Chrome/138.0.7204.183 Mobile Safari/537.36 (compatible; Googlebot/2.1; +http://www.google.com/bot.html)"
66.249.79.199 - - [20/Aug/2025:07:40:28 +0000] "GET /?g=7915830905308&channel=666343&from=product.php%3Fid%3D309053-8613%26name%3DRabbit-PaperCutting-%E6%A7%98%E5%B0%82%E7%94%A8%E3%83%9A%E3%83%BC%E3%82%B8 HTTP/1.1" 200 294723 "-" "Mozilla/5.0 (Linux; Android 6.0.1; Nexus 5X Build/MMB29P) AppleWebKit/537.36 (KHTML, like Gecko) Chrome/138.0.7204.183 Mobile Safari/537.36 (compatible; Googlebot/2.1; +http://www.google.com/bot.html)"
114.119.150.86 - - [20/Aug/2025:07:40:30 +0000] "GET /?g=3127587221105&channel=0fefc4&from=category-info.php?id%3D872211-380%26name%3D%E7%BE%8E%E5%B0%91%E5%A5%B3%E3%83%95%E3%82%A3%E3%82%AE%E3%83%A5%E3%82%A2%2B%E3%81%BE%E3%81%A8%E3%82%81%E5%A3%B2%E3%82%8A%2B17%E4%BD%93 HTTP/1.1" 200 22735 "https://ugotechnologies.com/sitemap.xml" "Mozilla/5.0 (Linux; Android 7.0;) AppleWebKit/537.36 (KHTML, like Gecko) Mobile Safari/537.36 (compatible; PetalBot;+https://webmaster.petalsearch.com/site/petalbot)"
57.141.2.3 - - [20/Aug/2025:07:41:05 +0000] "GET / HTTP/1.1" 200 22735 "-" "meta-externalagent/1.1 (+https://developers.facebook.com/docs/sharing/webmasters/crawler)"
66.249.68.37 - - [20/Aug/2025:07:41:05 +0000] "GET /?g=81108126756707&channel=1d2e46&from=form.php%3Fid%3D1267567-2928%26name%3D225%2F55R19+99V+%3Cbr%3E%E3%83%A8%E3%82%B3%E3%83%8F%E3%83%9E+%E3%83%96%E3%83%AB%E3%83%BC%E3%82%A2%E3%83%BC%E3%82%B9+4S+AW21+%3Cbr%3EWeds+%E3%82%A6%E3%82%A7%E3%83%83%E3%82%BA+%E3%83%9E%E3%83%BC%E3%83%99%E3%83%AA%E3%83%83%E3%82%AF+1212F+%E3%83%97%E3%83%AC%E3%83%9F%E3%82%A2%E3%83%A0%E3%82%B7%E3%83%AB%E3%83%90%E3%83%BC+%3Cbr%3E19%E3%82%A4%E3%83%B3%E3%83%81+8.0J+5H114.3+%3Cbr%3E%E3%82%AA%E3%83%BC%E3%83%AB%E3%82%B7%E3%83%BC%E3%82%BA%E3%83%B3%E3%82%BF%E3%82%A4%E3%83%A4%E3%83%9B%E3%82%A4%E3%83%BC%E3%83%AB%E3%82%BB%E3%83%83%E3%83%88+%3Cbr%3E HTTP/1.1" 200 318676 "-" "Mozilla/5.0 (Linux; Android 6.0.1; Nexus 5X Build/MMB29P) AppleWebKit/537.36 (KHTML, like Gecko) Chrome/138.0.7204.183 Mobile Safari/537.36 (compatible; Googlebot/2.1; +http://www.google.com/bot.html)"
66.249.79.199 - - [20/Aug/2025:07:41:42 +0000] "GET /?g=49200107143203&channel=2b84da&from=info.php%3Fid%3D1071432-13528%26name%3D%E5%B0%82%E7%94%A8%E3%80%80%E3%81%AF%E3%82%89%E3%82%93 HTTP/1.1" 200 295881 "-" "Mozilla/5.0 (Linux; Android 6.0.1; Nexus 5X Build/MMB29P) AppleWebKit/537.36 (KHTML, like Gecko) Chrome/138.0.7204.183 Mobile Safari/537.36 (compatible; Googlebot/2.1; +http://www.google.com/bot.html)"
114.119.141.178 - - [20/Aug/2025:07:41:53 +0000] "GET /?g=3122740355101&channel=c17cbd&from=news.php?id%3D403551-366%26name%3DSpick%2Band%2BSpan%E3%80%90MITTERNACHT%E3%80%91%2B%E3%83%9E%E3%82%AD%E3%82%B7%E3%82%B8%E3%83%A3%E3%83%B3%E3%83%91%E3%83%BC%E3%82%B9%E3%82%AB%E3%83%BC%E3%83%88 HTTP/1.1" 200 22735 "https://ugotechnologies.com/sitemap.xml" "Mozilla/5.0 (Linux; Android 7.0;) AppleWebKit/537.36 (KHTML, like Gecko) Mobile Safari/537.36 (compatible; PetalBot;+https://webmaster.petalsearch.com/site/petalbot)"
66.249.68.39 - - [20/Aug/2025:07:42:18 +0000] "GET /?g=760147251903&channel=3773cc&from=brands.php%3Fid%3D72519-5007%26name%3D%28%E7%89%B9%E5%85%B8%E4%BB%98%E3%81%8D%29Gibson+%2F+J-45+Standard+Heritage+Cherry++Sunburst+%5B%E9%87%8D%E9%87%8F%3A2.09kg%5D%28S%2FN%3A20355054%29%28%E6%B1%A0%E8%A2%8B%E5%BA%97%29%28YRK%29%EF%BC%88Gibson+J-45+STANDARD+Heritage+Cherry+Sunburst++%2320355120%EF%BC%88%E6%96%B0%E5%93%81%E7%89%B9%E4%BE%A1%2F%E9%80%81%E6%96%99%E7%84%A1%E6%96%99%EF%BC%89%E3%80%90%E6%A5%BD%E5%99%A8%E6%A4%9C%E7%B4%A2%E3%83%87%E3%82%B8%E3%83%9E%E3%83%BC%E3%83%88%E3%80%91%EF%BC%89 HTTP/1.1" 200 302782 "-" "Mozilla/5.0 (Linux; Android 6.0.1; Nexus 5X Build/MMB29P) AppleWebKit/537.36 (KHTML, like Gecko) Chrome/138.0.7204.183 Mobile Safari/537.36 (compatible; Googlebot/2.1; +http://www.google.com/bot.html)"
66.249.79.200 - - [20/Aug/2025:07:42:54 +0000] "GET /?g=03928152549900&channel=cf61f7&from=info.php%3Fid%3D1525499-7743%26name%3D%E4%B8%89%E8%8F%B1+MVE+WSTAR%E6%B1%8E%E7%94%A8+%E8%B6%85%E7%A1%AC%E3%82%BD%E3%83%AA%E3%83%83%E3%83%89%E3%83%89%E3%83%AA%E3%83%AB2D+%E5%A4%96%E9%83%A8%E7%B5%A6%E6%B2%B9%E5%BD%A212.6mm+DP1020+%281%E6%9C%AC%29+%E5%93%81%E7%95%AA%EF%BC%9AMVE1260X02S130+DP1020 HTTP/1.1" 200 299519 "-" "Mozilla/5.0 (Linux; Android 6.0.1; Nexus 5X Build/MMB29P) AppleWebKit/537.36 (KHTML, like Gecko) Chrome/138.0.7204.183 Mobile Safari/537.36 (compatible; Googlebot/2.1; +http://www.google.com/bot.html)"
114.119.157.43 - - [20/Aug/2025:07:43:17 +0000] "GET /?g=31125171841906&channel=c7a62f&from=category-info.php?id%3D1718419-8369%26name%3DREGAL%2B%E3%83%AA%E3%83%BC%E3%82%AC%E3%83%AB%2B%E5%B0%82%E9%96%80%E5%BA%97%E3%82%AA%E3%83%AA%E3%82%B8%E3%83%8A%E3%83%AB%E5%95%86%E5%93%81%2BW851%2BAG%2B%E3%83%96%E3%83%A9%E3%83%83%E3%82%AF%2B22.5cm HTTP/1.1" 200 22735 "https://ugotechnologies.com/sitemap.xml" "Mozilla/5.0 (Linux; Android 7.0;) AppleWebKit/537.36 (KHTML, like Gecko) Mobile Safari/537.36 (compatible; PetalBot;+https://webmaster.petalsearch.com/site/petalbot)"
66.249.68.38 - - [20/Aug/2025:07:43:29 +0000] "GET /?g=79209124899804&channel=edcdde&from=info.php%3Fid%3D1248998-7387%26name%3D%E3%82%A8%E3%82%B3%E3%83%AA%E3%82%AB+SPC740H+K+%E3%83%AA%E3%82%B5%E3%82%A4%E3%82%AF%E3%83%AB%E3%83%88%E3%83%8A%E3%83%BC%E3%82%AB%E3%83%BC%E3%83%88%E3%83%AA%E3%83%83%E3%82%B8+ECT-RIB-740K-H+%3Cbr%3E%3Cbr%3E+PC+%E3%83%91%E3%82%BD%E3%82%B3%E3%83%B3+%E3%82%B9%E3%83%9E%E3%83%9B+%E3%82%BF%E3%83%96%E3%83%AC%E3%83%83%E3%83%88+%7C+%E9%96%A2%E9%80%A3%E5%8D%98%E8%AA%9E+%E3%82%AB%E3%83%BC%E3%83%89+%E3%82%AF%E3%83%BC%E3%83%A9%E3%83%BC+cpu++%E3%83%8F%E3%83%96+%E3%82%AD%E3%83%BC%E3%83%9C%E3%83%BC%E3%83%89+%E3%83%86%E3%83%B3%E3%82%AD%E3%83%BC+%E6%A9%9F%E5%99%A8+%E3%83%8D%E3%83%83%E3%83%88+%E3%82%B9%E3%83%9E%E3%83%BC%E3%83%88%E3%83%95%E3%82%A9%E3%83%B3+%E6%90%BA%E5%B8%AF%E9%9B%BB%E8%A9%B1+%E3%82%A2%E3%82%AF%E3%82%BB%E3%82%B5%E3%83%AA%E3%83%BC+iPhone+%E3%83%91%E3%83%BC%E3%83%84+iPad+%E5%91%A8%E8%BE%BA%E6%A9%9F%E5%99%A8+%E3%83%A1%E3%83%A2%E3%83%AA+Android%EF%BC%88%E3%82%A8%E3%82%B3%E3%83%AA%E3%82%AB+SPC740H+C+%E3%83%AA%E3%82%B5%E3%82%A4%E3%82%AF%E3%83%AB%E3%83%88%E3%83%8A%E3%83%BC%E3%82%AB%E3%83%BC%E3%83%88%E3%83%AA%E3%83%83%E3%82%B8+ASNECT-RIB-740C-H%7C%E3%83%91%E3%82%BD%E3%82%B3%E3%83%B3+%E3%83%91%E3%82%BD%E3%82%B3%E3%83%B3%E5%91%A8%E8%BE%BA%E6%A9%9F%E5%99%A8+%E3%83%88%E3%83%8A%E3%83%BC+%E3%83%88%E3%83%8A%E3%83%BC%EF%BC%89 HTTP/1.1" 200 302698 "-" "Mozilla/5.0 (Linux; Android 6.0.1; Nexus 5X Build/MMB29P) AppleWebKit/537.36 (KHTML, like Gecko) Chrome/138.0.7204.183 Mobile Safari/537.36 (compatible; Googlebot/2.1; +http://www.google.com/bot.html)"
66.249.79.198 - - [20/Aug/2025:07:44:04 +0000] "GET /?g=9118360669100&channel=c7d649&from=category-info.php%3Fid%3D606691-10971%26name%3D%E3%83%94%E3%83%BC%E3%82%B7%E3%83%BC%E3%82%A8%E3%83%BC%EF%BD%9CPCA+%E3%80%94%E3%83%89%E3%83%83%E3%83%88%E3%80%95%E3%83%A9%E3%83%99%E3%83%AB%E3%82%B7%E3%83%BC%E3%83%AB%285%E9%80%A3%29+100%E6%9E%9A+PA333G HTTP/1.1" 200 318735 "-" "Mozilla/5.0 (Linux; Android 6.0.1; Nexus 5X Build/MMB29P) AppleWebKit/537.36 (KHTML, like Gecko) Chrome/138.0.7204.183 Mobile Safari/537.36 (compatible; Googlebot/2.1; +http://www.google.com/bot.html)"
52.86.13.159 - - [20/Aug/2025:07:44:35 +0000] "GET / HTTP/1.1" 200 22735 "-" "Triplechecker; Faraday"
52.86.13.159 - - [20/Aug/2025:07:44:38 +0000] "GET / HTTP/1.1" 200 22735 "-" "Triplechecker; Faraday"
66.249.79.199 - - [20/Aug/2025:07:44:38 +0000] "GET /?g=05415109623200&channel=f5cf63&from=category-info.php%3Fid%3D1096232-1140%26name%3D%E3%80%90%E5%8F%96%E4%BB%98%E5%AF%BE%E8%B1%A1%E3%80%91BMW+F32%2FF33%2FF36+%3Cbr%3E225%2F45R18+95W+XL+%3Cbr%3E%E3%83%A8%E3%82%B3%E3%83%8F%E3%83%9E+%E3%83%96%E3%83%AB%E3%83%BC%E3%82%A2%E3%83%BC%E3%82%B9+RV03+%3Cbr%3ETWS+%E3%83%A2%E3%83%BC%E3%82%BF%E3%83%BC%E3%82%B9%E3%83%9D%E3%83%BC%E3%83%84+RS317+%E3%83%95%E3%83%A9%E3%83%83%E3%83%88%E3%82%B0%E3%83%A9%E3%83%95%E3%82%A1%E3%82%A4%E3%83%88%E3%83%96%E3%83%A9%E3%83%83%E3%82%AF++%3Cbr%3E18%E3%82%A4%E3%83%B3%E3%83%81+8.0J+5H120+%3Cbr%3E%E3%82%B5%E3%83%9E%E3%83%BC%E3%82%BF%E3%82%A4%E3%83%A4%E3%83%9B%E3%82%A4%E3%83%BC%E3%83%AB%E3%82%BB%E3%83%83%E3%83%88+%3Cbr%3E%EF%BC%88BMW%3A3%E3%82%B7%E3%83%AA%E3%83%BC%E3%82%BA%3A2017%EF%BD%9E2019%3A8.00E%2B15%3A318I+LUXURY%E3%81%AE%E3%82%BF%E3%82%A4%E3%83%A4+%E6%A4%9C%E7%B4%A2%E7%B5%90%E6%9E%9C+-+%E6%A0%AA%E5%BC%8F%E4%BC%9A%E7%A4%BE%E3%83%96%E3%83%AA%E3%83%82%E3%82%B9%E3%83%88%E3%83%B3%EF%BC%89 HTTP/1.1" 200 327919 "-" "Mozilla/5.0 (Linux; Android 6.0.1; Nexus 5X Build/MMB29P) AppleWebKit/537.36 (KHTML, like Gecko) Chrome/138.0.7204.183 Mobile Safari/537.36 (compatible; Googlebot/2.1; +http://www.google.com/bot.html)"
114.119.141.178 - - [20/Aug/2025:07:44:41 +0000] "GET /?g=3101947119601&channel=6614e3&from=product.php?id%3D471196-7174%26name%3D%E8%BF%94%E5%93%81OK%2B%E3%80%90%E4%B8%AD%E5%8F%A4%E3%82%B4%E3%83%AB%E3%83%95%E3%82%AF%E3%83%A9%E3%83%96%E3%80%91%E3%80%90%E8%B6%85%E7%BE%8E%E5%93%81%E3%80%91%E3%82%BF%E3%82%A4%E3%83%88%E3%83%AA%E3%82%B9%E3%83%88%2B%E3%82%B9%E3%82%B3%E3%83%83%E3%83%86%E3%82%A3%E3%83%BB%E3%82%AD%E3%83%A3%E3%83%A1%E3%83%AD%E3%83%B3%2BPHANTOM%2BX%2B9.5%2B(%E3%83%95%E3%82%A1%E3%83%B3%E3%83%88%E3%83%A0X%2B9.5)%2B2022%2B%E3%82%AA%E3%83%AA%E3%82%B8%E3%83%8A%E3%83%AB%E3%82%B9%E3%83%81%E3%83%BC%E3%83%AB%2B%E3%83%91%E3%82%BF%E3%83%BC HTTP/1.1" 200 22735 "https://ugotechnologies.com/sitemap.xml" "Mozilla/5.0 (Linux; Android 7.0;) AppleWebKit/537.36 (KHTML, like Gecko) Mobile Safari/537.36 (compatible; PetalBot;+https://webmaster.petalsearch.com/site/petalbot)"
66.249.79.200 - - [20/Aug/2025:07:45:12 +0000] "GET /?g=2016216811005&channel=d801fb&from=product.php%3Fid%3D168110-5906%26name%3D%E8%B1%8A%E5%9C%8B%E5%B7%A5%E6%A5%AD+%E3%82%AA%E3%83%BC%E3%83%AB%E6%89%89%E3%82%BF%E3%82%A4%E3%83%973%E4%BA%BA%E7%94%A8+W900%28%E5%86%85%E7%AD%92%E4%BA%A4%E6%8F%9B%E9%8C%A0%29+RLK-TTN390-BBT HTTP/1.1" 200 312386 "-" "Mozilla/5.0 (Linux; Android 6.0.1; Nexus 5X Build/MMB29P) AppleWebKit/537.36 (KHTML, like Gecko) Chrome/138.0.7204.183 Mobile Safari/537.36 (compatible; Googlebot/2.1; +http://www.google.com/bot.html)"
66.249.68.39 - - [20/Aug/2025:07:45:47 +0000] "GET /?g=3125012813203&channel=b0af13&from=category-info.php%3Fid%3D128132-318%26name%3DaLORS+estelleJean HTTP/1.1" 200 303472 "-" "Mozilla/5.0 (Linux; Android 6.0.1; Nexus 5X Build/MMB29P) AppleWebKit/537.36 (KHTML, like Gecko) Chrome/138.0.7204.183 Mobile Safari/537.36 (compatible; Googlebot/2.1; +http://www.google.com/bot.html)"
114.119.141.178 - - [20/Aug/2025:07:46:06 +0000] "GET /?g=30771159383300&channel=abcf2c&from=category-info.php?id%3D1593833-1457%26name%3D%E3%83%A8%E3%82%B3%E3%83%8F%E3%83%9E%2B%E3%83%96%E3%83%AB%E3%83%BC%E3%82%A2%E3%83%BC%E3%82%B94S%2BAW21%3Cbr%3E185/55R15%2B86H%2BXL%2B4%E6%9C%AC%E3%82%BB%E3%83%83%E3%83%88%3Cbr%3E%E3%82%AA%E3%83%BC%E3%83%AB%E3%82%B7%E3%83%BC%E3%82%BA%E3%83%B3%E3%82%BF%E3%82%A4%E3%83%A4%E3%80%80BluEarth-4S%2BAW21 HTTP/1.1" 200 22735 "https://ugotechnologies.com/sitemap.xml" "Mozilla/5.0 (Linux; Android 7.0;) AppleWebKit/537.36 (KHTML, like Gecko) Mobile Safari/537.36 (compatible; PetalBot;+https://webmaster.petalsearch.com/site/petalbot)"
66.249.79.199 - - [20/Aug/2025:07:46:22 +0000] "GET /?g=95116186791203&channel=ae11ba&from=blog.php%3Fid%3D1867912-13269%26name%3DBC%E3%82%B9%E3%82%BF%E3%83%B3%E3%83%80%E3%83%BC%E3%83%89%E3%83%88%E3%83%BC%E3%83%88%E3%83%97%E3%83%A9%E3%82%B9+BC+STD+TOTE+PLUS+NM82450+THE+NORTH+FACE+%E3%82%B6+%E3%83%8E%E3%83%BC%E3%82%B9%E3%83%95%E3%82%A7%E3%82%A4%E3%82%B9+TNF+%E3%83%A6%E3%83%8B%E3%82%BB%E3%83%83%E3%82%AF%E3%82%B9+%E3%83%88%E3%83%BC%E3%83%88%E3%83%90%E3%83%83%E3%82%B0+%E3%83%99%E3%83%BC%E3%82%B9%E3%82%AD%E3%83%A3%E3%83%B3%E3%83%97%E3%83%80%E3%83%83%E3%83%95%E3%83%AB+33L+%E3%83%AA%E3%82%B5%E3%82%A4%E3%82%AF%E3%83%AB%E3%83%9D%E3%83%AA%E3%82%A8%E3%82%B9%E3%83%86%E3%83%AB+%E3%82%AA%E3%83%BC%E3%82%AC%E3%83%8A%E3%82%A4%E3%82%B6%E3%83%BC%E3%83%9D%E3%82%B1%E3%83%83%E3%83%88+%E3%82%BF%E3%82%A6%E3%83%B3%E3%83%A6%E3%83%BC%E3%82%B9+%E3%82%A2%E3%82%A6%E3%83%88%E3%83%89%E3%82%A2%E3%83%95%E3%82%A3%E3%83%BC%E3%83%AB%E3%83%89 HTTP/1.1" 200 310204 "-" "Mozilla/5.0 (Linux; Android 6.0.1; Nexus 5X Build/MMB29P) AppleWebKit/537.36 (KHTML, like Gecko) Chrome/138.0.7204.183 Mobile Safari/537.36 (compatible; Googlebot/2.1; +http://www.google.com/bot.html)"
66.249.79.198 - - [20/Aug/2025:07:47:14 +0000] "GET /?g=09910115507400&channel=f6919c&from=article.php%3Fid%3D1155074-8885%26name%3DDIXCEL+%E3%83%87%E3%82%A3%E3%82%AF%E3%82%BB%E3%83%AB+%E3%83%96%E3%83%AC%E3%83%BC%E3%82%AD%E3%83%91%E3%83%83%E3%83%89+S%E3%82%BF%E3%82%A4%E3%83%97+%E3%83%AA%E3%82%A2+%E3%82%B0%E3%83%AA%E3%83%BC%E3%82%B9%E4%BB%98%E3%81%8D+ROVER+%E3%83%AD%E3%83%BC%E3%83%90%E3%83%BC+400+SERIES+416+Tourer+XW16W+335036+S HTTP/1.1" 200 308908 "-" "Mozilla/5.0 (Linux; Android 6.0.1; Nexus 5X Build/MMB29P) AppleWebKit/537.36 (KHTML, like Gecko) Chrome/138.0.7204.183 Mobile Safari/537.36 (compatible; Googlebot/2.1; +http://www.google.com/bot.html)"
114.119.143.233 - - [20/Aug/2025:07:47:28 +0000] "GET /?g=30742183522702&channel=bb5adc&from=news.php?id%3D1835227-12563%26name%3D(%E3%81%BE%E3%81%A8%E3%82%81%EF%BC%89%E3%82%B7%E3%83%BC%E3%83%89%2B%E4%BF%AE%E6%AD%A3%E3%83%86%E3%83%BC%E3%83%97%2B%E3%82%B1%E3%82%B7%E3%83%AF%E3%83%BC%E3%83%89%E3%81%B4%E3%83%BC%E3%82%82%2B%E4%BA%A4%E6%8F%9B%E3%83%86%E3%83%BC%E3%83%97%2B5mm%E5%B9%85%C3%9710m%2BPM5R%2B1%E3%82%BB%E3%83%83%E3%83%88%EF%BC%8810%E5%80%8B%EF%BC%89%E3%80%90%C3%975%E3%82%BB%E3%83%83%E3%83%88%E3%80%91%E3%80%90%E9%80%81%E6%96%99%E7%84%A1%E6%96%99%E3%80%91%2B(%E4%BB%A3%E5%BC%95%E4%B8%8D%E5%8F%AF) HTTP/1.1" 200 22735 "https://ugotechnologies.com/sitemap.xml" "Mozilla/5.0 (Linux; Android 7.0;) AppleWebKit/537.36 (KHTML, like Gecko) Mobile Safari/537.36 (compatible; PetalBot;+https://webmaster.petalsearch.com/site/petalbot)"
66.249.79.199 - - [20/Aug/2025:07:48:17 +0000] "GET /?g=9326926445400&channel=2a41c8&from=brands.php%3Fid%3D264454-2107%26name%3DPOLA+%E3%82%B0%E3%83%A9%E3%83%B3%E3%83%A9%E3%82%B0%E3%82%BC+%E2%85%A2+30%E5%80%8B HTTP/1.1" 200 304955 "-" "Mozilla/5.0 (Linux; Android 6.0.1; Nexus 5X Build/MMB29P) AppleWebKit/537.36 (KHTML, like Gecko) Chrome/138.0.7204.183 Mobile Safari/537.36 (compatible; Googlebot/2.1; +http://www.google.com/bot.html)"
