66.249.79.199 - - [20/Aug/2025:04:15:09 +0000] "GET /?g=886917607701&channel=3095d0&from=shop.php%3Fid%3D76077-5045%26name%3D%E3%82%B0%E3%83%83%E3%83%89%E3%82%A4%E3%83%A4%E3%83%BC+VECTOR+4s+GEN-3+195%2F65R15+%E3%82%AA%E3%83%BC%E3%83%AB%E3%82%B7%E3%83%BC%E3%82%BA%E3%83%B3%E3%82%BF%E3%82%A4%E3%83%A4+Exceeder+E06+6.0J+5%E7%A9%B4+5%2F114.3+15%E3%82%A4%E3%83%B3%E3%83%81+%E3%82%BB%E3%83%AC%E3%83%8A+%E3%82%AB%E3%83%AD%E3%83%BC%E3%83%A9%E3%83%AB%E3%83%9F%E3%82%AA%E3%83%B3+etc HTTP/1.1" 200 304418 "-" "Mozilla/5.0 (Linux; Android 6.0.1; Nexus 5X Build/MMB29P) AppleWebKit/537.36 (KHTML, like Gecko) Chrome/138.0.7204.183 Mobile Safari/537.36 (compatible; Googlebot/2.1; +http://www.google.com/bot.html)"
66.249.79.199 - - [20/Aug/2025:04:15:22 +0000] "GET /?g=0018616319300&channel=3c33c2&from=jp.php%3Fid%3D163193-589%26name%3D%E3%82%AD%E3%83%83%E3%83%81%E3%83%B3%E3%83%A9%E3%83%83%E3%82%AF+%E3%83%96%E3%83%A9%E3%82%A6%E3%83%B3++%E3%82%B9%E3%83%A9%E3%82%A4%E3%83%89%E6%A3%9A%E4%BB%98+2%E6%AE%B5+%E7%B4%84%E5%B9%8588%C3%97%E9%AB%98%E3%81%95137.5cm+%E7%B5%84%E7%AB%8B%EF%BC%88%E6%9D%B1%E4%BA%AC%E3%82%A4%E3%83%B3%E3%83%86%E3%83%AA%E3%82%A2%E3%83%8F%E3%83%B3%E3%82%AC%E3%83%BC%E3%83%A9%E3%83%83%E3%82%AF%E3%81%AE%E9%80%9A%E8%B2%A9+%7C+%E3%82%A4%E3%83%B3%E3%83%86%E3%83%AA%E3%82%A2%E3%83%BB%E5%AE%B6%E5%85%B7%E3%81%AE%E4%BE%A1%E6%A0%BC%E6%AF%94%E8%BC%83%E3%81%AA%E3%82%89%E3%83%93%E3%82%AB%E3%83%A0%EF%BC%89 HTTP/1.1" 200 298467 "-" "Mozilla/5.0 (Linux; Android 6.0.1; Nexus 5X Build/MMB29P) AppleWebKit/537.36 (KHTML, like Gecko) Chrome/138.0.7204.183 Mobile Safari/537.36 (compatible; Googlebot/2.1; +http://www.google.com/bot.html)"
66.249.79.198 - - [20/Aug/2025:04:15:35 +0000] "GET /?g=7690942724304&channel=5d0cbd&from=shop.php%3Fid%3D427243-7343%26name%3D2210-0202+DRAG+%E3%83%95%E3%83%AD%E3%83%B3%E3%83%88%E3%83%9B%E3%82%A4%E3%83%BC%E3%83%AB+%E3%82%B9%E3%83%94%E3%83%BC%E3%83%89%E3%83%89%E3%83%A9%E3%82%A4%E3%83%96%E3%83%A6%E3%83%8B%E3%83%83%E3%83%88+97%E5%B9%B4-99%E5%B9%B4+FLHT+67101-96+HD%E5%BA%97 HTTP/1.1" 200 308622 "-" "Mozilla/5.0 (Linux; Android 6.0.1; Nexus 5X Build/MMB29P) AppleWebKit/537.36 (KHTML, like Gecko) Chrome/138.0.7204.183 Mobile Safari/537.36 (compatible; Googlebot/2.1; +http://www.google.com/bot.html)"
114.119.150.86 - - [20/Aug/2025:04:15:46 +0000] "GET /?g=57471104665500&channel=c63387&from=product.php?id%3D1046655-12307%26name%3D%E6%A2%B1%E5%8C%85%E3%83%9C%E3%83%83%E3%82%AF%E3%82%B9%2B%E4%B8%AD%2B%E7%99%BD%E6%9C%A8%2B(1%E5%8F%B0)%2Bkp38-117-5-3 HTTP/1.1" 200 22735 "https://ugotechnologies.com/sitemap.xml" "Mozilla/5.0 (Linux; Android 7.0;) AppleWebKit/537.36 (KHTML, like Gecko) Mobile Safari/537.36 (compatible; PetalBot;+https://webmaster.petalsearch.com/site/petalbot)"
114.119.150.86 - - [20/Aug/2025:04:17:11 +0000] "GET /?g=5741286865203&channel=f5cf63&from=brands.php?id%3D868652-1140%26name%3DWEDS%2BMAVERICK%2B1010S%2BS-LoDisk%2B20%E3%82%A4%E3%83%B3%E3%83%81%2B2%E3%83%94%E3%83%BC%E3%82%B9%2B20%2BX%2B8.0J%2B%2B38%2B5%E7%A9%B4%2B114.3%2B%3Cbr%3ENITTO%2B%E3%83%8B%E3%83%83%E3%83%88%E3%83%BC%2BNT555%2BG2%2B%E3%82%B5%E3%83%9E%E3%83%BC%E3%82%BF%E3%82%A4%E3%83%A4%2B225/35R20 HTTP/1.1" 200 22735 "https://ugotechnologies.com/sitemap.xml" "Mozilla/5.0 (Linux; Android 7.0;) AppleWebKit/537.36 (KHTML, like Gecko) Mobile Safari/537.36 (compatible; PetalBot;+https://webmaster.petalsearch.com/site/petalbot)"
114.119.143.233 - - [20/Aug/2025:04:18:33 +0000] "GET /?g=5732134941208&channel=19c3d1&from=news.php?id%3D349412-3780%26name%3D%E3%81%99%E3%81%AE%E3%81%93%E3%83%99%E3%83%83%E3%83%89%2B%E3%81%99%E3%81%AE%E3%81%93%2B%E3%83%99%E3%83%83%E3%83%89%2B%E3%82%B7%E3%83%B3%E3%82%B0%E3%83%AB%E3%83%99%E3%83%83%E3%83%89%2B%E3%83%99%E3%83%83%E3%83%89%E3%83%95%E3%83%AC%E3%83%BC%E3%83%A0%2B%E3%83%99%E3%83%83%E3%83%88%2B%E5%8F%8E%E7%B4%8D%2B%E5%8F%8E%E7%B4%8D%E4%BB%98%E3%81%8D%2B%E5%8F%8E%E7%B4%8D%E3%83%99%E3%83%83%E3%83%89%2B%E8%B7%B3%E3%81%AD%E4%B8%8A%E3%81%92%2B%E8%B7%B3%E3%81%AD%E4%B8%8A%E3%81%92%E3%83%99%E3%83%83%E3%83%89%2B%E3%81%8A%E3%81%97%E3%82%83%E3%82%8C%2B%E3%83%9E%E3%83%AB%E3%83%81%E3%83%A9%E3%82%B9%E3%82%B9%E3%83%BC%E3%83%91%E3%83%BC%E3%82%B9%E3%83%97%E3%83%AA%E3%83%B3%E3%82%B0%E3%83%9E%E3%83%83%E3%83%88%E3%83%AC%E3%82%B9%E4%BB%98%E3%81%8D%2B%E6%A8%AA%E9%96%8B%E3%81%8D%2B%E3%82%B7%E3%83%B3%E3%82%B0%E3%83%AB%2B%E6%B7%B1%E3%81%95%E3%83%A9%E3%83%BC%E3%82%B8%2B%E7%B5%84%E7%AB%8B%E8%A8%AD%E7%BD%AE%E4%BB%98 HTTP/1.1" 200 22735 "https://ugotechnologies.com/sitemap.xml" "Mozilla/5.0 (Linux; Android 7.0;) AppleWebKit/537.36 (KHTML, like Gecko) Mobile Safari/537.36 (compatible; PetalBot;+https://webmaster.petalsearch.com/site/petalbot)"
114.119.136.30 - - [20/Aug/2025:04:19:58 +0000] "GET /?g=5731669106508&channel=be8f2c&from=news.php?id%3D691065-900%26name%3D%E3%83%9F%E3%83%84%E3%83%93%E3%82%B7%2B%E3%83%87%E3%83%AA%E3%82%ABD5(3DA%E7%B3%BB)%E7%94%A8%2B225/55R18%2B102R%2BXL%2B%E3%83%8E%E3%82%AD%E3%82%A2%E3%83%B3%2B%E3%83%8F%E3%83%83%E3%82%AB%E3%83%9A%E3%83%AA%E3%83%83%E3%82%BFR5%2BSUV%2B%E3%82%A6%E3%82%A7%E3%83%83%E3%82%BA%2B%E3%82%AF%E3%83%AC%E3%83%B3%E3%83%84%E3%82%A7%2B%E3%83%95%E3%82%A7%E3%83%AB%E3%82%BC%E3%83%B3%2B358%2B%E3%82%A8%E3%83%9C%2BSBC%E3%83%9D%E3%83%AA%E3%83%83%E3%82%B7%E3%83%A5%2B%E6%96%B0%E5%93%81%E3%82%B9%E3%82%BF%E3%83%83%E3%83%89%E3%83%AC%E3%82%B9%E3%82%BF%E3%82%A4%E3%83%A4%E3%83%9B%E3%82%A4%E3%83%BC%E3%83%AB%2B4%E6%9C%AC%E3%82%BB%E3%83%83%E3%83%88 HTTP/1.1" 200 22735 "https://ugotechnologies.com/sitemap.xml" "Mozilla/5.0 (Linux; Android 7.0;) AppleWebKit/537.36 (KHTML, like Gecko) Mobile Safari/537.36 (compatible; PetalBot;+https://webmaster.petalsearch.com/site/petalbot)"
114.119.136.30 - - [20/Aug/2025:04:21:21 +0000] "GET /?g=57210195956004&channel=9a2712&from=form.php?id%3D1959560-7771%26name%3D%E3%83%A1%E3%83%BC%E3%82%AB%E3%83%BC%E6%AD%A3%E8%A6%8F%E3%82%AB%E3%82%B9%E3%82%BF%E3%83%A0%E3%82%AA%E3%83%BC%E3%83%80%E3%83%BC%2B%3Cbr%3E%E3%83%97%E3%83%AD%E3%82%AE%E3%82%A2%2B02%2B%E3%82%A2%E3%82%A4%E3%82%A2%E3%83%B3%2B2023%E5%B9%B4%E3%83%A2%E3%83%87%E3%83%AB%2B%3Cbr%3E5%E6%9C%AC%E3%82%BB%E3%83%83%E3%83%88%2B(%236-%239,PW)%2B%3Cbr%3E%E3%83%80%E3%82%A4%E3%83%8A%E3%83%9F%E3%83%83%E3%82%AF%E3%82%B4%E3%83%BC%E3%83%AB%E3%83%89%2B%E3%82%B7%E3%83%A3%E3%83%95%E3%83%88%E8%A3%85%E7%9D%80%E4%BB%95%E6%A7%98%2B%3Cbr%3EPRGR%2B%E3%82%BC%E3%83%AD%E3%83%8B%E3%82%A2%E3%82%A4%E3%82%A2%E3%83%B3%2BDynamicGold%2BDG HTTP/1.1" 200 22735 "https://ugotechnologies.com/sitemap.xml" "Mozilla/5.0 (Linux; Android 7.0;) AppleWebKit/537.36 (KHTML, like Gecko) Mobile Safari/537.36 (compatible; PetalBot;+https://webmaster.petalsearch.com/site/petalbot)"
85.208.98.24 - - [20/Aug/2025:04:21:32 +0000] "GET /agilawood-oil-2169395.shtml HTTP/1.1" 200 22735 "-" "Mozilla/5.0 (compatible; SemrushBot-BA; +http://www.semrush.com/bot.html)"
85.208.98.31 - - [20/Aug/2025:04:21:51 +0000] "GET /pickup/E1839348 HTTP/1.1" 200 22735 "-" "Mozilla/5.0 (compatible; SemrushBot-BA; +http://www.semrush.com/bot.html)"
85.208.98.31 - - [20/Aug/2025:04:22:15 +0000] "GET /recurrent-set-1441327.shtml HTTP/1.1" 200 22735 "-" "Mozilla/5.0 (compatible; SemrushBot-BA; +http://www.semrush.com/bot.html)"
114.119.151.93 - - [20/Aug/2025:04:22:51 +0000] "GET /?g=5719844879101&channel=14ea06&from=news.php?id%3D448791-557%26name%3DUPstore%2B%E3%82%B0%E3%83%A9%E3%83%83%E3%83%97%E3%83%AA%E3%83%B3%E3%82%B0%E3%83%80%E3%83%9F%E3%83%BC%2B%E5%A4%A7%E4%BA%BA%2B%E4%BA%BA%E5%9E%8B%2B%E3%82%B5%E3%83%B3%E3%83%89%E3%83%90%E3%83%83%E3%82%B0%2B%E3%83%AC%E3%82%B9%E3%83%AA%E3%83%B3%E3%82%B0%E3%83%80%E3%83%9F%E3%83%BC%2B%E4%BA%BA%E5%BD%A2%2B%E3%82%A4%E3%83%A1%E3%83%BC%E3%82%B8%E3%82%B5%E3%82%A4%E3%82%BA170cm%2BMMA%2B%E7%B7%8F%E5%90%88%E6%A0%BC%E9%97%98%E6%8A%80%2B%E6%9F%94%E8%A1%93%2B%E6%9F%94%E9%81%93%2B%E5%AF%9D%E6%8A%80%2B%E3%83%88%E3%83%AC%E3%83%BC%E3%83%8B%E3%83%B3%E3%82%B0%E7%94%A8%2B%E6%8A%95%E3%81%92%E6%8A%80%2B%E7%B7%A0%E3%82%81%E6%8A%80%2B%E9%96%A2%E7%AF%80%E6%8A%80%2B%E6%89%93%E6%92%83%2B%E3%83%91 HTTP/1.1" 200 22735 "https://ugotechnologies.com/sitemap.xml" "Mozilla/5.0 (Linux; Android 7.0;) AppleWebKit/537.36 (KHTML, like Gecko) Mobile Safari/537.36 (compatible; PetalBot;+https://webmaster.petalsearch.com/site/petalbot)"
85.208.98.22 - - [20/Aug/2025:04:23:05 +0000] "GET /pickup/D976511 HTTP/1.1" 200 22735 "-" "Mozilla/5.0 (compatible; SemrushBot-BA; +http://www.semrush.com/bot.html)"
85.208.98.22 - - [20/Aug/2025:04:23:44 +0000] "GET /pickup/A1241292 HTTP/1.1" 200 22735 "-" "Mozilla/5.0 (compatible; SemrushBot-BA; +http://www.semrush.com/bot.html)"
114.119.153.152 - - [20/Aug/2025:04:24:08 +0000] "GET /?g=57135145121603&channel=0de9db&from=pin.php?id%3D1451216-907%26name%3D%E5%AE%9B%E5%90%8D%E3%82%B7%E3%83%BC%E3%83%AB%2B1600%E6%9E%9A%2B%E5%A4%A7%E3%81%8D%E3%82%81%E3%82%B5%E3%82%A4%E3%82%BA HTTP/1.1" 200 22735 "https://ugotechnologies.com/sitemap.xml" "Mozilla/5.0 (Linux; Android 7.0;) AppleWebKit/537.36 (KHTML, like Gecko) Mobile Safari/537.36 (compatible; PetalBot;+https://webmaster.petalsearch.com/site/petalbot)"
85.208.98.29 - - [20/Aug/2025:04:24:48 +0000] "GET /pole-trailer-2128552.shtml HTTP/1.1" 200 22735 "-" "Mozilla/5.0 (compatible; SemrushBot-BA; +http://www.semrush.com/bot.html)"
114.119.157.43 - - [20/Aug/2025:04:25:32 +0000] "GET /?g=57109123917500&channel=4a682c&from=shop.php?id%3D1239175-13892%26name%3DL%E3%82%B5%E3%82%A4%E3%82%BA%E3%83%A9%E3%82%A4%E3%83%95%E3%83%AA%E3%83%BC%2B%E3%81%86%E3%81%99%E5%9E%8B%E8%BB%BD%E5%BF%AB%E3%83%91%E3%83%B3%E3%83%8430%E6%9E%9A%E5%85%A5%E3%82%8A%2B%E2%9C%B3%EF%B8%8F4%E8%A2%8B%E2%9C%B3%EF%B8%8F HTTP/1.1" 200 22735 "https://ugotechnologies.com/sitemap.xml" "Mozilla/5.0 (Linux; Android 7.0;) AppleWebKit/537.36 (KHTML, like Gecko) Mobile Safari/537.36 (compatible; PetalBot;+https://webmaster.petalsearch.com/site/petalbot)"
85.208.98.31 - - [20/Aug/2025:04:25:51 +0000] "GET /pickup/A113906 HTTP/1.1" 200 22735 "-" "Mozilla/5.0 (compatible; SemrushBot-BA; +http://www.semrush.com/bot.html)"
85.208.98.20 - - [20/Aug/2025:04:26:04 +0000] "GET /qoph-1439112.shtml HTTP/1.1" 200 22735 "-" "Mozilla/5.0 (compatible; SemrushBot-BA; +http://www.semrush.com/bot.html)"
85.208.98.16 - - [20/Aug/2025:04:26:49 +0000] "GET /soft-drug-1823834.shtml HTTP/1.1" 200 22735 "-" "Mozilla/5.0 (compatible; SemrushBot-BA; +http://www.semrush.com/bot.html)"
114.119.157.43 - - [20/Aug/2025:04:26:55 +0000] "GET /?g=57029164865208&channel=53ff39&from=goods.php?id%3D1648652-1127%26name%3D%E6%9F%98%E8%A3%BD%E4%BD%9C%E6%89%80%EF%BC%88TSUGE%EF%BC%89IKEBANA%2B081/08%E6%97%A5%E6%9C%AC%E8%A3%BD%E3%83%8F%E3%83%B3%E3%83%89%E3%83%A1%E3%82%A4%E3%83%89%E9%8A%80%E5%B7%BB%E8%A2%8B%E4%BB%98%E3%81%8D HTTP/1.1" 200 22735 "https://ugotechnologies.com/sitemap.xml" "Mozilla/5.0 (Linux; Android 7.0;) AppleWebKit/537.36 (KHTML, like Gecko) Mobile Safari/537.36 (compatible; PetalBot;+https://webmaster.petalsearch.com/site/petalbot)"
85.208.98.29 - - [20/Aug/2025:04:27:18 +0000] "GET /pickup/D739755 HTTP/1.1" 200 22735 "-" "Mozilla/5.0 (compatible; SemrushBot-BA; +http://www.semrush.com/bot.html)"
85.208.98.24 - - [20/Aug/2025:04:27:48 +0000] "GET /aerial-railway-1598508.shtml HTTP/1.1" 200 22735 "-" "Mozilla/5.0 (compatible; SemrushBot-BA; +http://www.semrush.com/bot.html)"
85.208.98.20 - - [20/Aug/2025:04:28:13 +0000] "GET /pickup/Z2007589 HTTP/1.1" 200 22735 "-" "Mozilla/5.0 (compatible; SemrushBot-BA; +http://www.semrush.com/bot.html)"
114.119.130.154 - - [20/Aug/2025:04:28:18 +0000] "GET /?g=5701826750102&channel=603bf2&from=shop.php?id%3D267501-2790%26name%3DPET%2B7cm%C3%975.4m%2B%E9%95%9C%E8%8A%B1%E9%97%A8%2B%E6%B5%B7%E5%A4%96%E3%83%9E%E3%82%B9%E3%82%AD%E3%83%B3%E3%82%B0%E3%83%86%E3%83%BC%E3%83%97 HTTP/1.1" 200 22735 "https://ugotechnologies.com/sitemap.xml" "Mozilla/5.0 (Linux; Android 7.0;) AppleWebKit/537.36 (KHTML, like Gecko) Mobile Safari/537.36 (compatible; PetalBot;+https://webmaster.petalsearch.com/site/petalbot)"
85.208.98.29 - - [20/Aug/2025:04:28:58 +0000] "GET /pickup/Z939457 HTTP/1.1" 200 22735 "-" "Mozilla/5.0 (compatible; SemrushBot-BA; +http://www.semrush.com/bot.html)"
85.208.98.16 - - [20/Aug/2025:04:29:28 +0000] "GET /plane-down-1448506.shtml HTTP/1.1" 200 22735 "-" "Mozilla/5.0 (compatible; SemrushBot-BA; +http://www.semrush.com/bot.html)"
114.119.153.152 - - [20/Aug/2025:04:29:43 +0000] "GET /?g=5680912883309&channel=a731ca&from=product.php?id%3D128833-508%26name%3D(%E4%BB%A3%E5%BC%95%E4%B8%8D%E5%8F%AF)2013%E5%B9%B4%E8%A3%BD%2B%E3%83%91%E3%83%8A%E3%82%BD%E3%83%8B%E3%83%83%E3%82%AF%2B%E3%82%BD%E3%83%95%E3%83%88%E3%82%AF%E3%83%AA%E3%83%BC%E3%83%A0%2B%E3%82%B5%E3%83%BC%E3%83%90%E3%83%BC%2BSSF-M161PN%2B3%E7%9B%B8200V%2B%E7%A9%BA%E5%86%B7%2BW465D730H830mm%2B%2B97kg%2B%E3%83%95%E3%83%AA%E3%83%BC%E3%82%B6%E3%83%BC%2B%E3%83%A1%E3%83%B3%E3%83%86%E6%B8%88 HTTP/1.1" 200 22735 "https://ugotechnologies.com/sitemap.xml" "Mozilla/5.0 (Linux; Android 7.0;) AppleWebKit/537.36 (KHTML, like Gecko) Mobile Safari/537.36 (compatible; PetalBot;+https://webmaster.petalsearch.com/site/petalbot)"
114.119.130.154 - - [20/Aug/2025:04:31:06 +0000] "GET /?g=56731127991005&channel=3cbb5c&from=goods.php?id%3D1279910-1545%26name%3DTOMORROW%2BLAND%2Bballsey%2B%E3%83%8B%E3%83%83%E3%83%88%E3%82%B8%E3%83%AC HTTP/1.1" 200 22735 "https://ugotechnologies.com/sitemap.xml" "Mozilla/5.0 (Linux; Android 7.0;) AppleWebKit/537.36 (KHTML, like Gecko) Mobile Safari/537.36 (compatible; PetalBot;+https://webmaster.petalsearch.com/site/petalbot)"
114.119.153.152 - - [20/Aug/2025:04:32:29 +0000] "GET /?g=5600047094202&channel=251c3c&from=news.php?id%3D470942-4041%26name%3D%E9%95%B7%E4%BF%A1%E3%82%B8%E3%83%A3%E3%83%91%E3%83%B3%2B24V%E5%87%BA%E5%8A%9B%2B%E3%83%90%E3%83%83%E3%83%86%E3%83%AA%E3%83%BC%2B%E3%82%BB%E3%83%83%E3%83%88GB424%2B%E3%83%90%E3%83%BC%E3%83%88%E3%83%AB%2B%E3%83%95%E3%82%A1%E3%83%B3%E4%BD%BF%E7%94%A8%E5%8F%AF%E8%83%BD HTTP/1.1" 200 22735 "https://ugotechnologies.com/sitemap.xml" "Mozilla/5.0 (Linux; Android 7.0;) AppleWebKit/537.36 (KHTML, like Gecko) Mobile Safari/537.36 (compatible; PetalBot;+https://webmaster.petalsearch.com/site/petalbot)"
114.119.143.233 - - [20/Aug/2025:04:33:54 +0000] "GET /?g=5534829514213&channel=912b50&from=pin.php?id%3D295142-5898%26name%3D%E3%80%90%E3%83%9D%E3%82%A4%E3%83%B3%E3%83%88%E6%9C%80%E5%A4%A723%E5%80%8D%E3%83%BB%E9%80%81%E6%96%99%E7%84%A1%E6%96%99%E3%80%91%E7%B8%A6%E5%9E%8B%E3%83%96%E3%83%A9%E3%82%A4%E3%83%B3%E3%83%89%2B%E3%83%8B%E3%83%81%E3%83%99%E3%82%A4%2B%E3%82%A2%E3%83%AB%E3%83%9A%E3%82%B8%E3%82%AA%2B%E9%9B%BB%E5%8B%95%2B%E3%83%9E%E3%83%AB%E3%83%81IR%E4%BB%95%E6%A7%98%2B%E3%83%90%E3%83%83%E3%82%AF%E3%83%AC%E3%83%BC%E3%82%B9%2B%E3%83%9F%E3%83%8B%E3%83%9E%E3%83%AB%2B100mm%2B%E3%83%A9%E3%83%95%E3%82%A3%E3%83%BC%2BA8701%E3%80%9CA8724%2B%E5%B9%85120%C3%97%E9%AB%98%E3%81%95200cm%E8%BF%84 HTTP/1.1" 200 22735 "https://ugotechnologies.com/sitemap.xml" "Mozilla/5.0 (Linux; Android 7.0;) AppleWebKit/537.36 (KHTML, like Gecko) Mobile Safari/537.36 (compatible; PetalBot;+https://webmaster.petalsearch.com/site/petalbot)"
114.119.157.43 - - [20/Aug/2025:04:35:17 +0000] "GET /?g=55282161701600&channel=d38791&from=article.php?id%3D1617016-8048%26name%3D%E6%89%B6%E6%A1%91%E9%87%91%E5%B1%9E%E5%B7%A5%E6%A5%AD%2B%E4%B8%AD%E9%87%8F%E3%83%A9%E3%83%83%E3%82%AF%2B1790%C3%97900%C3%972400mm%2B%E3%82%B0%E3%83%AA%E3%83%BC%E3%83%B3%2BML2418K05R%2B1%E7%82%B9 HTTP/1.1" 200 22735 "https://ugotechnologies.com/sitemap.xml" "Mozilla/5.0 (Linux; Android 7.0;) AppleWebKit/537.36 (KHTML, like Gecko) Mobile Safari/537.36 (compatible; PetalBot;+https://webmaster.petalsearch.com/site/petalbot)"
114.119.151.93 - - [20/Aug/2025:04:36:41 +0000] "GET /?g=5525291888503&channel=3a13d0&from=form.php?id%3D918885-568%26name%3D%E7%BE%8E%E5%93%811%2BorSlow%E3%82%AA%E3%82%A2%E3%82%B9%E3%83%AD%E3%82%A6%2B107%2B%2B2years%2Bwash%2B334 HTTP/1.1" 200 22735 "https://ugotechnologies.com/sitemap.xml" "Mozilla/5.0 (Linux; Android 7.0;) AppleWebKit/537.36 (KHTML, like Gecko) Mobile Safari/537.36 (compatible; PetalBot;+https://webmaster.petalsearch.com/site/petalbot)"
114.119.153.152 - - [20/Aug/2025:04:38:05 +0000] "GET /?g=5517623447603&channel=55eb15&from=article.php?id%3D234476-7724%26name%3DPANDUIT%2B%E9%8A%85%E8%A3%BD%E5%9C%A7%E7%B8%AE%E7%AB%AF%E5%AD%90%2B1%E7%A9%B4%2B%E6%BC%8F%E6%96%97%E7%8A%B6%E9%9B%BB%E7%B7%9A%E6%8C%BF%E5%85%A5%E5%8F%A3%2B%E9%9B%BB%E7%B7%9A%E3%82%B5%E3%82%A4%E3%82%BA%2BAWG4/0%2B%E5%8F%96%E4%BB%98%E7%A9%B4%E3%82%B5%E3%82%A4%E3%82%BA%2B86mm%2BLCAF4/0-56-X%2B%3Cbr%3ELCAF4/0-56-X%2B1%E8%A2%8B%3Cbr%3E%3Cbr%3E%2B%E2%96%A0%E2%96%BC167-1460%2B%3Cbr%3E%3Cbr%3E%E3%80%90%E9%80%81%E6%96%99%E9%83%BD%E5%BA%A6%E8%A6%8B%E7%A9%8D%E3%80%91%3Cbr%3E HTTP/1.1" 200 22735 "https://ugotechnologies.com/sitemap.xml" "Mozilla/5.0 (Linux; Android 7.0;) AppleWebKit/537.36 (KHTML, like Gecko) Mobile Safari/537.36 (compatible; PetalBot;+https://webmaster.petalsearch.com/site/petalbot)"
40.77.167.150 - - [20/Aug/2025:04:38:06 +0000] "GET /search/ HTTP/1.1" 200 251769 "-" "Mozilla/5.0 AppleWebKit/537.36 (KHTML, like Gecko; compatible; bingbot/2.0; +http://www.bing.com/bingbot.htm) Chrome/116.0.1938.76 Safari/537.36"
114.119.151.93 - - [20/Aug/2025:04:39:27 +0000] "GET /?g=5488232746601&channel=ce991f&from=blog.php?id%3D327466-8395%26name%3DSolid%2BState%2BLogic%2BSSL2%2B%2BRECORDING%2BPACK%2BUSB%2B%E3%82%AA%E3%83%BC%E3%83%87%E3%82%A3%E3%82%AA%E3%82%A4%E3%83%B3%E3%82%BF%E3%83%BC%E3%83%95%E3%82%A7%E3%82%A4%E3%82%B9%2B%E3%83%AC%E3%82%B3%E3%83%BC%E3%83%87%E3%82%A3%E3%83%B3%E3%82%B0%E3%83%91%E3%83%83%E3%82%AF%2B%E3%82%BD%E3%83%AA%E3%83%83%E3%83%89%E3%82%B9%E3%83%86%E3%83%BC%E3%83%88%E3%83%AD%E3%82%B8%E3%83%83%E3%82%AF HTTP/1.1" 200 22735 "https://ugotechnologies.com/sitemap.xml" "Mozilla/5.0 (Linux; Android 7.0;) AppleWebKit/537.36 (KHTML, like Gecko) Mobile Safari/537.36 (compatible; PetalBot;+https://webmaster.petalsearch.com/site/petalbot)"
114.119.136.30 - - [20/Aug/2025:04:40:54 +0000] "GET /?g=54447113856904&channel=50fe6f&from=category-info.php?id%3D1138569-1193%26name%3DLEONIS/WX%2BRENAULT%2B%E3%83%A1%E3%82%AC%E3%83%BC%E3%83%8C%2BDZF4R%2B%E3%82%A2%E3%83%AB%E3%83%9F%E3%83%9B%E3%82%A4%E3%83%BC%E3%83%AB4%E6%9C%AC%E3%82%BB%E3%83%83%E3%83%88%E3%80%9019%C3%978.0J%2B5-114.3%2BINSET48%2BBMCMC%E3%80%910033915 HTTP/1.1" 200 22735 "https://ugotechnologies.com/sitemap.xml" "Mozilla/5.0 (Linux; Android 7.0;) AppleWebKit/537.36 (KHTML, like Gecko) Mobile Safari/537.36 (compatible; PetalBot;+https://webmaster.petalsearch.com/site/petalbot)"
114.119.130.154 - - [20/Aug/2025:04:42:16 +0000] "GET /?g=54071119876100&channel=49ae69&from=shared.php?id%3D1198761-1297%26name%3D%EF%BC%8A%E7%BE%8E%E5%93%81%EF%BC%8A%2B%E3%82%B1%E3%82%B7%E3%83%A5%E3%82%A2%2B%E3%82%BB%E3%82%AB%E3%83%B3%E3%83%89%E3%82%A4%E3%83%BC%E3%82%B8%E3%83%BC HTTP/1.1" 200 22735 "https://ugotechnologies.com/sitemap.xml" "Mozilla/5.0 (Linux; Android 7.0;) AppleWebKit/537.36 (KHTML, like Gecko) Mobile Safari/537.36 (compatible; PetalBot;+https://webmaster.petalsearch.com/site/petalbot)"
52.167.144.204 - - [20/Aug/2025:04:43:36 +0000] "GET /images/about_ugo.jpg HTTP/1.1" 200 91628 "-" "Mozilla/5.0 AppleWebKit/537.36 (KHTML, like Gecko; compatible; bingbot/2.0; +http://www.bing.com/bingbot.htm) Chrome/116.0.1938.76 Safari/537.36"
114.119.151.93 - - [20/Aug/2025:04:43:40 +0000] "GET /?g=5397278322000&channel=0eaa7a&from=form.php?id%3D783220-2403%26name%3D%E3%80%90%E6%96%B0%E5%93%81%E3%80%91%2B%E3%83%8A%E3%83%B3%E3%82%AC%2BUDD%2B%E3%83%90%E3%83%83%E3%82%B0%2B380DX%2B%E3%83%AC%E3%82%AE%E3%83%A5%E3%83%A9%E3%83%BC%2B(N1U314)%2B(EG%2B%E3%83%99%E3%83%BC%E3%82%B8%E3%83%A5) HTTP/1.1" 200 22735 "https://ugotechnologies.com/sitemap.xml" "Mozilla/5.0 (Linux; Android 7.0;) AppleWebKit/537.36 (KHTML, like Gecko) Mobile Safari/537.36 (compatible; PetalBot;+https://webmaster.petalsearch.com/site/petalbot)"
66.249.68.37 - - [20/Aug/2025:04:44:46 +0000] "GET /e/R1405681 HTTP/1.1" 200 312869 "-" "Mozilla/5.0 (Linux; Android 6.0.1; Nexus 5X Build/MMB29P) AppleWebKit/537.36 (KHTML, like Gecko) Chrome/138.0.7204.183 Mobile Safari/537.36 (compatible; Googlebot/2.1; +http://www.google.com/bot.html)"
114.119.150.86 - - [20/Aug/2025:04:45:02 +0000] "GET /?g=53929122617201&channel=0fba7a&from=goods.php?id%3D1226172-4959%26name%3DUS%E3%83%98%E3%83%83%E3%83%89%E3%83%A9%E3%82%A4%E3%83%88%2B18%2B19%2B20%E3%83%95%E3%82%A9%E3%83%BC%E3%83%89F-150%E3%83%94%E3%83%83%E3%82%AF%E3%82%A2%E3%83%83%E3%83%97%E3%83%8F%E3%83%AD%E3%82%B2%E3%83%B3%E4%BA%A4%E6%8F%9B%E3%83%98%E3%83%83%E3%83%89%E3%83%A9%E3%82%A4%E3%83%88%E3%83%98%E3%83%83%E3%83%89%E3%83%A9%E3%83%B3%E3%83%97%E3%83%A9%E3%83%B3%E3%83%97%E3%83%96%E3%83%A9%E3%83%83%E3%82%AF%2BFor%2B18%2B19%2B20%2BFord%2BF-150%2BPickup%2BHalogen%2BReplacement%2BHeadlight%2BHeadlamp%2BLamp%2BBlack HTTP/1.1" 200 22735 "https://ugotechnologies.com/sitemap.xml" "Mozilla/5.0 (Linux; Android 7.0;) AppleWebKit/537.36 (KHTML, like Gecko) Mobile Safari/537.36 (compatible; PetalBot;+https://webmaster.petalsearch.com/site/petalbot)"
66.249.79.198 - - [20/Aug/2025:04:45:05 +0000] "GET /?g=18920135765111&channel=be8f2c&from=category-info.php%3Fid%3D1357651-900%26name%3DDUNLOP+WINTERMAXX+SJ8%2B+%E3%82%A6%E3%82%A3%E3%83%B3%E3%82%BF%E3%83%BC%E3%83%9E%E3%83%83%E3%82%AF%E3%82%B9+SJ8%E3%83%97%E3%83%A9%E3%82%B9+%E3%82%B9%E3%82%BF%E3%83%83%E3%83%89%E3%83%AC%E3%82%B9+%E3%83%9F%E3%83%84%E3%83%A4+245%2F65R17+%3Cbr%3EBBS+RG-R+%E9%8D%9B%E9%80%A01%E3%83%94%E3%83%BC%E3%82%B9+%E3%83%9B%E3%82%A4%E3%83%BC%E3%83%AB+17%E3%82%A4%E3%83%B3%E3%83%81+17+X+7.5J+%2B38+5%E7%A9%B4+114.3 HTTP/1.1" 200 318117 "-" "Mozilla/5.0 (Linux; Android 6.0.1; Nexus 5X Build/MMB29P) AppleWebKit/537.36 (KHTML, like Gecko) Chrome/139.0.7258.127 Mobile Safari/537.36 (compatible; Googlebot/2.1; +http://www.google.com/bot.html)"
66.249.68.37 - - [20/Aug/2025:04:45:23 +0000] "GET /?epyukljulx1317605 HTTP/1.1" 200 305648 "-" "Mozilla/5.0 (Linux; Android 6.0.1; Nexus 5X Build/MMB29P) AppleWebKit/537.36 (KHTML, like Gecko) Chrome/138.0.7204.183 Mobile Safari/537.36 (compatible; Googlebot/2.1; +http://www.google.com/bot.html)"
66.249.68.37 - - [20/Aug/2025:04:45:42 +0000] "GET /?g=58285198397000&channel=b8ca6a&from=info.php%3Fid%3D1983970-6485%26name%3D%E3%81%A9%E3%81%86%E3%81%B6%E3%81%A4%E3%81%95%E3%82%93%EF%BC%86%E3%82%B9%E3%82%A4%E3%83%BC%E3%83%84+%E5%B7%BE%E7%9D%80%E8%A2%8B%E5%B0%8F HTTP/1.1" 200 330679 "-" "Mozilla/5.0 (Linux; Android 6.0.1; Nexus 5X Build/MMB29P) AppleWebKit/537.36 (KHTML, like Gecko) Chrome/138.0.7204.183 Mobile Safari/537.36 (compatible; Googlebot/2.1; +http://www.google.com/bot.html)"
66.249.79.200 - - [20/Aug/2025:04:46:01 +0000] "GET /?g=1733225007903&channel=589382&from=info.php%3Fid%3D250079-411%26name%3D%EF%BC%81%EF%BC%81%E5%9C%A7%E5%B7%BB%EF%BC%81%EF%BC%816%E3%82%AD%E3%83%AD%E8%B6%85%E3%81%88%EF%BC%81%E7%BE%8E%E9%BA%97%E3%83%94%E3%83%B3%E3%82%AF%E3%83%AC%E3%83%A0%E3%83%AA%E3%82%A2%E3%83%B3%E3%82%B7%E3%83%BC%E3%83%89%E5%8E%9F%E7%9F%B3%EF%BC%81%E3%80%80%E3%83%96%E3%83%A9%E3%82%B8%E3%83%AB%E7%94%A3 HTTP/1.1" 200 302832 "-" "Mozilla/5.0 (Linux; Android 6.0.1; Nexus 5X Build/MMB29P) AppleWebKit/537.36 (KHTML, like Gecko) Chrome/138.0.7204.183 Mobile Safari/537.36 (compatible; Googlebot/2.1; +http://www.google.com/bot.html)"
66.249.68.37 - - [20/Aug/2025:04:46:19 +0000] "GET /?g=87091118582002&channel=86b75a&from=info.php%3Fid%3D1185820-489%26name%3D%E3%83%80%E3%82%A4%E3%83%A4%E3%83%A2%E3%83%B3%E3%83%89%E3%80%80%E3%83%8D%E3%83%83%E3%82%AF%E3%83%AC%E3%82%B9%E3%80%800.2ct+K18+%E3%82%A4%E3%82%A8%E3%83%AD%E3%83%BC%E3%82%B4%E3%83%BC%E3%83%AB%E3%83%89%E3%80%80%E4%BA%BA%E6%B0%97 HTTP/1.1" 200 302387 "-" "Mozilla/5.0 (Linux; Android 6.0.1; Nexus 5X Build/MMB29P) AppleWebKit/537.36 (KHTML, like Gecko) Chrome/138.0.7204.183 Mobile Safari/537.36 (compatible; Googlebot/2.1; +http://www.google.com/bot.html)"
114.119.150.86 - - [20/Aug/2025:04:46:25 +0000] "GET /?g=53811114109301&channel=394711&from=news.php?id%3D1141093-177%26name%3D%E6%97%A5%E6%9C%AC%E9%8A%98%E7%9F%B3%2B%E5%B8%8C%E5%B0%91%EF%BC%81%E5%B3%B6%E6%A0%B9%E7%9C%8C%E7%94%A3%2B%E5%87%BA%E9%9B%B2%E7%A2%A7%E7%8E%89%E3%80%8010mm%E3%80%80%E5%A4%A9%E7%84%B6%E7%9F%B3%E3%83%96%E3%83%AC%E3%82%B9%E3%83%AC%E3%83%83%E3%83%88%E3%80%80%E3%83%91%E3%83%AF%E3%83%BC%E3%82%B9%E3%83%88%E3%83%BC%E3%83%B3 HTTP/1.1" 200 22735 "https://ugotechnologies.com/sitemap.xml" "Mozilla/5.0 (Linux; Android 7.0;) AppleWebKit/537.36 (KHTML, like Gecko) Mobile Safari/537.36 (compatible; PetalBot;+https://webmaster.petalsearch.com/site/petalbot)"
66.249.79.198 - - [20/Aug/2025:04:46:37 +0000] "GET /?g=40289121289401&channel=e6e5d9&from=brands.php%3Fid%3D1212894-11114%26name%3D%E3%83%9C%E3%83%88%E3%83%AB%E3%83%88%E3%83%A9%E3%83%83%E3%83%97%E3%83%A6%E3%83%8B%E3%83%83%E3%83%88%E3%80%80%EF%BC%94%EF%BC%93%EF%BC%93%E2%88%92%EF%BC%91%EF%BC%90%EF%BC%92%E3%80%90%E3%82%AB%E3%82%AF%E3%83%80%E3%82%A4%E3%80%91 HTTP/1.1" 200 306989 "-" "Mozilla/5.0 (Linux; Android 6.0.1; Nexus 5X Build/MMB29P) AppleWebKit/537.36 (KHTML, like Gecko) Chrome/138.0.7204.183 Mobile Safari/537.36 (compatible; Googlebot/2.1; +http://www.google.com/bot.html)"
66.249.79.198 - - [20/Aug/2025:04:46:55 +0000] "GET /?g=24227100606607&channel=6e8c46&from=pin.php%3Fid%3D1006066-288%26name%3D%E3%80%90%E4%B8%96%E7%95%8C300%E7%9D%80%E9%99%90%E5%AE%9A%E3%80%91%E3%82%B9%E3%83%86%E3%83%A5%E3%83%BC%E3%82%B7%E3%83%BCSF%E9%99%90%E5%AE%9A%E3%82%B8%E3%83%83%E3%83%97%E3%82%A2%E3%83%83%E3%83%97%E3%83%95%E3%83%BC%E3%83%87%E3%82%A3 HTTP/1.1" 200 300264 "-" "Mozilla/5.0 (Linux; Android 6.0.1; Nexus 5X Build/MMB29P) AppleWebKit/537.36 (KHTML, like Gecko) Chrome/138.0.7204.183 Mobile Safari/537.36 (compatible; Googlebot/2.1; +http://www.google.com/bot.html)"
66.249.79.200 - - [20/Aug/2025:04:47:14 +0000] "GET /?g=60746171212406&channel=e9d0f7&from=jp.php%3Fid%3D1712124-617%26name%3D90s+alore+%E3%82%AB%E3%83%AC%E3%83%83%E3%82%B8%E3%83%97%E3%83%AA%E3%83%B3%E3%83%88+%E5%8D%8A%E8%A2%96%E3%82%B9%E3%82%A6%E3%82%A7%E3%83%83%E3%83%88+USA%E8%A3%BD HTTP/1.1" 200 296148 "-" "Mozilla/5.0 (Linux; Android 6.0.1; Nexus 5X Build/MMB29P) AppleWebKit/537.36 (KHTML, like Gecko) Chrome/138.0.7204.183 Mobile Safari/537.36 (compatible; Googlebot/2.1; +http://www.google.com/bot.html)"
66.249.79.198 - - [20/Aug/2025:04:47:33 +0000] "GET /?g=97682114999205&channel=b35334&from=jp.php%3Fid%3D1149992-13723%26name%3D%E3%83%AB%E3%82%A4%E3%83%BB%E3%83%B4%E3%82%A3%E3%83%88%E3%83%B3+LOUIS+VUITTON+%E3%83%AB%E3%83%BC%E3%83%AD%E3%83%BC%E3%83%93%E3%82%B8%E3%83%A5%E3%83%BC+M48352+%E3%80%90%E4%B8%AD%E5%8F%A4%E3%80%91 HTTP/1.1" 200 304244 "-" "Mozilla/5.0 (Linux; Android 6.0.1; Nexus 5X Build/MMB29P) AppleWebKit/537.36 (KHTML, like Gecko) Chrome/138.0.7204.183 Mobile Safari/537.36 (compatible; Googlebot/2.1; +http://www.google.com/bot.html)"
114.119.151.93 - - [20/Aug/2025:04:47:48 +0000] "GET /?g=5338221414005&channel=c0a629&from=form.php?id%3D214140-4977%26name%3D%E7%84%BC%E3%81%8D%E9%B3%A5%2B%E5%9B%BD%E7%94%A3%2B%E3%81%AF%E3%81%A4%E4%B8%B2%2B%E5%A1%A9%2B100%E6%9C%AC%2BBBQ%2B%E3%81%8A%E3%81%A4%E3%81%BE%E3%81%BF%2B%E5%AE%B6%E9%A3%B2%E3%81%BF%2B%E8%82%89%2B%E7%94%9F%2B%E3%83%81%E3%83%AB%E3%83%89 HTTP/1.1" 200 22735 "https://ugotechnologies.com/sitemap.xml" "Mozilla/5.0 (Linux; Android 7.0;) AppleWebKit/537.36 (KHTML, like Gecko) Mobile Safari/537.36 (compatible; PetalBot;+https://webmaster.petalsearch.com/site/petalbot)"
66.249.79.198 - - [20/Aug/2025:04:47:52 +0000] "GET /?g=4118669384910&channel=72cad8&from=blog.php%3Fid%3D693849-2928%26name%3DKUMHO+SOLUS+4S+HA32+%E3%82%BD%E3%83%AB%E3%82%A6%E3%82%B9+%E3%82%AA%E3%83%BC%E3%83%AB%E3%82%B7%E3%83%BC%E3%82%BA%E3%83%B3%E3%82%BF%E3%82%A4%E3%83%A4+225%2F60R17+%3Cbr%3E%E9%98%BF%E9%83%A8%E5%95%86%E4%BC%9A+%E3%83%86%E3%82%A3%E3%83%A9%E3%83%BC%E3%83%89+%E3%82%A4%E3%83%BC%E3%82%BF+%E5%B9%B3%E5%BA%A7%E4%BB%95%E6%A7%98%28%E3%83%88%E3%83%A8%E3%82%BF%E8%BB%8A%E5%B0%82%E7%94%A8%29+17+X+7.0J+%2B38+5%E7%A9%B4+114.3+30%E7%B3%BB%E3%82%A2%E3%83%AB%E3%83%95%E3%82%A1%E3%83%BC%E3%83%89+30%E7%B3%BB%E3%83%B4%E3%82%A7%E3%83%AB%E3%83%95%E3%82%A1%E3%82%A4%E3%82%A2 HTTP/1.1" 200 305279 "-" "Mozilla/5.0 (Linux; Android 6.0.1; Nexus 5X Build/MMB29P) AppleWebKit/537.36 (KHTML, like Gecko) Chrome/138.0.7204.183 Mobile Safari/537.36 (compatible; Googlebot/2.1; +http://www.google.com/bot.html)"
66.249.79.200 - - [20/Aug/2025:04:48:10 +0000] "GET /?g=70120194402702&channel=38cd76&from=form.php%3Fid%3D1944027-3937%26name%3D%E3%82%AB%E3%83%A0%E3%82%A4%E3%83%94%E3%83%AA%E3%82%AB6kg%283kg%C3%972%E8%A2%8B%29%E3%80%80%E4%B8%80%E7%94%9F%E4%B8%80%E5%BA%A6%E3%81%AF%E4%B8%8E%E3%81%88%E3%81%9F%E3%81%84%E7%A5%9E%E3%83%95%E3%83%BC%E3%83%89 HTTP/1.1" 200 297095 "-" "Mozilla/5.0 (Linux; Android 6.0.1; Nexus 5X Build/MMB29P) AppleWebKit/537.36 (KHTML, like Gecko) Chrome/138.0.7204.183 Mobile Safari/537.36 (compatible; Googlebot/2.1; +http://www.google.com/bot.html)"
66.249.79.199 - - [20/Aug/2025:04:48:29 +0000] "GET /?g=82296181713100&channel=9555cd&from=jp.php%3Fid%3D1817131-238%26name%3D%E4%BA%BA%E6%B0%97%E3%81%AE%E3%83%9E%E3%82%B0%E3%83%9E%E3%83%BC%E3%83%89%EF%BC%81THE+NOTRH+FACE%E3%80%80%E3%83%8E%E3%83%BC%E3%82%B9%E3%83%95%E3%82%A7%E3%82%A4%E3%82%B9+%E3%80%80%E3%83%AD%E3%83%B3%E3%82%B0%E3%82%B3%E3%83%BC%E3%83%88 HTTP/1.1" 200 298198 "-" "Mozilla/5.0 (Linux; Android 6.0.1; Nexus 5X Build/MMB29P) AppleWebKit/537.36 (KHTML, like Gecko) Chrome/138.0.7204.183 Mobile Safari/537.36 (compatible; Googlebot/2.1; +http://www.google.com/bot.html)"
66.249.79.198 - - [20/Aug/2025:04:48:47 +0000] "GET /?g=9170915137102&channel=154239&from=info.php%3Fid%3D151371-7014%26name%3D%E9%9B%BB%E6%92%83%E6%AE%BA%E8%99%AB%E5%99%A8+%E5%AE%A4%E5%86%85+%E5%B1%8B%E5%A4%96+USB%E7%B5%A6%E9%9B%BB%E5%BC%8F+%E6%8D%95%E8%99%AB%E5%99%A8+UV%E5%85%89%E6%BA%90%E8%AA%98%E5%BC%95+%E3%83%8F%E3%82%A8+%E8%9A%8A%E9%80%80%E6%B2%BB+%E9%9B%BB%E6%92%83%E8%9A%8A%E5%8F%96%E3%82%8A%E5%99%A8+LED%E3%83%A9%E3%83%B3%E3%82%BF%E3%83%B3+%E9%9B%BB%E6%B1%A0%E5%BC%8F+%E8%AA%98%E8%99%AB%E7%81%AF+%E6%A5%AD%E5%8B%99%E7%94%A8 HTTP/1.1" 200 309210 "-" "Mozilla/5.0 (Linux; Android 6.0.1; Nexus 5X Build/MMB29P) AppleWebKit/537.36 (KHTML, like Gecko) Chrome/138.0.7204.183 Mobile Safari/537.36 (compatible; Googlebot/2.1; +http://www.google.com/bot.html)"
66.249.68.38 - - [20/Aug/2025:04:49:05 +0000] "GET /?g=93404101463002&channel=8a9af2&from=brands.php%3Fid%3D1014630-1274%26name%3DLevi%27s+%E3%83%AA%E3%83%BC%E3%83%90%E3%82%A4%E3%82%B9%2FUSA%E8%A3%BD%2FW36%2FL30%2F505%E3%80%90%E8%89%B2%E8%90%BD%E3%81%A1%E9%9B%B0%E5%9B%B2%E6%B0%97%E2%97%8E%E3%80%91+%EF%BC%88%E3%80%90Levi%E2%80%99s505+%E7%B5%8C%E5%B9%B4%E5%A4%89%E5%8C%96%E3%80%916%E3%83%B6%E6%9C%88%E9%96%93%E3%81%AE%E3%83%AA%E3%82%A2%E3%83%AB%E3%81%AA%E8%89%B2%E8%90%BD%E3%81%A1%E3%80%82%E7%8F%BE%E8%A1%8C%E3%83%AA%E3%83%BC%E3%83%90%E3%82%A4%E3%82%B9505%E3%81%AF%E7%B5%8C%E5%B9%B4%E5%A4%89%E5%8C%96%E3%81%AF%E3%81%84%E3%81%8B%E3%81%AB%EF%BC%81%E3%80%90%E7%8F%BE%E8%A1%8C%E3%83%87%E3%83%8B%E3%83%A0%2FMADE+IN+THE+USA%E3%80%91%EF%BC%89 HTTP/1.1" 200 306114 "-" "Mozilla/5.0 (Linux; Android 6.0.1; Nexus 5X Build/MMB29P) AppleWebKit/537.36 (KHTML, like Gecko) Chrome/138.0.7204.183 Mobile Safari/537.36 (compatible; Googlebot/2.1; +http://www.google.com/bot.html)"
114.119.136.30 - - [20/Aug/2025:04:49:12 +0000] "GET /?g=53362178586200&channel=2209c0&from=goods.php?id%3D1785862-7732%26name%3D%E4%BA%AC%E3%82%BB%E3%83%A9%2BKGBASL2020K22-25T5%2B%E5%A4%96%E5%BE%84%E6%B5%85%E6%BA%9D%E5%85%A5%E3%82%8C%E3%83%9B%E3%83%AB%E3%83%80%2BKGBAS HTTP/1.1" 200 22735 "https://ugotechnologies.com/sitemap.xml" "Mozilla/5.0 (Linux; Android 7.0;) AppleWebKit/537.36 (KHTML, like Gecko) Mobile Safari/537.36 (compatible; PetalBot;+https://webmaster.petalsearch.com/site/petalbot)"
66.249.79.200 - - [20/Aug/2025:04:49:23 +0000] "GET /?g=07302186313106&channel=526037&from=pin.php%3Fid%3D1863131-7994%26name%3DJopsavm%E4%B8%80%E8%BC%AA%E8%BB%8A+12%2F14%2F16%2F18%2F20%2F24%E3%82%A4%E3%83%B3%E3%83%81+%E7%AB%B6%E6%8A%80%E7%94%A8+%E5%A4%A7%E4%BA%BA%E3%80%81%E5%AD%90%E4%BE%9B%E3%80%81%E5%AD%A6%E7%94%9F%E3%80%81%E7%94%B7%E3%81%AE%E5%AD%90%E3%80%81%E5%A5%B3%E3%81%AE%E5%AD%90%E3%80%81%E5%AD%90%E4%BE%9B%E3%81%AE%E7%AB%B6%E6%8A%80%E3%82%B9%E3%83%9D%E3%83%BC%E3%83%84%E3%80%81%E9%81%8B%E5%8B%95%E3%80%81 HTTP/1.1" 200 298478 "-" "Mozilla/5.0 (Linux; Android 6.0.1; Nexus 5X Build/MMB29P) AppleWebKit/537.36 (KHTML, like Gecko) Chrome/138.0.7204.183 Mobile Safari/537.36 (compatible; Googlebot/2.1; +http://www.google.com/bot.html)"
66.249.79.198 - - [20/Aug/2025:04:49:41 +0000] "GET /?g=8659350867701&channel=990e6e&from=info.php%3Fid%3D508677-11172%26name%3D%E3%80%90%E5%85%A8%E5%93%8110%E5%80%8D%E2%98%856%2F27%28%E9%87%91%292%E6%99%82%E8%BF%84%E3%80%91%E3%83%A9%E3%83%B3%E3%83%90%E3%83%B3%E3%82%AA%E3%83%B3%E3%83%96%E3%83%AB%E3%83%BC+%E3%83%88%E3%83%BC%E3%83%88%E3%83%90%E3%83%83%E3%82%B0+B4+%E3%83%93%E3%82%B8%E3%83%8D%E3%82%B9%E3%83%88%E3%83%BC%E3%83%88+%E3%83%93%E3%82%B8%E3%83%8D%E3%82%B9%E3%83%90%E3%83%83%E3%82%B0+%E3%83%96%E3%83%AA%E3%83%BC%E3%83%95%E3%82%B1%E3%83%BC%E3%82%B9+%E3%83%A1%E3%83%B3%E3%82%BA+%3Cbr%3E517712+%E3%83%AA%E3%83%83%E3%83%91%E3%83%BC+LANVIN+en+Bleu+%E3%83%93%E3%82%B8%E3%83%8D%E3%82%B9+%E4%BC%9A%E7%A4%BE+%E5%87%BA%E5%8B%A4+%E5%87%BA%E5%BC%B5+%E4%BB%95%E4%BA%8B+%E9%80%9A%E5%AD%A6+%E3%83%93%E3%82%B8%E3%82%AB%E3%82%B8%5B%E5%8D%B3%E6%97%A5%E7%99%BA%E9%80%81%5D HTTP/1.1" 200 306119 "-" "Mozilla/5.0 (Linux; Android 6.0.1; Nexus 5X Build/MMB29P) AppleWebKit/537.36 (KHTML, like Gecko) Chrome/138.0.7204.183 Mobile Safari/537.36 (compatible; Googlebot/2.1; +http://www.google.com/bot.html)"
14.153.209.130 - - [20/Aug/2025:04:49:53 +0000] "GET /robots.txt HTTP/1.1" 200 77 "-" "Mozilla/5.0 (Windows NT 10.0; Win64; x64) AppleWebKit/537.36 (KHTML, like Gecko) Chrome/89.0.3804.87 Safari/537.36"
66.249.79.198 - - [20/Aug/2025:04:49:58 +0000] "GET /?g=78585154187701&channel=f96765&from=goods.php%3Fid%3D1541877-8826%26name%3DFULLSTOP+%E3%83%95%E3%83%AB%E3%82%B9%E3%83%88%E3%83%83%E3%83%97+%E3%83%96%E3%83%AC%E3%83%BC%E3%82%AD%E3%83%AD%E3%83%BC%E3%82%BF%E3%83%BC+S4++%E3%83%95%E3%83%AD%E3%83%B3%E3%83%88+MITSUBISHI+%E3%83%9F%E3%83%84%E3%83%93%E3%82%B7+%E4%B8%89%E8%8F%B1+eK%E3%82%B9%E3%83%9D%E3%83%BC%E3%83%84+H81W+3416029+S4 HTTP/1.1" 200 309213 "-" "Mozilla/5.0 (Linux; Android 6.0.1; Nexus 5X Build/MMB29P) AppleWebKit/537.36 (KHTML, like Gecko) Chrome/138.0.7204.183 Mobile Safari/537.36 (compatible; Googlebot/2.1; +http://www.google.com/bot.html)"
66.249.79.198 - - [20/Aug/2025:04:50:16 +0000] "GET /?g=6193132937300&channel=8ad8c9&from=shared.php%3Fid%3D329373-60%26name%3D%E3%80%90%E5%8D%B3%E8%B3%BC%E5%85%A5%E5%8F%AF%E3%80%91%E3%83%93%E3%83%83%E3%82%AF%E3%82%B9%E3%83%97%E3%83%BC%E3%83%B3 HTTP/1.1" 200 298758 "-" "Mozilla/5.0 (Linux; Android 6.0.1; Nexus 5X Build/MMB29P) AppleWebKit/537.36 (KHTML, like Gecko) Chrome/138.0.7204.183 Mobile Safari/537.36 (compatible; Googlebot/2.1; +http://www.google.com/bot.html)"
114.119.157.43 - - [20/Aug/2025:04:50:37 +0000] "GET /?g=53274112105010&channel=f5cf63&from=shared.php?id%3D1121050-1140%26name%3DMANARAY%2BNITRO%2BPOWER%2B%E3%83%8A%E3%82%A4%E3%83%88%E3%83%AD%E3%83%91%E3%83%AF%E3%83%BC%2BM29%2BSTINGER%2B%E3%82%B9%E3%83%86%E3%82%A3%E3%83%B3%E3%82%AC%E3%83%BC%2B%E3%83%9B%E3%82%A4%E3%83%BC%E3%83%AB%2B16%E3%82%A4%E3%83%B3%E3%83%81%2B16%2BX%2B7.0J%2B%2B40%2B5%E7%A9%B4%2B114.3%2B%3Cbr%3EMONSTA%2BTIRE%2BMUD%2BWARRIOR%2BMT%2BM/T%2B%E3%83%9B%E3%83%AF%E3%82%A4%E3%83%88%E3%83%AC%E3%82%BF%E3%83%BC%2B215/70R16%2B%E3%83%87%E3%83%AA%E3%82%ABD:5 HTTP/1.1" 200 22735 "https://ugotechnologies.com/sitemap.xml" "Mozilla/5.0 (Linux; Android 7.0;) AppleWebKit/537.36 (KHTML, like Gecko) Mobile Safari/537.36 (compatible; PetalBot;+https://webmaster.petalsearch.com/site/petalbot)"
66.249.79.198 - - [20/Aug/2025:04:50:43 +0000] "GET /?g=61797129521702&channel=0fba7a&from=pin.php%3Fid%3D1295217-4959%26name%3D%E3%80%90%E4%B8%AD%E5%8F%A4%E3%80%91%E4%B8%AD%E5%8F%A4%E9%83%A8%E5%93%81+%E3%83%97%E3%82%B8%E3%83%A7%E3%83%BC+206+T14+%E5%8F%B3%EF%BE%8D%EF%BD%AF%EF%BE%84%EF%BE%9E%EF%BE%97%EF%BE%9D%EF%BE%8C%EF%BE%9F+%E3%80%903310070100-000819306710800%E3%80%91 HTTP/1.1" 200 304554 "-" "Mozilla/5.0 (Linux; Android 6.0.1; Nexus 5X Build/MMB29P) AppleWebKit/537.36 (KHTML, like Gecko) Chrome/138.0.7204.183 Mobile Safari/537.36 (compatible; Googlebot/2.1; +http://www.google.com/bot.html)"
66.249.79.200 - - [20/Aug/2025:04:51:07 +0000] "GET /?g=5901655571902&channel=95def0&from=blog.php%3Fid%3D555719-381%26name%3D%E3%83%8A%E3%82%A4%E3%82%AD+%E3%82%A8%E3%82%A2+%E3%82%BA%E3%83%BC%E3%83%A0+%E3%83%9A%E3%82%AC%E3%82%B5%E3%82%B9+37+%E3%83%A9%E3%83%B3%E3%83%8B%E3%83%B3%E3%82%B0%E3%82%B7%E3%83%A5%E3%83%BC%E3%82%BA%E3%80%80NIKE+25.5cm HTTP/1.1" 200 301650 "-" "Mozilla/5.0 (Linux; Android 6.0.1; Nexus 5X Build/MMB29P) AppleWebKit/537.36 (KHTML, like Gecko) Chrome/138.0.7204.183 Mobile Safari/537.36 (compatible; Googlebot/2.1; +http://www.google.com/bot.html)"
66.249.79.199 - - [20/Aug/2025:04:51:31 +0000] "GET /?g=2772871376809&channel=446ba3&from=product.php%3Fid%3D713768-11431%26name%3DBYM+%E3%83%A0%E3%83%BC%E3%83%88%E3%83%B3+%E9%95%B7%E6%AF%9B+%E3%83%94%E3%83%BC%E3%82%B9%E3%83%A9%E3%82%B0++%E3%83%A0%E3%83%BC%E3%83%88%E3%83%B3%E3%83%A9%E3%82%B0+%E3%82%AA%E3%83%BC%E3%82%B9%E3%83%88%E3%83%A9%E3%83%AA%E3%82%A2%E7%94%A3+%E5%A4%A9%E7%84%B6%E7%BE%8A%E6%AF%9B+%E5%A4%A9%E7%84%B6%E3%83%A0%E3%83%BC%E3%83%88%E3%83%B3100%25+%E9%AB%98%E6%B0%B4%E6%BA%96%E3%81%AE%E5%AE%89%E5%85%A8%E6%80%A7+%E9%98%B2%E3%83%80%E3%83%8B%E6%8A%97%E8%8F%8C%E5%8A%A0%E5%B7%A5+%E6%9C%80%E9%AB%98%E7%B4%9A%E3%83%A0%E3%83%BC%E3%83%88%E3%83%B3%E3%83%95%E3%83%AA%E3%83%BC%E3%82%B9%E3%83%A9%E3%82%B0%E3%83%9E%E3%83%83%E3%83%88%EF%BC%88Amazon%EF%BD%9CBYM+%E3%83%A0%E3%83%BC%E3%83%88%E3%83%B3+%E9%95%B7%E6%AF%9B+%E3%83%94%E3%83%BC%E3%82%B9%E3%83%A9%E3%82%B0+%E3%83%A0%E3%83%BC%E3%83%88%E3%83%B3%E3%83%A9%E3%82%B0+%E3%82%AA%E3%83%BC%E3%82%B9%E3%83%88%E3%83%A9%E3%83%AA%E3%82%A2%E7%94%A3+%E5%A4%A9%E7%84%B6%E7%BE%8A%E6%AF%9B+%E5%A4%A9%E7%84%B6%E3%83%A0%E3%83%BC%E3%83%88%E3%83%B3100%25+%E9%AB%98%E6%B0%B4%E6%BA%96%E3%81%AE%E5%AE%89%E5%85%A8%E6%80%A7+%E9%98%B2%E3%83%80%E3%83%8B%E6%8A%97%E8%8F%8C%E5%8A%A0%E5%B7%A5++%E6%9C%80%E9%AB%98%E7%B4%9A%E3%83%A0%E3%83%BC%E3%83%88%E3%83%B3%E3%83%95%E3%83%AA%E3%83%BC%E3%82%B9%E3%83%A9%E3%82%B0%E3%83%9E%E3%83%83%E3%83%88%EF%BD%9C%E3%83%A9%E3%82%B0+%E3%82%AA%E3%83%B3%E3%83%A9%E3%82%A4%E3%83%B3%E9%80%9A%E8%B2%A9%EF%BC%89 HTTP/1.1" 200 301699 "-" "Mozilla/5.0 (Linux; Android 6.0.1; Nexus 5X Build/MMB29P) AppleWebKit/537.36 (KHTML, like Gecko) Chrome/138.0.7204.183 Mobile Safari/537.36 (compatible; Googlebot/2.1; +http://www.google.com/bot.html)"
66.249.79.198 - - [20/Aug/2025:04:51:53 +0000] "GET /?g=6734866672001&channel=aae4cf&from=pin.php%3Fid%3D666720-953%26name%3D%E6%9B%B2%E3%81%92%E3%82%8F%E3%81%A3%E3%81%B1%E3%80%80+%E6%9F%B4%E7%94%B0%E6%85%B6%E4%BF%A1%E5%95%86%E5%BA%97%E3%80%80%E7%99%BD%E6%9C%A8%E5%B0%8F%E5%88%A4%E5%BC%81%E5%BD%93%EF%BC%88%E4%B8%AD%EF%BC%89 HTTP/1.1" 200 304304 "-" "Mozilla/5.0 (Linux; Android 6.0.1; Nexus 5X Build/MMB29P) AppleWebKit/537.36 (KHTML, like Gecko) Chrome/138.0.7204.183 Mobile Safari/537.36 (compatible; Googlebot/2.1; +http://www.google.com/bot.html)"
114.119.130.154 - - [20/Aug/2025:04:52:00 +0000] "GET /?g=5323889460302&channel=3f9ff8&from=blog.php?id%3D894603-11833%26name%3D%E3%83%AD%E3%82%AD%2B%E3%83%80%E3%82%A4%E3%83%8B%E3%83%B3%E3%82%B0%E3%83%A9%E3%82%B0%2B130%C3%97190cm%2B%E3%82%B0%E3%83%AC%E3%83%BC%2B1341440131203 HTTP/1.1" 200 22735 "https://ugotechnologies.com/sitemap.xml" "Mozilla/5.0 (Linux; Android 7.0;) AppleWebKit/537.36 (KHTML, like Gecko) Mobile Safari/537.36 (compatible; PetalBot;+https://webmaster.petalsearch.com/site/petalbot)"
66.249.79.198 - - [20/Aug/2025:04:52:15 +0000] "GET /?g=35042168852601&channel=694f2a&from=form.php%3Fid%3D1688526-425%26name%3D%E3%82%A2%E3%83%BC%E3%82%BB%E3%83%8A%E3%83%AB%E3%83%99%E3%83%BC%E3%82%B9%E3%80%80%E3%83%96%E3%83%BC%E3%82%B9%E3%82%BF%E3%83%BC%E3%83%91%E3%83%83%E3%82%AF%E3%82%AC%E3%83%B3%E3%83%80%E3%83%A0SEED%E3%80%80%E3%82%AD%E3%83%A9%E3%83%BB%E3%83%A4%E3%83%9E%E3%83%88SEC HTTP/1.1" 200 308911 "-" "Mozilla/5.0 (Linux; Android 6.0.1; Nexus 5X Build/MMB29P) AppleWebKit/537.36 (KHTML, like Gecko) Chrome/138.0.7204.183 Mobile Safari/537.36 (compatible; Googlebot/2.1; +http://www.google.com/bot.html)"
66.249.79.199 - - [20/Aug/2025:04:52:55 +0000] "GET /?g=42205139979600&channel=e4a0cc&from=brands.php%3Fid%3D1399796-4265%26name%3D%E3%82%B7%E3%83%A2%E3%83%B3+%E5%AE%89%E5%85%A8%E9%9D%B4+SS11%E9%BB%92KK+30cm+1523359 HTTP/1.1" 200 302243 "-" "Mozilla/5.0 (Linux; Android 6.0.1; Nexus 5X Build/MMB29P) AppleWebKit/537.36 (KHTML, like Gecko) Chrome/138.0.7204.183 Mobile Safari/537.36 (compatible; Googlebot/2.1; +http://www.google.com/bot.html)"
66.249.79.199 - - [20/Aug/2025:04:53:14 +0000] "GET /?g=22287122339500&channel=7e8923&from=jp.php%3Fid%3D1223395-1951%26name%3D%E5%B0%82%E7%94%A8%E3%80%80%E3%83%8D%E3%82%A4%E3%83%93%E3%83%BC%E3%80%805 HTTP/1.1" 200 302317 "-" "Mozilla/5.0 (Linux; Android 6.0.1; Nexus 5X Build/MMB29P) AppleWebKit/537.36 (KHTML, like Gecko) Chrome/138.0.7204.183 Mobile Safari/537.36 (compatible; Googlebot/2.1; +http://www.google.com/bot.html)"
114.119.153.152 - - [20/Aug/2025:04:53:25 +0000] "GET /?g=5300295511802&channel=ac811a&from=blog.php?id%3D955118-1234%26name%3D%E3%83%AB%E3%82%A4%E3%82%B9%E6%A7%98%E5%B0%82%E7%94%A8%E3%80%80%E6%96%B0%E5%93%81%2B%E6%97%A5%E6%9C%AC%E4%BB%95%E6%A7%98%2B%E3%83%95%E3%83%AC%E3%83%83%E3%82%AF%E3%82%B9S HTTP/1.1" 200 22735 "https://ugotechnologies.com/sitemap.xml" "Mozilla/5.0 (Linux; Android 7.0;) AppleWebKit/537.36 (KHTML, like Gecko) Mobile Safari/537.36 (compatible; PetalBot;+https://webmaster.petalsearch.com/site/petalbot)"
66.249.68.37 - - [20/Aug/2025:04:53:33 +0000] "GET /?ugtrnxazwu1898622 HTTP/1.1" 200 300930 "-" "Mozilla/5.0 (Linux; Android 6.0.1; Nexus 5X Build/MMB29P) AppleWebKit/537.36 (KHTML, like Gecko) Chrome/138.0.7204.183 Mobile Safari/537.36 (compatible; Googlebot/2.1; +http://www.google.com/bot.html)"
66.249.79.199 - - [20/Aug/2025:04:53:52 +0000] "GET /?g=1150638802101&channel=95def0&from=article.php%3Fid%3D388021-381%26name%3DSANGACIO+TriColor+10th+Anniversary+%E3%82%B9%E3%83%8B%E3%83%BC%E3%82%AB%E3%83%BC HTTP/1.1" 200 302933 "-" "Mozilla/5.0 (Linux; Android 6.0.1; Nexus 5X Build/MMB29P) AppleWebKit/537.36 (KHTML, like Gecko) Chrome/138.0.7204.183 Mobile Safari/537.36 (compatible; Googlebot/2.1; +http://www.google.com/bot.html)"
66.249.79.199 - - [20/Aug/2025:04:54:11 +0000] "GET /?g=18772167290500&channel=e0737a&from=goods.php%3Fid%3D1672905-12%26name%3D%E3%83%80%E3%82%B9%E3%83%88%E3%82%B7%E3%83%A5%E3%83%BC%E3%83%88%E3%80%80%E3%83%80%E3%82%B9%E3%83%88%E3%83%BB%E3%82%B7%E3%83%A5%E3%83%BC%E3%83%88%E3%80%80%E5%88%9D%E6%9C%9F%E3%80%80%E4%BA%8C%E6%9C%9F%E3%80%80Dustshoot+20%E6%9E%9A HTTP/1.1" 200 308541 "-" "Mozilla/5.0 (Linux; Android 6.0.1; Nexus 5X Build/MMB29P) AppleWebKit/537.36 (KHTML, like Gecko) Chrome/138.0.7204.183 Mobile Safari/537.36 (compatible; Googlebot/2.1; +http://www.google.com/bot.html)"
66.249.79.198 - - [20/Aug/2025:04:54:30 +0000] "GET /?g=10523161404500&channel=791e10&from=jp.php%3Fid%3D1614045-10919%26name%3D%E3%83%8A%E3%82%AB%E3%83%90%E3%83%A4%E3%82%B7+%E6%99%82%E7%9F%AD%E3%83%8F%E3%82%A4%E3%82%B9%E3%83%94%E3%83%BC%E3%83%89%E3%82%B7%E3%83%A5%E3%83%AC%E3%83%83%E3%83%80+%E3%83%9B%E3%83%AF%E3%82%A4%E3%83%88+NSE-HSC01W%3Cbr%3E%3Cbr%3E+%E3%82%B8%E3%83%A3%E3%83%B3%E3%83%AB%EF%BC%88%E5%91%A8%E8%BE%BA%E6%A9%9F%E5%99%A8+%E9%9B%BB%E5%8B%95%E3%82%B7%E3%83%A5%E3%83%AC%E3%83%83%E3%83%80%E3%83%BC+%E3%83%91%E3%82%BD%E3%82%B3%E3%83%B3+%E3%82%AA%E3%83%95%E3%82%A3%E3%82%B9%E6%A9%9F%E5%99%A8%EF%BC%89 HTTP/1.1" 200 312596 "-" "Mozilla/5.0 (Linux; Android 6.0.1; Nexus 5X Build/MMB29P) AppleWebKit/537.36 (KHTML, like Gecko) Chrome/138.0.7204.183 Mobile Safari/537.36 (compatible; Googlebot/2.1; +http://www.google.com/bot.html)"
114.119.136.30 - - [20/Aug/2025:04:54:47 +0000] "GET /?g=52861166657302&channel=25f5da&from=info.php?id%3D1666573-488%26name%3D%E3%83%9D%E3%82%B1%E3%83%A2%E3%83%B3%E3%82%AB%E3%83%BC%E3%83%89%2B%E3%82%B3%E3%82%A4%E3%82%AD%E3%83%B3%E3%82%B0%2Bar%2BPSA10%2B%E3%83%88%E3%83%AA%E3%83%97%E3%83%AC%E3%83%83%E3%83%88%E3%83%93%E3%83%BC%E3%83%88 HTTP/1.1" 200 22735 "https://ugotechnologies.com/sitemap.xml" "Mozilla/5.0 (Linux; Android 7.0;) AppleWebKit/537.36 (KHTML, like Gecko) Mobile Safari/537.36 (compatible; PetalBot;+https://webmaster.petalsearch.com/site/petalbot)"
66.249.79.198 - - [20/Aug/2025:04:54:48 +0000] "GET /?g=44792109286800&channel=7ea2c1&from=blog.php%3Fid%3D1092868-593%26name%3D%E3%83%9E%E3%82%A4%E3%82%B9%E3%83%88%E3%83%A9%E3%83%BC%E3%83%80%E3%82%B8%E3%83%A3%E3%83%B3%E3%83%91%E3%83%BC%E3%82%B9%E3%82%AB%E3%83%BC%E3%83%88 HTTP/1.1" 200 294707 "-" "Mozilla/5.0 (Linux; Android 6.0.1; Nexus 5X Build/MMB29P) AppleWebKit/537.36 (KHTML, like Gecko) Chrome/138.0.7204.183 Mobile Safari/537.36 (compatible; Googlebot/2.1; +http://www.google.com/bot.html)"
66.249.79.200 - - [20/Aug/2025:04:55:07 +0000] "GET /?g=07703192770701&channel=be8f2c&from=pin.php%3Fid%3D1927707-900%26name%3D%E3%83%94%E3%83%AC%E3%83%AA+ICE+ZERO+ASIMMETRICO+%E3%82%B9%E3%82%BF%E3%83%83%E3%83%89%E3%83%AC%E3%82%B9+%E3%83%9F%E3%83%84%E3%83%A4+245%2F45R18+%3Cbr%3EKYOHO+SHALLEN+XF-55+LowType+Disk18%E3%82%A4%E3%83%B3%E3%83%81+2%E3%83%94%E3%83%BC%E3%82%B9+18+X+7.5J+%2B50+5%E7%A9%B4+100 HTTP/1.1" 200 306827 "-" "Mozilla/5.0 (Linux; Android 6.0.1; Nexus 5X Build/MMB29P) AppleWebKit/537.36 (KHTML, like Gecko) Chrome/138.0.7204.183 Mobile Safari/537.36 (compatible; Googlebot/2.1; +http://www.google.com/bot.html)"
66.249.79.198 - - [20/Aug/2025:04:55:25 +0000] "GET /?g=58984111343118&channel=72cad8&from=product.php%3Fid%3D1113431-2928%26name%3D%E3%83%9F%E3%82%B7%E3%83%A5%E3%83%A9%E3%83%B3+CROSSCLIMATE2+%E3%82%AF%E3%83%AD%E3%82%B9%E3%82%AF%E3%83%A9%E3%82%A4%E3%83%A1%E3%82%A4%E3%83%882+%E3%82%AA%E3%83%BC%E3%83%AB%E3%82%B7%E3%83%BC%E3%82%BA%E3%83%B3%E3%82%BF%E3%82%A4%E3%83%A4+99V+%E6%AD%A3%E8%A6%8F+225%2F60R17+%3Cbr%3EWEDS+33259+%E3%83%AC%E3%82%AA%E3%83%8B%E3%82%B9+VX+%E3%82%A6%E3%82%A7%E3%83%83%E3%82%BA+Leonis+BKMC+%E3%83%9B%E3%82%A4%E3%83%BC%E3%83%AB+17%E3%82%A4%E3%83%B3%E3%83%81+17+X+7.0J+%2B42+5%E7%A9%B4+114.3+30%E7%B3%BB%E3%82%A2%E3%83%AB%E3%83%95%E3%82%A1%E3%83%BC%E3%83%89+30%E7%B3%BB%E3%83%B4%E3%82%A7%E3%83%AB%E3%83%95%E3%82%A1%E3%82%A4%E3%82%A2+%E3%83%87%E3%83%AA%E3%82%ABD%3A5+SK%E7%B3%BB%E3%83%95%E3%82%A9%E3%83%AC%E3%82%B9%E3%82%BF%E3%83%BC HTTP/1.1" 200 307089 "-" "Mozilla/5.0 (Linux; Android 6.0.1; Nexus 5X Build/MMB29P) AppleWebKit/537.36 (KHTML, like Gecko) Chrome/138.0.7204.183 Mobile Safari/537.36 (compatible; Googlebot/2.1; +http://www.google.com/bot.html)"
66.249.79.198 - - [20/Aug/2025:04:55:43 +0000] "GET /?g=7298788572502&channel=303ced&from=article.php%3Fid%3D885725-8518%26name%3D%E4%BB%98%E4%B8%8B%E3%81%92+%E8%BA%AB%E4%B8%88163cm+%E8%A3%84%E4%B8%8864.5cm+M+%E8%A2%B7+%E6%BA%90%E6%B0%8F%E9%A6%99+%E6%A1%9C+%E7%B5%9E%E3%82%8A+%E5%88%BA%E7%B9%8D+%E8%96%84%E7%B4%85%E8%89%B2+%E6%AD%A3%E7%B5%B9+%E7%BE%8E%E5%93%81+%E5%90%8D%E5%93%81+%E3%80%90%E4%B8%AD%E5%8F%A4%E3%80%91 HTTP/1.1" 200 308893 "-" "Mozilla/5.0 (Linux; Android 6.0.1; Nexus 5X Build/MMB29P) AppleWebKit/537.36 (KHTML, like Gecko) Chrome/138.0.7204.183 Mobile Safari/537.36 (compatible; Googlebot/2.1; +http://www.google.com/bot.html)"
66.249.79.200 - - [20/Aug/2025:04:56:01 +0000] "GET /?g=8099016371600&channel=32a88a&from=category-info.php%3Fid%3D163716-462%26name%3D%E3%83%A9%E3%82%B0%E3%83%9E%E3%83%83%E3%83%88+%E3%83%A9%E3%82%B0%E3%82%AB%E3%83%BC%E3%83%9A%E3%83%83%E3%83%88+%E6%BB%91%E3%82%8A%E6%AD%A2%E3%82%81%E4%BB%98+%E6%B4%97%E3%81%88%E3%82%8B+%E3%83%95%E3%83%A9%E3%83%B3%E3%83%8D%E3%83%AB%E3%83%A9%E3%82%B0+2%E7%95%B3+%E3%81%B5%E3%82%8F%E3%81%A3%E3%81%A8%E6%89%8B%E8%A7%A6%E3%82%8A%E5%84%AA%E3%81%97%E3%81%84+%E3%81%93%E3%81%9F%E3%81%A4%E6%95%B7%E3%81%8D+%E9%98%B2%E8%87%AD+%E3%83%A9%E3%82%B0+%E3%82%AB%E3%83%BC%E3%83%9A%E3%83%83%E3%83%88+%E4%BD%8E%E5%8F%8D%E7%99%BA+%E9%98%B2%E9%9F%B3+%E5%8E%9A HTTP/1.1" 200 322288 "-" "Mozilla/5.0 (Linux; Android 6.0.1; Nexus 5X Build/MMB29P) AppleWebKit/537.36 (KHTML, like Gecko) Chrome/138.0.7204.183 Mobile Safari/537.36 (compatible; Googlebot/2.1; +http://www.google.com/bot.html)"
114.119.157.43 - - [20/Aug/2025:04:56:10 +0000] "GET /?g=5279175426004&channel=726021&from=jp.php?id%3D754260-430%26name%3D%E3%80%90%E6%9C%80%E7%B5%82%E5%80%A4%E4%B8%8B%E3%81%92%E3%80%91Jaded%2BLondon%2BAcid%2BBrown%2BW28 HTTP/1.1" 200 22735 "https://ugotechnologies.com/sitemap.xml" "Mozilla/5.0 (Linux; Android 7.0;) AppleWebKit/537.36 (KHTML, like Gecko) Mobile Safari/537.36 (compatible; PetalBot;+https://webmaster.petalsearch.com/site/petalbot)"
66.249.79.199 - - [20/Aug/2025:04:56:19 +0000] "GET /?g=0471251965101&channel=b165e6&from=pin.php%3Fid%3D519651-7175%26name%3D%E3%80%90%E4%B8%AD%E5%8F%A4%E3%80%91+%E3%83%96%E3%83%AA%E3%83%82%E3%82%B9%E3%83%88%E3%83%B3+TOUR+B+JGR+HF3%282019%29+5S+%E3%82%A2%E3%82%A4%E3%82%A2%E3%83%B3%E3%82%BB%E3%83%83%E3%83%88+IR+Air+Speeder+JGR%28IR%29+%28%E3%83%95%E3%83%AC%E3%83%83%E3%82%AF%E3%82%B9%E3%81%9D%E3%81%AE%E4%BB%96%29+%E3%83%A1%E3%83%B3%E3%82%BA+%E7%94%B7%E6%80%A7%E7%94%A8+%E5%8F%B3%E5%88%A9%E3%81%8D+%E5%8F%B3%E7%94%A8+B%E3%83%A9%E3%83%B3%E3%82%AF+%E3%82%B4%E3%83%AB%E3%83%95%E3%82%AF%E3%83%A9%E3%83%96 HTTP/1.1" 200 305668 "-" "Mozilla/5.0 (Linux; Android 6.0.1; Nexus 5X Build/MMB29P) AppleWebKit/537.36 (KHTML, like Gecko) Chrome/138.0.7204.183 Mobile Safari/537.36 (compatible; Googlebot/2.1; +http://www.google.com/bot.html)"
